{"id":16941,"date":"2009-04-07T21:05:07","date_gmt":"2009-04-07T19:05:07","guid":{"rendered":"http:\/\/www.visit-ulcinj.com\/blog\/wp-content\/uploads\/2009\/04\/hebergement-prive-a-ulcinj_montennegro6.jpg"},"modified":"2009-04-07T21:05:07","modified_gmt":"2009-04-07T19:05:07","slug":"hebergement-prive-a-ulcinj_montennegro6","status":"inherit","type":"attachment","link":"https:\/\/www.visit-ulcinj.com\/blog\/2009\/04\/07\/ulcinj-montenegro-maison-de-vacances-logement-pour-7-e\/hebergement-prive-a-ulcinj_montennegro6\/","title":{"rendered":"hebergement-prive-a-ulcinj_montennegro6"},"author":1,"comment_status":"open","ping_status":"closed","template":"","meta":{"spay_email":""},"yoast_head":"<!-- This site is optimized with the Yoast SEO plugin v19.1 - https:\/\/yoast.com\/wordpress\/plugins\/seo\/ -->\n<title>hebergement-prive-a-ulcinj_montennegro6 - Lajme nga Ulqini<\/title>\n<meta name=\"robots\" content=\"index, follow, max-snippet:-1, max-image-preview:large, max-video-preview:-1\" \/>\n<link rel=\"canonical\" href=\"https:\/\/www.visit-ulcinj.com\/blog\/wp-content\/uploads\/2009\/04\/hebergement-prive-a-ulcinj_montennegro6.jpg\" \/>\n<meta property=\"og:locale\" content=\"en_US\" \/>\n<meta property=\"og:type\" content=\"article\" \/>\n<meta property=\"og:title\" content=\"hebergement-prive-a-ulcinj_montennegro6 - Lajme nga Ulqini\" \/>\n<meta property=\"og:url\" content=\"https:\/\/www.visit-ulcinj.com\/blog\/wp-content\/uploads\/2009\/04\/hebergement-prive-a-ulcinj_montennegro6.jpg\" \/>\n<meta property=\"og:site_name\" content=\"Lajme nga Ulqini\" \/>\n<meta property=\"og:image\" content=\"https:\/\/www.visit-ulcinj.com\/blog\/wp-content\/uploads\/2009\/04\/hebergement-prive-a-ulcinj_montennegro6.jpg\" \/>\n\t<meta property=\"og:image:width\" content=\"749\" \/>\n\t<meta property=\"og:image:height\" content=\"999\" \/>\n\t<meta property=\"og:image:type\" content=\"image\/jpeg\" \/>\n<script type=\"application\/ld+json\" class=\"yoast-schema-graph\">{\"@context\":\"https:\/\/schema.org\",\"@graph\":[{\"@type\":\"WebSite\",\"@id\":\"https:\/\/www.visit-ulcinj.com\/blog\/#website\",\"url\":\"https:\/\/www.visit-ulcinj.com\/blog\/\",\"name\":\"Lajme nga Ulqini\",\"description\":\"Lajme,Vijesti,Ulqini,Ulqin,Crna Gora,Mali i Zi\",\"potentialAction\":[{\"@type\":\"SearchAction\",\"target\":{\"@type\":\"EntryPoint\",\"urlTemplate\":\"https:\/\/www.visit-ulcinj.com\/blog\/?s={search_term_string}\"},\"query-input\":\"required name=search_term_string\"}],\"inLanguage\":\"en-US\"},{\"@type\":\"WebPage\",\"@id\":\"https:\/\/www.visit-ulcinj.com\/blog\/wp-content\/uploads\/2009\/04\/hebergement-prive-a-ulcinj_montennegro6.jpg#webpage\",\"url\":\"https:\/\/www.visit-ulcinj.com\/blog\/wp-content\/uploads\/2009\/04\/hebergement-prive-a-ulcinj_montennegro6.jpg\",\"name\":\"hebergement-prive-a-ulcinj_montennegro6 - Lajme nga Ulqini\",\"isPartOf\":{\"@id\":\"https:\/\/www.visit-ulcinj.com\/blog\/#website\"},\"datePublished\":\"2009-04-07T19:05:07+00:00\",\"dateModified\":\"2009-04-07T19:05:07+00:00\",\"breadcrumb\":{\"@id\":\"https:\/\/www.visit-ulcinj.com\/blog\/wp-content\/uploads\/2009\/04\/hebergement-prive-a-ulcinj_montennegro6.jpg#breadcrumb\"},\"inLanguage\":\"en-US\",\"potentialAction\":[{\"@type\":\"ReadAction\",\"target\":[\"https:\/\/www.visit-ulcinj.com\/blog\/wp-content\/uploads\/2009\/04\/hebergement-prive-a-ulcinj_montennegro6.jpg\"]}]},{\"@type\":\"BreadcrumbList\",\"@id\":\"https:\/\/www.visit-ulcinj.com\/blog\/wp-content\/uploads\/2009\/04\/hebergement-prive-a-ulcinj_montennegro6.jpg#breadcrumb\",\"itemListElement\":[{\"@type\":\"ListItem\",\"position\":1,\"name\":\"A Mont\u00e9n\u00e9gro &#8211; Ulcinj Maison de vacances, logement d\u00e9s 8\u20ac\",\"item\":\"https:\/\/www.visit-ulcinj.com\/blog\/2009\/04\/07\/ulcinj-montenegro-maison-de-vacances-logement-pour-7-e\/\"},{\"@type\":\"ListItem\",\"position\":2,\"name\":\"hebergement-prive-a-ulcinj_montennegro6\"}]}]}<\/script>\n<!-- \/ Yoast SEO plugin. -->","yoast_head_json":{"title":"hebergement-prive-a-ulcinj_montennegro6 - Lajme nga Ulqini","robots":{"index":"index","follow":"follow","max-snippet":"max-snippet:-1","max-image-preview":"max-image-preview:large","max-video-preview":"max-video-preview:-1"},"canonical":"https:\/\/www.visit-ulcinj.com\/blog\/wp-content\/uploads\/2009\/04\/hebergement-prive-a-ulcinj_montennegro6.jpg","og_locale":"en_US","og_type":"article","og_title":"hebergement-prive-a-ulcinj_montennegro6 - Lajme nga Ulqini","og_url":"https:\/\/www.visit-ulcinj.com\/blog\/wp-content\/uploads\/2009\/04\/hebergement-prive-a-ulcinj_montennegro6.jpg","og_site_name":"Lajme nga Ulqini","og_image":[{"width":"749","height":"999","url":"https:\/\/www.visit-ulcinj.com\/blog\/wp-content\/uploads\/2009\/04\/hebergement-prive-a-ulcinj_montennegro6.jpg","type":"image\/jpeg"}],"schema":{"@context":"https:\/\/schema.org","@graph":[{"@type":"WebSite","@id":"https:\/\/www.visit-ulcinj.com\/blog\/#website","url":"https:\/\/www.visit-ulcinj.com\/blog\/","name":"Lajme nga Ulqini","description":"Lajme,Vijesti,Ulqini,Ulqin,Crna Gora,Mali i Zi","potentialAction":[{"@type":"SearchAction","target":{"@type":"EntryPoint","urlTemplate":"https:\/\/www.visit-ulcinj.com\/blog\/?s={search_term_string}"},"query-input":"required name=search_term_string"}],"inLanguage":"en-US"},{"@type":"WebPage","@id":"https:\/\/www.visit-ulcinj.com\/blog\/wp-content\/uploads\/2009\/04\/hebergement-prive-a-ulcinj_montennegro6.jpg#webpage","url":"https:\/\/www.visit-ulcinj.com\/blog\/wp-content\/uploads\/2009\/04\/hebergement-prive-a-ulcinj_montennegro6.jpg","name":"hebergement-prive-a-ulcinj_montennegro6 - Lajme nga Ulqini","isPartOf":{"@id":"https:\/\/www.visit-ulcinj.com\/blog\/#website"},"datePublished":"2009-04-07T19:05:07+00:00","dateModified":"2009-04-07T19:05:07+00:00","breadcrumb":{"@id":"https:\/\/www.visit-ulcinj.com\/blog\/wp-content\/uploads\/2009\/04\/hebergement-prive-a-ulcinj_montennegro6.jpg#breadcrumb"},"inLanguage":"en-US","potentialAction":[{"@type":"ReadAction","target":["https:\/\/www.visit-ulcinj.com\/blog\/wp-content\/uploads\/2009\/04\/hebergement-prive-a-ulcinj_montennegro6.jpg"]}]},{"@type":"BreadcrumbList","@id":"https:\/\/www.visit-ulcinj.com\/blog\/wp-content\/uploads\/2009\/04\/hebergement-prive-a-ulcinj_montennegro6.jpg#breadcrumb","itemListElement":[{"@type":"ListItem","position":1,"name":"A Mont\u00e9n\u00e9gro &#8211; Ulcinj Maison de vacances, logement d\u00e9s 8\u20ac","item":"https:\/\/www.visit-ulcinj.com\/blog\/2009\/04\/07\/ulcinj-montenegro-maison-de-vacances-logement-pour-7-e\/"},{"@type":"ListItem","position":2,"name":"hebergement-prive-a-ulcinj_montennegro6"}]}]}},"jetpack_sharing_enabled":true,"jetpack_shortlink":"https:\/\/wp.me\/ae6lTn-4pf","description":{"rendered":"<p class=\"attachment\"><a href='https:\/\/www.visit-ulcinj.com\/blog\/wp-content\/uploads\/2009\/04\/hebergement-prive-a-ulcinj_montennegro6.jpg'><img width=\"224\" height=\"300\" src=\"https:\/\/www.visit-ulcinj.com\/blog\/wp-content\/uploads\/2009\/04\/hebergement-prive-a-ulcinj_montennegro6-224x300.jpg\" class=\"attachment-medium size-medium\" alt=\"\" loading=\"lazy\" srcset=\"https:\/\/www.visit-ulcinj.com\/blog\/wp-content\/uploads\/2009\/04\/hebergement-prive-a-ulcinj_montennegro6-224x300.jpg 224w, https:\/\/www.visit-ulcinj.com\/blog\/wp-content\/uploads\/2009\/04\/hebergement-prive-a-ulcinj_montennegro6.jpg 749w\" sizes=\"(max-width: 224px) 100vw, 224px\" \/><\/a><\/p>\n"},"caption":{"rendered":""},"alt_text":"","media_type":"image","mime_type":"image\/jpeg","media_details":{"width":"749","height":"999","hwstring_small":"height='96' width='71'","file":"2009\/04\/hebergement-prive-a-ulcinj_montennegro6.jpg","sizes":{"thumbnail":{"file":"hebergement-prive-a-ulcinj_montennegro6-150x150.jpg","width":"150","height":"150","source_url":"https:\/\/www.visit-ulcinj.com\/blog\/wp-content\/uploads\/2009\/04\/hebergement-prive-a-ulcinj_montennegro6-150x150.jpg"},"medium":{"file":"hebergement-prive-a-ulcinj_montennegro6-224x300.jpg","width":"224","height":"300","source_url":"https:\/\/www.visit-ulcinj.com\/blog\/wp-content\/uploads\/2009\/04\/hebergement-prive-a-ulcinj_montennegro6-224x300.jpg"},"full":{"file":"hebergement-prive-a-ulcinj_montennegro6.jpg","width":749,"height":999,"mime_type":"image\/jpeg","source_url":"https:\/\/www.visit-ulcinj.com\/blog\/wp-content\/uploads\/2009\/04\/hebergement-prive-a-ulcinj_montennegro6.jpg"}},"image_meta":{"aperture":"3.5","credit":"","camera":"u790SW,S790SW","caption":"","created_timestamp":"1226168061","copyright":"","focal_length":"6.7","iso":"100","shutter_speed":"0.033333333333333","title":""}},"post":16931,"source_url":"https:\/\/www.visit-ulcinj.com\/blog\/wp-content\/uploads\/2009\/04\/hebergement-prive-a-ulcinj_montennegro6.jpg","_links":{"self":[{"href":"https:\/\/www.visit-ulcinj.com\/blog\/wp-json\/wp\/v2\/media\/16941"}],"collection":[{"href":"https:\/\/www.visit-ulcinj.com\/blog\/wp-json\/wp\/v2\/media"}],"about":[{"href":"https:\/\/www.visit-ulcinj.com\/blog\/wp-json\/wp\/v2\/types\/attachment"}],"author":[{"embeddable":true,"href":"https:\/\/www.visit-ulcinj.com\/blog\/wp-json\/wp\/v2\/users\/1"}],"replies":[{"embeddable":true,"href":"https:\/\/www.visit-ulcinj.com\/blog\/wp-json\/wp\/v2\/comments?post=16941"}]}}

<!-- This site is optimized with the Yoast SEO plugin v19.1 - https://yoast.com/wordpress/plugins/seo/ -->
<title>hebergement-prive-a-ulcinj_montennegro6 - Lajme nga Ulqini</title>
<meta name="robots" content="index, follow, max-snippet:-1, max-image-preview:large, max-video-preview:-1" />
<link rel="canonical" href="https://www.visit-ulcinj.com/blog/wp-content/uploads/2009/04/hebergement-prive-a-ulcinj_montennegro6.jpg" />
<meta property="og:locale" content="en_US" />
<meta property="og:type" content="article" />
<meta property="og:title" content="hebergement-prive-a-ulcinj_montennegro6 - Lajme nga Ulqini" />
<meta property="og:url" content="https://www.visit-ulcinj.com/blog/wp-content/uploads/2009/04/hebergement-prive-a-ulcinj_montennegro6.jpg" />
<meta property="og:site_name" content="Lajme nga Ulqini" />
<meta property="og:image" content="https://www.visit-ulcinj.com/blog/wp-content/uploads/2009/04/hebergement-prive-a-ulcinj_montennegro6.jpg" />
	<meta property="og:image:width" content="749" />
	<meta property="og:image:height" content="999" />
	<meta property="og:image:type" content="image/jpeg" />
<script type="application/ld+json" class="yoast-schema-graph">{"@context":"https://schema.org","@graph":[{"@type":"WebSite","@id":"https://www.visit-ulcinj.com/blog/#website","url":"https://www.visit-ulcinj.com/blog/","name":"Lajme nga Ulqini","description":"Lajme,Vijesti,Ulqini,Ulqin,Crna Gora,Mali i Zi","potentialAction":[{"@type":"SearchAction","target":{"@type":"EntryPoint","urlTemplate":"https://www.visit-ulcinj.com/blog/?s={search_term_string}"},"query-input":"required name=search_term_string"}],"inLanguage":"en-US"},{"@type":"WebPage","@id":"https://www.visit-ulcinj.com/blog/wp-content/uploads/2009/04/hebergement-prive-a-ulcinj_montennegro6.jpg#webpage","url":"https://www.visit-ulcinj.com/blog/wp-content/uploads/2009/04/hebergement-prive-a-ulcinj_montennegro6.jpg","name":"hebergement-prive-a-ulcinj_montennegro6 - Lajme nga Ulqini","isPartOf":{"@id":"https://www.visit-ulcinj.com/blog/#website"},"datePublished":"2009-04-07T19:05:07+00:00","dateModified":"2009-04-07T19:05:07+00:00","breadcrumb":{"@id":"https://www.visit-ulcinj.com/blog/wp-content/uploads/2009/04/hebergement-prive-a-ulcinj_montennegro6.jpg#breadcrumb"},"inLanguage":"en-US","potentialAction":[{"@type":"ReadAction","target":["https://www.visit-ulcinj.com/blog/wp-content/uploads/2009/04/hebergement-prive-a-ulcinj_montennegro6.jpg"]}]},{"@type":"BreadcrumbList","@id":"https://www.visit-ulcinj.com/blog/wp-content/uploads/2009/04/hebergement-prive-a-ulcinj_montennegro6.jpg#breadcrumb","itemListElement":[{"@type":"ListItem","position":1,"name":"A Monténégro &#8211; Ulcinj Maison de vacances, logement dés 8€","item":"https://www.visit-ulcinj.com/blog/2009/04/07/ulcinj-montenegro-maison-de-vacances-logement-pour-7-e/"},{"@type":"ListItem","position":2,"name":"hebergement-prive-a-ulcinj_montennegro6"}]}]}</script>
<!-- / Yoast SEO plugin. -->

A Monténégro &#8211; Ulcinj Maison de vacances, logement dés 8€
