{"id":19471,"date":"2009-04-28T16:23:56","date_gmt":"2009-04-28T14:23:56","guid":{"rendered":"http:\/\/www.visit-ulcinj.com\/blog\/wp-content\/uploads\/2009\/04\/karate-klub-ulqini_kurorzimi-ne-turneun-_seiken-2009_podgoric.jpg"},"modified":"2009-04-28T16:23:56","modified_gmt":"2009-04-28T14:23:56","slug":"karate-klub-ulqini_kurorzimi-ne-turneun-_seiken-2009_podgoric","status":"inherit","type":"attachment","link":"https:\/\/www.visit-ulcinj.com\/blog\/2009\/04\/28\/kkulqiniblerta-tahiri-dhe-dardan-ceka-me-te-miret-e-turneut\/karate-klub-ulqini_kurorzimi-ne-turneun-_seiken-2009_podgoric\/","title":{"rendered":"karate-klub-ulqini_kurorzimi-ne-turneun-_seiken-2009_podgoric"},"author":1,"comment_status":"open","ping_status":"closed","template":"","meta":{"spay_email":""},"yoast_head":"<!-- This site is optimized with the Yoast SEO plugin v19.1 - https:\/\/yoast.com\/wordpress\/plugins\/seo\/ -->\n<title>karate-klub-ulqini_kurorzimi-ne-turneun-_seiken-2009_podgoric - Lajme nga Ulqini<\/title>\n<meta name=\"robots\" content=\"index, follow, max-snippet:-1, max-image-preview:large, max-video-preview:-1\" \/>\n<link rel=\"canonical\" href=\"https:\/\/www.visit-ulcinj.com\/blog\/wp-content\/uploads\/2009\/04\/karate-klub-ulqini_kurorzimi-ne-turneun-_seiken-2009_podgoric.jpg\" \/>\n<meta property=\"og:locale\" content=\"en_US\" \/>\n<meta property=\"og:type\" content=\"article\" \/>\n<meta property=\"og:title\" content=\"karate-klub-ulqini_kurorzimi-ne-turneun-_seiken-2009_podgoric - Lajme nga Ulqini\" \/>\n<meta property=\"og:url\" content=\"https:\/\/www.visit-ulcinj.com\/blog\/wp-content\/uploads\/2009\/04\/karate-klub-ulqini_kurorzimi-ne-turneun-_seiken-2009_podgoric.jpg\" \/>\n<meta property=\"og:site_name\" content=\"Lajme nga Ulqini\" \/>\n<meta property=\"og:image\" content=\"https:\/\/www.visit-ulcinj.com\/blog\/wp-content\/uploads\/2009\/04\/karate-klub-ulqini_kurorzimi-ne-turneun-_seiken-2009_podgoric.jpg\" \/>\n\t<meta property=\"og:image:width\" content=\"1111\" \/>\n\t<meta property=\"og:image:height\" content=\"833\" \/>\n\t<meta property=\"og:image:type\" content=\"image\/jpeg\" \/>\n<script type=\"application\/ld+json\" class=\"yoast-schema-graph\">{\"@context\":\"https:\/\/schema.org\",\"@graph\":[{\"@type\":\"WebSite\",\"@id\":\"https:\/\/www.visit-ulcinj.com\/blog\/#website\",\"url\":\"https:\/\/www.visit-ulcinj.com\/blog\/\",\"name\":\"Lajme nga Ulqini\",\"description\":\"Lajme,Vijesti,Ulqini,Ulqin,Crna Gora,Mali i Zi\",\"potentialAction\":[{\"@type\":\"SearchAction\",\"target\":{\"@type\":\"EntryPoint\",\"urlTemplate\":\"https:\/\/www.visit-ulcinj.com\/blog\/?s={search_term_string}\"},\"query-input\":\"required name=search_term_string\"}],\"inLanguage\":\"en-US\"},{\"@type\":\"WebPage\",\"@id\":\"https:\/\/www.visit-ulcinj.com\/blog\/wp-content\/uploads\/2009\/04\/karate-klub-ulqini_kurorzimi-ne-turneun-_seiken-2009_podgoric.jpg#webpage\",\"url\":\"https:\/\/www.visit-ulcinj.com\/blog\/wp-content\/uploads\/2009\/04\/karate-klub-ulqini_kurorzimi-ne-turneun-_seiken-2009_podgoric.jpg\",\"name\":\"karate-klub-ulqini_kurorzimi-ne-turneun-_seiken-2009_podgoric - Lajme nga Ulqini\",\"isPartOf\":{\"@id\":\"https:\/\/www.visit-ulcinj.com\/blog\/#website\"},\"datePublished\":\"2009-04-28T14:23:56+00:00\",\"dateModified\":\"2009-04-28T14:23:56+00:00\",\"breadcrumb\":{\"@id\":\"https:\/\/www.visit-ulcinj.com\/blog\/wp-content\/uploads\/2009\/04\/karate-klub-ulqini_kurorzimi-ne-turneun-_seiken-2009_podgoric.jpg#breadcrumb\"},\"inLanguage\":\"en-US\",\"potentialAction\":[{\"@type\":\"ReadAction\",\"target\":[\"https:\/\/www.visit-ulcinj.com\/blog\/wp-content\/uploads\/2009\/04\/karate-klub-ulqini_kurorzimi-ne-turneun-_seiken-2009_podgoric.jpg\"]}]},{\"@type\":\"BreadcrumbList\",\"@id\":\"https:\/\/www.visit-ulcinj.com\/blog\/wp-content\/uploads\/2009\/04\/karate-klub-ulqini_kurorzimi-ne-turneun-_seiken-2009_podgoric.jpg#breadcrumb\",\"itemListElement\":[{\"@type\":\"ListItem\",\"position\":1,\"name\":\"KK&#8221;Ulqini&#8221;Blerta Tahiri dhe Dardan Ceka m\u00eb t\u00eb mir\u00ebt e turneut\",\"item\":\"https:\/\/www.visit-ulcinj.com\/blog\/2009\/04\/28\/kkulqiniblerta-tahiri-dhe-dardan-ceka-me-te-miret-e-turneut\/\"},{\"@type\":\"ListItem\",\"position\":2,\"name\":\"karate-klub-ulqini_kurorzimi-ne-turneun-_seiken-2009_podgoric\"}]}]}<\/script>\n<!-- \/ Yoast SEO plugin. -->","yoast_head_json":{"title":"karate-klub-ulqini_kurorzimi-ne-turneun-_seiken-2009_podgoric - Lajme nga Ulqini","robots":{"index":"index","follow":"follow","max-snippet":"max-snippet:-1","max-image-preview":"max-image-preview:large","max-video-preview":"max-video-preview:-1"},"canonical":"https:\/\/www.visit-ulcinj.com\/blog\/wp-content\/uploads\/2009\/04\/karate-klub-ulqini_kurorzimi-ne-turneun-_seiken-2009_podgoric.jpg","og_locale":"en_US","og_type":"article","og_title":"karate-klub-ulqini_kurorzimi-ne-turneun-_seiken-2009_podgoric - Lajme nga Ulqini","og_url":"https:\/\/www.visit-ulcinj.com\/blog\/wp-content\/uploads\/2009\/04\/karate-klub-ulqini_kurorzimi-ne-turneun-_seiken-2009_podgoric.jpg","og_site_name":"Lajme nga Ulqini","og_image":[{"width":"1111","height":"833","url":"https:\/\/www.visit-ulcinj.com\/blog\/wp-content\/uploads\/2009\/04\/karate-klub-ulqini_kurorzimi-ne-turneun-_seiken-2009_podgoric.jpg","type":"image\/jpeg"}],"schema":{"@context":"https:\/\/schema.org","@graph":[{"@type":"WebSite","@id":"https:\/\/www.visit-ulcinj.com\/blog\/#website","url":"https:\/\/www.visit-ulcinj.com\/blog\/","name":"Lajme nga Ulqini","description":"Lajme,Vijesti,Ulqini,Ulqin,Crna Gora,Mali i Zi","potentialAction":[{"@type":"SearchAction","target":{"@type":"EntryPoint","urlTemplate":"https:\/\/www.visit-ulcinj.com\/blog\/?s={search_term_string}"},"query-input":"required name=search_term_string"}],"inLanguage":"en-US"},{"@type":"WebPage","@id":"https:\/\/www.visit-ulcinj.com\/blog\/wp-content\/uploads\/2009\/04\/karate-klub-ulqini_kurorzimi-ne-turneun-_seiken-2009_podgoric.jpg#webpage","url":"https:\/\/www.visit-ulcinj.com\/blog\/wp-content\/uploads\/2009\/04\/karate-klub-ulqini_kurorzimi-ne-turneun-_seiken-2009_podgoric.jpg","name":"karate-klub-ulqini_kurorzimi-ne-turneun-_seiken-2009_podgoric - Lajme nga Ulqini","isPartOf":{"@id":"https:\/\/www.visit-ulcinj.com\/blog\/#website"},"datePublished":"2009-04-28T14:23:56+00:00","dateModified":"2009-04-28T14:23:56+00:00","breadcrumb":{"@id":"https:\/\/www.visit-ulcinj.com\/blog\/wp-content\/uploads\/2009\/04\/karate-klub-ulqini_kurorzimi-ne-turneun-_seiken-2009_podgoric.jpg#breadcrumb"},"inLanguage":"en-US","potentialAction":[{"@type":"ReadAction","target":["https:\/\/www.visit-ulcinj.com\/blog\/wp-content\/uploads\/2009\/04\/karate-klub-ulqini_kurorzimi-ne-turneun-_seiken-2009_podgoric.jpg"]}]},{"@type":"BreadcrumbList","@id":"https:\/\/www.visit-ulcinj.com\/blog\/wp-content\/uploads\/2009\/04\/karate-klub-ulqini_kurorzimi-ne-turneun-_seiken-2009_podgoric.jpg#breadcrumb","itemListElement":[{"@type":"ListItem","position":1,"name":"KK&#8221;Ulqini&#8221;Blerta Tahiri dhe Dardan Ceka m\u00eb t\u00eb mir\u00ebt e turneut","item":"https:\/\/www.visit-ulcinj.com\/blog\/2009\/04\/28\/kkulqiniblerta-tahiri-dhe-dardan-ceka-me-te-miret-e-turneut\/"},{"@type":"ListItem","position":2,"name":"karate-klub-ulqini_kurorzimi-ne-turneun-_seiken-2009_podgoric"}]}]}},"jetpack_sharing_enabled":true,"jetpack_shortlink":"https:\/\/wp.me\/ae6lTn-543","description":{"rendered":"<p class=\"attachment\"><a href='https:\/\/www.visit-ulcinj.com\/blog\/wp-content\/uploads\/2009\/04\/karate-klub-ulqini_kurorzimi-ne-turneun-_seiken-2009_podgoric.jpg'><img width=\"300\" height=\"224\" src=\"https:\/\/www.visit-ulcinj.com\/blog\/wp-content\/uploads\/2009\/04\/karate-klub-ulqini_kurorzimi-ne-turneun-_seiken-2009_podgoric-300x224.jpg\" class=\"attachment-medium size-medium\" alt=\"\" loading=\"lazy\" srcset=\"https:\/\/www.visit-ulcinj.com\/blog\/wp-content\/uploads\/2009\/04\/karate-klub-ulqini_kurorzimi-ne-turneun-_seiken-2009_podgoric-300x224.jpg 300w, https:\/\/www.visit-ulcinj.com\/blog\/wp-content\/uploads\/2009\/04\/karate-klub-ulqini_kurorzimi-ne-turneun-_seiken-2009_podgoric-1024x767.jpg 1024w, https:\/\/www.visit-ulcinj.com\/blog\/wp-content\/uploads\/2009\/04\/karate-klub-ulqini_kurorzimi-ne-turneun-_seiken-2009_podgoric.jpg 1111w\" sizes=\"(max-width: 300px) 100vw, 300px\" \/><\/a><\/p>\n"},"caption":{"rendered":""},"alt_text":"","media_type":"image","mime_type":"image\/jpeg","media_details":{"width":"1111","height":"833","hwstring_small":"height='95' width='128'","file":"2009\/04\/karate-klub-ulqini_kurorzimi-ne-turneun-_seiken-2009_podgoric.jpg","sizes":{"thumbnail":{"file":"karate-klub-ulqini_kurorzimi-ne-turneun-_seiken-2009_podgoric-150x150.jpg","width":"150","height":"150","source_url":"https:\/\/www.visit-ulcinj.com\/blog\/wp-content\/uploads\/2009\/04\/karate-klub-ulqini_kurorzimi-ne-turneun-_seiken-2009_podgoric-150x150.jpg"},"medium":{"file":"karate-klub-ulqini_kurorzimi-ne-turneun-_seiken-2009_podgoric-300x224.jpg","width":"300","height":"224","source_url":"https:\/\/www.visit-ulcinj.com\/blog\/wp-content\/uploads\/2009\/04\/karate-klub-ulqini_kurorzimi-ne-turneun-_seiken-2009_podgoric-300x224.jpg"},"large":{"file":"karate-klub-ulqini_kurorzimi-ne-turneun-_seiken-2009_podgoric-1024x767.jpg","width":"1024","height":"767","source_url":"https:\/\/www.visit-ulcinj.com\/blog\/wp-content\/uploads\/2009\/04\/karate-klub-ulqini_kurorzimi-ne-turneun-_seiken-2009_podgoric-1024x767.jpg"},"full":{"file":"karate-klub-ulqini_kurorzimi-ne-turneun-_seiken-2009_podgoric.jpg","width":1111,"height":833,"mime_type":"image\/jpeg","source_url":"https:\/\/www.visit-ulcinj.com\/blog\/wp-content\/uploads\/2009\/04\/karate-klub-ulqini_kurorzimi-ne-turneun-_seiken-2009_podgoric.jpg"}},"image_meta":{"aperture":"2.8","credit":"","camera":"KODAK EASYSHARE C763 ZOOM DIGITAL CAMERA","caption":"","created_timestamp":"1238097284","copyright":"","focal_length":"5.8","iso":"400","shutter_speed":"0.008","title":""}},"post":19467,"source_url":"https:\/\/www.visit-ulcinj.com\/blog\/wp-content\/uploads\/2009\/04\/karate-klub-ulqini_kurorzimi-ne-turneun-_seiken-2009_podgoric.jpg","_links":{"self":[{"href":"https:\/\/www.visit-ulcinj.com\/blog\/wp-json\/wp\/v2\/media\/19471"}],"collection":[{"href":"https:\/\/www.visit-ulcinj.com\/blog\/wp-json\/wp\/v2\/media"}],"about":[{"href":"https:\/\/www.visit-ulcinj.com\/blog\/wp-json\/wp\/v2\/types\/attachment"}],"author":[{"embeddable":true,"href":"https:\/\/www.visit-ulcinj.com\/blog\/wp-json\/wp\/v2\/users\/1"}],"replies":[{"embeddable":true,"href":"https:\/\/www.visit-ulcinj.com\/blog\/wp-json\/wp\/v2\/comments?post=19471"}]}}

<!-- This site is optimized with the Yoast SEO plugin v19.1 - https://yoast.com/wordpress/plugins/seo/ -->
<title>karate-klub-ulqini_kurorzimi-ne-turneun-_seiken-2009_podgoric - Lajme nga Ulqini</title>
<meta name="robots" content="index, follow, max-snippet:-1, max-image-preview:large, max-video-preview:-1" />
<link rel="canonical" href="https://www.visit-ulcinj.com/blog/wp-content/uploads/2009/04/karate-klub-ulqini_kurorzimi-ne-turneun-_seiken-2009_podgoric.jpg" />
<meta property="og:locale" content="en_US" />
<meta property="og:type" content="article" />
<meta property="og:title" content="karate-klub-ulqini_kurorzimi-ne-turneun-_seiken-2009_podgoric - Lajme nga Ulqini" />
<meta property="og:url" content="https://www.visit-ulcinj.com/blog/wp-content/uploads/2009/04/karate-klub-ulqini_kurorzimi-ne-turneun-_seiken-2009_podgoric.jpg" />
<meta property="og:site_name" content="Lajme nga Ulqini" />
<meta property="og:image" content="https://www.visit-ulcinj.com/blog/wp-content/uploads/2009/04/karate-klub-ulqini_kurorzimi-ne-turneun-_seiken-2009_podgoric.jpg" />
	<meta property="og:image:width" content="1111" />
	<meta property="og:image:height" content="833" />
	<meta property="og:image:type" content="image/jpeg" />
<script type="application/ld+json" class="yoast-schema-graph">{"@context":"https://schema.org","@graph":[{"@type":"WebSite","@id":"https://www.visit-ulcinj.com/blog/#website","url":"https://www.visit-ulcinj.com/blog/","name":"Lajme nga Ulqini","description":"Lajme,Vijesti,Ulqini,Ulqin,Crna Gora,Mali i Zi","potentialAction":[{"@type":"SearchAction","target":{"@type":"EntryPoint","urlTemplate":"https://www.visit-ulcinj.com/blog/?s={search_term_string}"},"query-input":"required name=search_term_string"}],"inLanguage":"en-US"},{"@type":"WebPage","@id":"https://www.visit-ulcinj.com/blog/wp-content/uploads/2009/04/karate-klub-ulqini_kurorzimi-ne-turneun-_seiken-2009_podgoric.jpg#webpage","url":"https://www.visit-ulcinj.com/blog/wp-content/uploads/2009/04/karate-klub-ulqini_kurorzimi-ne-turneun-_seiken-2009_podgoric.jpg","name":"karate-klub-ulqini_kurorzimi-ne-turneun-_seiken-2009_podgoric - Lajme nga Ulqini","isPartOf":{"@id":"https://www.visit-ulcinj.com/blog/#website"},"datePublished":"2009-04-28T14:23:56+00:00","dateModified":"2009-04-28T14:23:56+00:00","breadcrumb":{"@id":"https://www.visit-ulcinj.com/blog/wp-content/uploads/2009/04/karate-klub-ulqini_kurorzimi-ne-turneun-_seiken-2009_podgoric.jpg#breadcrumb"},"inLanguage":"en-US","potentialAction":[{"@type":"ReadAction","target":["https://www.visit-ulcinj.com/blog/wp-content/uploads/2009/04/karate-klub-ulqini_kurorzimi-ne-turneun-_seiken-2009_podgoric.jpg"]}]},{"@type":"BreadcrumbList","@id":"https://www.visit-ulcinj.com/blog/wp-content/uploads/2009/04/karate-klub-ulqini_kurorzimi-ne-turneun-_seiken-2009_podgoric.jpg#breadcrumb","itemListElement":[{"@type":"ListItem","position":1,"name":"KK&#8221;Ulqini&#8221;Blerta Tahiri dhe Dardan Ceka më të mirët e turneut","item":"https://www.visit-ulcinj.com/blog/2009/04/28/kkulqiniblerta-tahiri-dhe-dardan-ceka-me-te-miret-e-turneut/"},{"@type":"ListItem","position":2,"name":"karate-klub-ulqini_kurorzimi-ne-turneun-_seiken-2009_podgoric"}]}]}</script>
<!-- / Yoast SEO plugin. -->

KK&#8221;Ulqini&#8221;Blerta Tahiri dhe Dardan Ceka më të mirët e turneut
