{"id":21301,"date":"2009-05-14T10:55:41","date_gmt":"2009-05-14T08:55:41","guid":{"rendered":"http:\/\/www.visit-ulcinj.com\/blog\/wp-content\/uploads\/2009\/05\/ulcinj-crna-gora_letovanjeleto-2009-od-5e3.jpg"},"modified":"2009-05-14T10:55:41","modified_gmt":"2009-05-14T08:55:41","slug":"ulcinj-crna-gora_letovanjeleto-2009-od-5e3","status":"inherit","type":"attachment","link":"https:\/\/www.visit-ulcinj.com\/blog\/2009\/05\/14\/ah-odmor-u-ulcinj-crna-gora-letovanje-od-6e\/ulcinj-crna-gora_letovanjeleto-2009-od-5e3\/","title":{"rendered":"ulcinj-crna-gora_letovanjeleto-2009-od-5e3"},"author":1,"comment_status":"open","ping_status":"closed","template":"","meta":{"spay_email":""},"yoast_head":"<!-- This site is optimized with the Yoast SEO plugin v19.1 - https:\/\/yoast.com\/wordpress\/plugins\/seo\/ -->\n<title>ulcinj-crna-gora_letovanjeleto-2009-od-5e3 - Lajme nga Ulqini<\/title>\n<meta name=\"robots\" content=\"index, follow, max-snippet:-1, max-image-preview:large, max-video-preview:-1\" \/>\n<link rel=\"canonical\" href=\"https:\/\/www.visit-ulcinj.com\/blog\/wp-content\/uploads\/2009\/05\/ulcinj-crna-gora_letovanjeleto-2009-od-5e3.jpg\" \/>\n<meta property=\"og:locale\" content=\"en_US\" \/>\n<meta property=\"og:type\" content=\"article\" \/>\n<meta property=\"og:title\" content=\"ulcinj-crna-gora_letovanjeleto-2009-od-5e3 - Lajme nga Ulqini\" \/>\n<meta property=\"og:description\" content=\"Ulcinj, Crna Gora: Letovanje,leto 2009 od 5\u20ac Letovanje jeftinije u Ulcinju od 5 eura na dan po osobi Najjuzniji grad na Crnogorskoj obali. Ulcinj je svojim prirodnim potencijalima preodredjen za turizam. Najduza pjescana plaza na Jadranskom moru &#8211; Velika plaza duga 13km, Ada Bojana &#8211; jedinstveno rijecno ostrvo sa predivnim pjescanim plazama, Valdanos &#8211; jedinstvena [&hellip;]\" \/>\n<meta property=\"og:url\" content=\"https:\/\/www.visit-ulcinj.com\/blog\/wp-content\/uploads\/2009\/05\/ulcinj-crna-gora_letovanjeleto-2009-od-5e3.jpg\" \/>\n<meta property=\"og:site_name\" content=\"Lajme nga Ulqini\" \/>\n<meta property=\"og:image\" content=\"https:\/\/www.visit-ulcinj.com\/blog\/wp-content\/uploads\/2009\/05\/ulcinj-crna-gora_letovanjeleto-2009-od-5e3.jpg\" \/>\n\t<meta property=\"og:image:width\" content=\"900\" \/>\n\t<meta property=\"og:image:height\" content=\"601\" \/>\n\t<meta property=\"og:image:type\" content=\"image\/jpeg\" \/>\n<meta name=\"twitter:label1\" content=\"Est. reading time\" \/>\n\t<meta name=\"twitter:data1\" content=\"2 minutes\" \/>\n<script type=\"application\/ld+json\" class=\"yoast-schema-graph\">{\"@context\":\"https:\/\/schema.org\",\"@graph\":[{\"@type\":\"WebSite\",\"@id\":\"https:\/\/www.visit-ulcinj.com\/blog\/#website\",\"url\":\"https:\/\/www.visit-ulcinj.com\/blog\/\",\"name\":\"Lajme nga Ulqini\",\"description\":\"Lajme,Vijesti,Ulqini,Ulqin,Crna Gora,Mali i Zi\",\"potentialAction\":[{\"@type\":\"SearchAction\",\"target\":{\"@type\":\"EntryPoint\",\"urlTemplate\":\"https:\/\/www.visit-ulcinj.com\/blog\/?s={search_term_string}\"},\"query-input\":\"required name=search_term_string\"}],\"inLanguage\":\"en-US\"},{\"@type\":\"WebPage\",\"@id\":\"https:\/\/www.visit-ulcinj.com\/blog\/wp-content\/uploads\/2009\/05\/ulcinj-crna-gora_letovanjeleto-2009-od-5e3.jpg#webpage\",\"url\":\"https:\/\/www.visit-ulcinj.com\/blog\/wp-content\/uploads\/2009\/05\/ulcinj-crna-gora_letovanjeleto-2009-od-5e3.jpg\",\"name\":\"ulcinj-crna-gora_letovanjeleto-2009-od-5e3 - Lajme nga Ulqini\",\"isPartOf\":{\"@id\":\"https:\/\/www.visit-ulcinj.com\/blog\/#website\"},\"datePublished\":\"2009-05-14T08:55:41+00:00\",\"dateModified\":\"2009-05-14T08:55:41+00:00\",\"breadcrumb\":{\"@id\":\"https:\/\/www.visit-ulcinj.com\/blog\/wp-content\/uploads\/2009\/05\/ulcinj-crna-gora_letovanjeleto-2009-od-5e3.jpg#breadcrumb\"},\"inLanguage\":\"en-US\",\"potentialAction\":[{\"@type\":\"ReadAction\",\"target\":[\"https:\/\/www.visit-ulcinj.com\/blog\/wp-content\/uploads\/2009\/05\/ulcinj-crna-gora_letovanjeleto-2009-od-5e3.jpg\"]}]},{\"@type\":\"BreadcrumbList\",\"@id\":\"https:\/\/www.visit-ulcinj.com\/blog\/wp-content\/uploads\/2009\/05\/ulcinj-crna-gora_letovanjeleto-2009-od-5e3.jpg#breadcrumb\",\"itemListElement\":[{\"@type\":\"ListItem\",\"position\":1,\"name\":\"Ah odmor u Ulcinj, Crna Gora: Letovanje od 7\u20ac\",\"item\":\"https:\/\/www.visit-ulcinj.com\/blog\/2009\/05\/14\/ah-odmor-u-ulcinj-crna-gora-letovanje-od-6e\/\"},{\"@type\":\"ListItem\",\"position\":2,\"name\":\"ulcinj-crna-gora_letovanjeleto-2009-od-5e3\"}]}]}<\/script>\n<!-- \/ Yoast SEO plugin. -->","yoast_head_json":{"title":"ulcinj-crna-gora_letovanjeleto-2009-od-5e3 - Lajme nga Ulqini","robots":{"index":"index","follow":"follow","max-snippet":"max-snippet:-1","max-image-preview":"max-image-preview:large","max-video-preview":"max-video-preview:-1"},"canonical":"https:\/\/www.visit-ulcinj.com\/blog\/wp-content\/uploads\/2009\/05\/ulcinj-crna-gora_letovanjeleto-2009-od-5e3.jpg","og_locale":"en_US","og_type":"article","og_title":"ulcinj-crna-gora_letovanjeleto-2009-od-5e3 - Lajme nga Ulqini","og_description":"Ulcinj, Crna Gora: Letovanje,leto 2009 od 5\u20ac Letovanje jeftinije u Ulcinju od 5 eura na dan po osobi Najjuzniji grad na Crnogorskoj obali. Ulcinj je svojim prirodnim potencijalima preodredjen za turizam. Najduza pjescana plaza na Jadranskom moru &#8211; Velika plaza duga 13km, Ada Bojana &#8211; jedinstveno rijecno ostrvo sa predivnim pjescanim plazama, Valdanos &#8211; jedinstvena [&hellip;]","og_url":"https:\/\/www.visit-ulcinj.com\/blog\/wp-content\/uploads\/2009\/05\/ulcinj-crna-gora_letovanjeleto-2009-od-5e3.jpg","og_site_name":"Lajme nga Ulqini","og_image":[{"width":"900","height":"601","url":"https:\/\/www.visit-ulcinj.com\/blog\/wp-content\/uploads\/2009\/05\/ulcinj-crna-gora_letovanjeleto-2009-od-5e3.jpg","type":"image\/jpeg"}],"twitter_misc":{"Est. reading time":"2 minutes"},"schema":{"@context":"https:\/\/schema.org","@graph":[{"@type":"WebSite","@id":"https:\/\/www.visit-ulcinj.com\/blog\/#website","url":"https:\/\/www.visit-ulcinj.com\/blog\/","name":"Lajme nga Ulqini","description":"Lajme,Vijesti,Ulqini,Ulqin,Crna Gora,Mali i Zi","potentialAction":[{"@type":"SearchAction","target":{"@type":"EntryPoint","urlTemplate":"https:\/\/www.visit-ulcinj.com\/blog\/?s={search_term_string}"},"query-input":"required name=search_term_string"}],"inLanguage":"en-US"},{"@type":"WebPage","@id":"https:\/\/www.visit-ulcinj.com\/blog\/wp-content\/uploads\/2009\/05\/ulcinj-crna-gora_letovanjeleto-2009-od-5e3.jpg#webpage","url":"https:\/\/www.visit-ulcinj.com\/blog\/wp-content\/uploads\/2009\/05\/ulcinj-crna-gora_letovanjeleto-2009-od-5e3.jpg","name":"ulcinj-crna-gora_letovanjeleto-2009-od-5e3 - Lajme nga Ulqini","isPartOf":{"@id":"https:\/\/www.visit-ulcinj.com\/blog\/#website"},"datePublished":"2009-05-14T08:55:41+00:00","dateModified":"2009-05-14T08:55:41+00:00","breadcrumb":{"@id":"https:\/\/www.visit-ulcinj.com\/blog\/wp-content\/uploads\/2009\/05\/ulcinj-crna-gora_letovanjeleto-2009-od-5e3.jpg#breadcrumb"},"inLanguage":"en-US","potentialAction":[{"@type":"ReadAction","target":["https:\/\/www.visit-ulcinj.com\/blog\/wp-content\/uploads\/2009\/05\/ulcinj-crna-gora_letovanjeleto-2009-od-5e3.jpg"]}]},{"@type":"BreadcrumbList","@id":"https:\/\/www.visit-ulcinj.com\/blog\/wp-content\/uploads\/2009\/05\/ulcinj-crna-gora_letovanjeleto-2009-od-5e3.jpg#breadcrumb","itemListElement":[{"@type":"ListItem","position":1,"name":"Ah odmor u Ulcinj, Crna Gora: Letovanje od 7\u20ac","item":"https:\/\/www.visit-ulcinj.com\/blog\/2009\/05\/14\/ah-odmor-u-ulcinj-crna-gora-letovanje-od-6e\/"},{"@type":"ListItem","position":2,"name":"ulcinj-crna-gora_letovanjeleto-2009-od-5e3"}]}]}},"jetpack_sharing_enabled":true,"jetpack_shortlink":"https:\/\/wp.me\/ae6lTn-5xz","description":{"rendered":"<p class=\"attachment\"><a href='https:\/\/www.visit-ulcinj.com\/blog\/wp-content\/uploads\/2009\/05\/ulcinj-crna-gora_letovanjeleto-2009-od-5e3.jpg'><img width=\"300\" height=\"200\" src=\"https:\/\/www.visit-ulcinj.com\/blog\/wp-content\/uploads\/2009\/05\/ulcinj-crna-gora_letovanjeleto-2009-od-5e3-300x200.jpg\" class=\"attachment-medium size-medium\" alt=\"\" loading=\"lazy\" srcset=\"https:\/\/www.visit-ulcinj.com\/blog\/wp-content\/uploads\/2009\/05\/ulcinj-crna-gora_letovanjeleto-2009-od-5e3-300x200.jpg 300w, https:\/\/www.visit-ulcinj.com\/blog\/wp-content\/uploads\/2009\/05\/ulcinj-crna-gora_letovanjeleto-2009-od-5e3.jpg 900w\" sizes=\"(max-width: 300px) 100vw, 300px\" \/><\/a><\/p>\n<p>Ulcinj, Crna Gora: Letovanje,leto 2009 od 5\u20ac<br \/>\nLetovanje jeftinije u Ulcinju od 5 eura na dan po osobi<br \/>\nNajjuzniji grad na Crnogorskoj obali. Ulcinj je svojim prirodnim potencijalima preodredjen za turizam. Najduza pjescana plaza na Jadranskom moru &#8211; Velika plaza duga 13km, Ada Bojana &#8211; jedinstveno rijecno ostrvo sa predivnim pjescanim plazama, Valdanos &#8211; jedinstvena uvala sa zaledjem prepunim starih drveca masline, obnovljeni stari grad u Ulcinju &#8211; prepun interesantnih restorana, kafica, galerija i hotela &#8230; i jos mnogo drugih atraktivnih mjesta cine Ulcinj jedinstvenim i privlacnim za mnoge turiste. Ulcinj je grad, koji svakako morate upoznati.<br \/>\nUlcinj ima raznovrsnu i kvalitetnu ponudu za porodice, individualce, mlade parove, biznismene, one koji vole aktivan odmor u prirodi, ali i one druge koji u\u017eivaju na suncu i pla\u017eama, tako?e i one koje odmor posvete obilasku kulturno-istorijskih spomenika i posetama umetni?kih izlo\u017ebi i predstava. Nacionalni i internacionalni restorani, kafeterije, pla\u017eni barovi, diskoteke i no?ni klubovi u svakom mestu u Ulcinju ponudi?e razli?ite mogu?nosti za opu\u0161tanje i zabavu. Tradicionalne, autenti?ne manifestacije, kulturno-zabavni doga?aji od karnevalskih sve?anosti, teatara na otvorenom, muzi?kih festivala, umetni?kih izlo\u017ebi do presti\u017enih koncerata svetski poznatih muzi?ara i sportskih takmi?enja su ponuda koju Ulcinj- Crna Gora ima tokom cele godine.<\/p>\n<p>Ku?a se nalaze u neposrednoj blizini hotela \u201cGaleb\u201d i \u201cMediteran\u201d, sa pogledom na stari grad, malu plazu i borovu \u0161umu.Ku?a Cobi  je udaljena od administrativnog centra grada 25 minuta hoda, do zelene pijace 20 minuta hoda, do prve prodavnice 5 minuta hoda, do po\u0161te 10 minuta hoda. Udaljenost do plaza: &#8211; \u201cGalebova\u201d plaza &#8211; 5 minuta hoda &#8211; \u201cJadranova\u201d plaza &#8211; 5 minuta hoda &#8211; \u201cBori\u00e6i\u201d 5 minuta hoda &#8211; \u201czenska plaza\u201d \u2013 10 minuta hoda &#8211; \u201cAlbatrosova\u201d plaza \u2013 15 minuta hoda &#8211; \u201cMala plaza\u201d \u2013 10 minuta hoda.<br \/>\nIspred ku?e gosti mogu da koriste veliki i bezbjedan parking.<br \/>\nCijena po lezaju u zavisnosti od kategorije smje\u0161taja i perioda rezervacije.<\/p>\n<p>Rezervacije se mogu vrsiti putem telefona:<\/p>\n<p>Phone :+382 69 027 347 (Mobil)  &#8211;  Phone:+382 30 423 094 (Home)<\/p>\n<p>Email: lajmengaulqini@gmail.com<\/p>\n"},"caption":{"rendered":"<p>Ulcinj, Crna Gora: Letovanje,leto 2009 od 5\u20ac Letovanje jeftinije u Ulcinju od 5 eura na dan po osobi Najjuzniji grad na Crnogorskoj obali. Ulcinj je svojim prirodnim potencijalima preodredjen za turizam. Najduza pjescana plaza na Jadranskom moru &#8211; Velika plaza duga 13km, Ada Bojana &#8211; jedinstveno rijecno ostrvo sa predivnim pjescanim plazama, Valdanos &#8211; jedinstvena [&hellip;]<\/p>\n"},"alt_text":"","media_type":"image","mime_type":"image\/jpeg","media_details":{"width":"900","height":"601","hwstring_small":"height='85' width='128'","file":"2009\/05\/ulcinj-crna-gora_letovanjeleto-2009-od-5e3.jpg","sizes":{"thumbnail":{"file":"ulcinj-crna-gora_letovanjeleto-2009-od-5e3-150x150.jpg","width":"150","height":"150","source_url":"https:\/\/www.visit-ulcinj.com\/blog\/wp-content\/uploads\/2009\/05\/ulcinj-crna-gora_letovanjeleto-2009-od-5e3-150x150.jpg"},"medium":{"file":"ulcinj-crna-gora_letovanjeleto-2009-od-5e3-300x200.jpg","width":"300","height":"200","source_url":"https:\/\/www.visit-ulcinj.com\/blog\/wp-content\/uploads\/2009\/05\/ulcinj-crna-gora_letovanjeleto-2009-od-5e3-300x200.jpg"},"full":{"file":"ulcinj-crna-gora_letovanjeleto-2009-od-5e3.jpg","width":900,"height":601,"mime_type":"image\/jpeg","source_url":"https:\/\/www.visit-ulcinj.com\/blog\/wp-content\/uploads\/2009\/05\/ulcinj-crna-gora_letovanjeleto-2009-od-5e3.jpg"}},"image_meta":{"aperture":"0","credit":"","camera":"","caption":"","created_timestamp":"0","copyright":"","focal_length":"0","iso":"0","shutter_speed":"0","title":""}},"post":21290,"source_url":"https:\/\/www.visit-ulcinj.com\/blog\/wp-content\/uploads\/2009\/05\/ulcinj-crna-gora_letovanjeleto-2009-od-5e3.jpg","_links":{"self":[{"href":"https:\/\/www.visit-ulcinj.com\/blog\/wp-json\/wp\/v2\/media\/21301"}],"collection":[{"href":"https:\/\/www.visit-ulcinj.com\/blog\/wp-json\/wp\/v2\/media"}],"about":[{"href":"https:\/\/www.visit-ulcinj.com\/blog\/wp-json\/wp\/v2\/types\/attachment"}],"author":[{"embeddable":true,"href":"https:\/\/www.visit-ulcinj.com\/blog\/wp-json\/wp\/v2\/users\/1"}],"replies":[{"embeddable":true,"href":"https:\/\/www.visit-ulcinj.com\/blog\/wp-json\/wp\/v2\/comments?post=21301"}]}}

<p class="attachment"><a href='https://www.visit-ulcinj.com/blog/wp-content/uploads/2009/05/ulcinj-crna-gora_letovanjeleto-2009-od-5e3.jpg'><img width="300" height="200" src="https://www.visit-ulcinj.com/blog/wp-content/uploads/2009/05/ulcinj-crna-gora_letovanjeleto-2009-od-5e3-300x200.jpg" class="attachment-medium size-medium" alt="" loading="lazy" srcset="https://www.visit-ulcinj.com/blog/wp-content/uploads/2009/05/ulcinj-crna-gora_letovanjeleto-2009-od-5e3-300x200.jpg 300w, https://www.visit-ulcinj.com/blog/wp-content/uploads/2009/05/ulcinj-crna-gora_letovanjeleto-2009-od-5e3.jpg 900w" sizes="(max-width: 300px) 100vw, 300px" /></a></p>
<p>Ulcinj, Crna Gora: Letovanje,leto 2009 od 5€<br />
Letovanje jeftinije u Ulcinju od 5 eura na dan po osobi<br />
Najjuzniji grad na Crnogorskoj obali. Ulcinj je svojim prirodnim potencijalima preodredjen za turizam. Najduza pjescana plaza na Jadranskom moru &#8211; Velika plaza duga 13km, Ada Bojana &#8211; jedinstveno rijecno ostrvo sa predivnim pjescanim plazama, Valdanos &#8211; jedinstvena uvala sa zaledjem prepunim starih drveca masline, obnovljeni stari grad u Ulcinju &#8211; prepun interesantnih restorana, kafica, galerija i hotela &#8230; i jos mnogo drugih atraktivnih mjesta cine Ulcinj jedinstvenim i privlacnim za mnoge turiste. Ulcinj je grad, koji svakako morate upoznati.<br />
Ulcinj ima raznovrsnu i kvalitetnu ponudu za porodice, individualce, mlade parove, biznismene, one koji vole aktivan odmor u prirodi, ali i one druge koji uživaju na suncu i plažama, tako?e i one koje odmor posvete obilasku kulturno-istorijskih spomenika i posetama umetni?kih izložbi i predstava. Nacionalni i internacionalni restorani, kafeterije, plažni barovi, diskoteke i no?ni klubovi u svakom mestu u Ulcinju ponudi?e razli?ite mogu?nosti za opuštanje i zabavu. Tradicionalne, autenti?ne manifestacije, kulturno-zabavni doga?aji od karnevalskih sve?anosti, teatara na otvorenom, muzi?kih festivala, umetni?kih izložbi do prestižnih koncerata svetski poznatih muzi?ara i sportskih takmi?enja su ponuda koju Ulcinj- Crna Gora ima tokom cele godine.</p>
<p>Ku?a se nalaze u neposrednoj blizini hotela “Galeb” i “Mediteran”, sa pogledom na stari grad, malu plazu i borovu šumu.Ku?a Cobi  je udaljena od administrativnog centra grada 25 minuta hoda, do zelene pijace 20 minuta hoda, do prve prodavnice 5 minuta hoda, do pošte 10 minuta hoda. Udaljenost do plaza: &#8211; “Galebova” plaza &#8211; 5 minuta hoda &#8211; “Jadranova” plaza &#8211; 5 minuta hoda &#8211; “Boriæi” 5 minuta hoda &#8211; “zenska plaza” – 10 minuta hoda &#8211; “Albatrosova” plaza – 15 minuta hoda &#8211; “Mala plaza” – 10 minuta hoda.<br />
Ispred ku?e gosti mogu da koriste veliki i bezbjedan parking.<br />
Cijena po lezaju u zavisnosti od kategorije smještaja i perioda rezervacije.</p>
<p>Rezervacije se mogu vrsiti putem telefona:</p>
<p>Phone :+382 69 027 347 (Mobil)  &#8211;  Phone:+382 30 423 094 (Home)</p>
<p>Email: lajmengaulqini@gmail.com</p>
