{"id":318,"date":"2008-01-28T14:54:24","date_gmt":"2008-01-28T19:54:24","guid":{"rendered":"http:\/\/www.visit-ulcinj.com\/blog\/wp-content\/uploads\/2008\/01\/le-premier-ministre-kosovar-hashim-thaci-solana.jpg"},"modified":"2008-01-28T14:54:24","modified_gmt":"2008-01-28T19:54:24","slug":"le-premier-ministre-kosovar-hashim-thaci-solana","status":"inherit","type":"attachment","link":"https:\/\/www.visit-ulcinj.com\/blog\/2008\/01\/28\/kosova-ne-fazen-perfundimtare\/le-premier-ministre-kosovar-hashim-thaci-solana\/","title":{"rendered":"Le Premier ministre kosovar Hashim Tha\u00e7i -Solana"},"author":1,"comment_status":"open","ping_status":"closed","template":"","meta":{"spay_email":""},"yoast_head":"<!-- This site is optimized with the Yoast SEO plugin v19.1 - https:\/\/yoast.com\/wordpress\/plugins\/seo\/ -->\n<title>Le Premier ministre kosovar Hashim Tha\u00e7i -Solana - Lajme nga Ulqini<\/title>\n<meta name=\"robots\" content=\"index, follow, max-snippet:-1, max-image-preview:large, max-video-preview:-1\" \/>\n<link rel=\"canonical\" href=\"https:\/\/www.visit-ulcinj.com\/blog\/wp-content\/uploads\/2008\/01\/le-premier-ministre-kosovar-hashim-thaci-solana.jpg\" \/>\n<meta property=\"og:locale\" content=\"en_US\" \/>\n<meta property=\"og:type\" content=\"article\" \/>\n<meta property=\"og:title\" content=\"Le Premier ministre kosovar Hashim Tha\u00e7i -Solana - Lajme nga Ulqini\" \/>\n<meta property=\"og:url\" content=\"https:\/\/www.visit-ulcinj.com\/blog\/wp-content\/uploads\/2008\/01\/le-premier-ministre-kosovar-hashim-thaci-solana.jpg\" \/>\n<meta property=\"og:site_name\" content=\"Lajme nga Ulqini\" \/>\n<meta property=\"og:image\" content=\"https:\/\/www.visit-ulcinj.com\/blog\/wp-content\/uploads\/2008\/01\/le-premier-ministre-kosovar-hashim-thaci-solana.jpg\" \/>\n\t<meta property=\"og:image:width\" content=\"512\" \/>\n\t<meta property=\"og:image:height\" content=\"440\" \/>\n\t<meta property=\"og:image:type\" content=\"image\/jpeg\" \/>\n<script type=\"application\/ld+json\" class=\"yoast-schema-graph\">{\"@context\":\"https:\/\/schema.org\",\"@graph\":[{\"@type\":\"WebSite\",\"@id\":\"https:\/\/www.visit-ulcinj.com\/blog\/#website\",\"url\":\"https:\/\/www.visit-ulcinj.com\/blog\/\",\"name\":\"Lajme nga Ulqini\",\"description\":\"Lajme,Vijesti,Ulqini,Ulqin,Crna Gora,Mali i Zi\",\"potentialAction\":[{\"@type\":\"SearchAction\",\"target\":{\"@type\":\"EntryPoint\",\"urlTemplate\":\"https:\/\/www.visit-ulcinj.com\/blog\/?s={search_term_string}\"},\"query-input\":\"required name=search_term_string\"}],\"inLanguage\":\"en-US\"},{\"@type\":\"WebPage\",\"@id\":\"https:\/\/www.visit-ulcinj.com\/blog\/wp-content\/uploads\/2008\/01\/le-premier-ministre-kosovar-hashim-thaci-solana.jpg#webpage\",\"url\":\"https:\/\/www.visit-ulcinj.com\/blog\/wp-content\/uploads\/2008\/01\/le-premier-ministre-kosovar-hashim-thaci-solana.jpg\",\"name\":\"Le Premier ministre kosovar Hashim Tha\u00e7i -Solana - Lajme nga Ulqini\",\"isPartOf\":{\"@id\":\"https:\/\/www.visit-ulcinj.com\/blog\/#website\"},\"datePublished\":\"2008-01-28T19:54:24+00:00\",\"dateModified\":\"2008-01-28T19:54:24+00:00\",\"breadcrumb\":{\"@id\":\"https:\/\/www.visit-ulcinj.com\/blog\/wp-content\/uploads\/2008\/01\/le-premier-ministre-kosovar-hashim-thaci-solana.jpg#breadcrumb\"},\"inLanguage\":\"en-US\",\"potentialAction\":[{\"@type\":\"ReadAction\",\"target\":[\"https:\/\/www.visit-ulcinj.com\/blog\/wp-content\/uploads\/2008\/01\/le-premier-ministre-kosovar-hashim-thaci-solana.jpg\"]}]},{\"@type\":\"BreadcrumbList\",\"@id\":\"https:\/\/www.visit-ulcinj.com\/blog\/wp-content\/uploads\/2008\/01\/le-premier-ministre-kosovar-hashim-thaci-solana.jpg#breadcrumb\",\"itemListElement\":[{\"@type\":\"ListItem\",\"position\":1,\"name\":\"Kosova n\u00eb faz\u00ebn p\u00ebrfundimtare\",\"item\":\"https:\/\/www.visit-ulcinj.com\/blog\/2008\/01\/28\/kosova-ne-fazen-perfundimtare\/\"},{\"@type\":\"ListItem\",\"position\":2,\"name\":\"Le Premier ministre kosovar Hashim Tha\u00e7i -Solana\"}]}]}<\/script>\n<!-- \/ Yoast SEO plugin. -->","yoast_head_json":{"title":"Le Premier ministre kosovar Hashim Tha\u00e7i -Solana - Lajme nga Ulqini","robots":{"index":"index","follow":"follow","max-snippet":"max-snippet:-1","max-image-preview":"max-image-preview:large","max-video-preview":"max-video-preview:-1"},"canonical":"https:\/\/www.visit-ulcinj.com\/blog\/wp-content\/uploads\/2008\/01\/le-premier-ministre-kosovar-hashim-thaci-solana.jpg","og_locale":"en_US","og_type":"article","og_title":"Le Premier ministre kosovar Hashim Tha\u00e7i -Solana - Lajme nga Ulqini","og_url":"https:\/\/www.visit-ulcinj.com\/blog\/wp-content\/uploads\/2008\/01\/le-premier-ministre-kosovar-hashim-thaci-solana.jpg","og_site_name":"Lajme nga Ulqini","og_image":[{"width":512,"height":440,"url":"https:\/\/www.visit-ulcinj.com\/blog\/wp-content\/uploads\/2008\/01\/le-premier-ministre-kosovar-hashim-thaci-solana.jpg","type":"image\/jpeg"}],"schema":{"@context":"https:\/\/schema.org","@graph":[{"@type":"WebSite","@id":"https:\/\/www.visit-ulcinj.com\/blog\/#website","url":"https:\/\/www.visit-ulcinj.com\/blog\/","name":"Lajme nga Ulqini","description":"Lajme,Vijesti,Ulqini,Ulqin,Crna Gora,Mali i Zi","potentialAction":[{"@type":"SearchAction","target":{"@type":"EntryPoint","urlTemplate":"https:\/\/www.visit-ulcinj.com\/blog\/?s={search_term_string}"},"query-input":"required name=search_term_string"}],"inLanguage":"en-US"},{"@type":"WebPage","@id":"https:\/\/www.visit-ulcinj.com\/blog\/wp-content\/uploads\/2008\/01\/le-premier-ministre-kosovar-hashim-thaci-solana.jpg#webpage","url":"https:\/\/www.visit-ulcinj.com\/blog\/wp-content\/uploads\/2008\/01\/le-premier-ministre-kosovar-hashim-thaci-solana.jpg","name":"Le Premier ministre kosovar Hashim Tha\u00e7i -Solana - Lajme nga Ulqini","isPartOf":{"@id":"https:\/\/www.visit-ulcinj.com\/blog\/#website"},"datePublished":"2008-01-28T19:54:24+00:00","dateModified":"2008-01-28T19:54:24+00:00","breadcrumb":{"@id":"https:\/\/www.visit-ulcinj.com\/blog\/wp-content\/uploads\/2008\/01\/le-premier-ministre-kosovar-hashim-thaci-solana.jpg#breadcrumb"},"inLanguage":"en-US","potentialAction":[{"@type":"ReadAction","target":["https:\/\/www.visit-ulcinj.com\/blog\/wp-content\/uploads\/2008\/01\/le-premier-ministre-kosovar-hashim-thaci-solana.jpg"]}]},{"@type":"BreadcrumbList","@id":"https:\/\/www.visit-ulcinj.com\/blog\/wp-content\/uploads\/2008\/01\/le-premier-ministre-kosovar-hashim-thaci-solana.jpg#breadcrumb","itemListElement":[{"@type":"ListItem","position":1,"name":"Kosova n\u00eb faz\u00ebn p\u00ebrfundimtare","item":"https:\/\/www.visit-ulcinj.com\/blog\/2008\/01\/28\/kosova-ne-fazen-perfundimtare\/"},{"@type":"ListItem","position":2,"name":"Le Premier ministre kosovar Hashim Tha\u00e7i -Solana"}]}]}},"jetpack_sharing_enabled":true,"jetpack_shortlink":"https:\/\/wp.me\/ae6lTn-58","description":{"rendered":"<p class=\"attachment\"><a href='https:\/\/www.visit-ulcinj.com\/blog\/wp-content\/uploads\/2008\/01\/le-premier-ministre-kosovar-hashim-thaci-solana.jpg'><img width=\"300\" height=\"258\" src=\"https:\/\/www.visit-ulcinj.com\/blog\/wp-content\/uploads\/2008\/01\/le-premier-ministre-kosovar-hashim-thaci-solana.jpg\" class=\"attachment-medium size-medium\" alt=\"\" loading=\"lazy\" \/><\/a><\/p>\n"},"caption":{"rendered":""},"alt_text":"","media_type":"image","mime_type":"image\/jpeg","media_details":{"width":512,"height":440,"hwstring_small":"height='96' width='111'","file":"\/homepages\/28\/d204546190\/htdocs\/blog\/wp-content\/uploads\/2008\/01\/le-premier-ministre-kosovar-hashim-thaci-solana.jpg","thumb":"le-premier-ministre-kosovar-hashim-thaci-solana.thumbnail.jpg","sizes":{}},"post":316,"source_url":"https:\/\/www.visit-ulcinj.com\/blog\/wp-content\/uploads\/2008\/01\/le-premier-ministre-kosovar-hashim-thaci-solana.jpg","_links":{"self":[{"href":"https:\/\/www.visit-ulcinj.com\/blog\/wp-json\/wp\/v2\/media\/318"}],"collection":[{"href":"https:\/\/www.visit-ulcinj.com\/blog\/wp-json\/wp\/v2\/media"}],"about":[{"href":"https:\/\/www.visit-ulcinj.com\/blog\/wp-json\/wp\/v2\/types\/attachment"}],"author":[{"embeddable":true,"href":"https:\/\/www.visit-ulcinj.com\/blog\/wp-json\/wp\/v2\/users\/1"}],"replies":[{"embeddable":true,"href":"https:\/\/www.visit-ulcinj.com\/blog\/wp-json\/wp\/v2\/comments?post=318"}]}}

Le Premier ministre kosovar Hashim Thaçi -Solana

<!-- This site is optimized with the Yoast SEO plugin v19.1 - https://yoast.com/wordpress/plugins/seo/ -->
<title>Le Premier ministre kosovar Hashim Thaçi -Solana - Lajme nga Ulqini</title>
<meta name="robots" content="index, follow, max-snippet:-1, max-image-preview:large, max-video-preview:-1" />
<link rel="canonical" href="https://www.visit-ulcinj.com/blog/wp-content/uploads/2008/01/le-premier-ministre-kosovar-hashim-thaci-solana.jpg" />
<meta property="og:locale" content="en_US" />
<meta property="og:type" content="article" />
<meta property="og:title" content="Le Premier ministre kosovar Hashim Thaçi -Solana - Lajme nga Ulqini" />
<meta property="og:url" content="https://www.visit-ulcinj.com/blog/wp-content/uploads/2008/01/le-premier-ministre-kosovar-hashim-thaci-solana.jpg" />
<meta property="og:site_name" content="Lajme nga Ulqini" />
<meta property="og:image" content="https://www.visit-ulcinj.com/blog/wp-content/uploads/2008/01/le-premier-ministre-kosovar-hashim-thaci-solana.jpg" />
	<meta property="og:image:width" content="512" />
	<meta property="og:image:height" content="440" />
	<meta property="og:image:type" content="image/jpeg" />
<script type="application/ld+json" class="yoast-schema-graph">{"@context":"https://schema.org","@graph":[{"@type":"WebSite","@id":"https://www.visit-ulcinj.com/blog/#website","url":"https://www.visit-ulcinj.com/blog/","name":"Lajme nga Ulqini","description":"Lajme,Vijesti,Ulqini,Ulqin,Crna Gora,Mali i Zi","potentialAction":[{"@type":"SearchAction","target":{"@type":"EntryPoint","urlTemplate":"https://www.visit-ulcinj.com/blog/?s={search_term_string}"},"query-input":"required name=search_term_string"}],"inLanguage":"en-US"},{"@type":"WebPage","@id":"https://www.visit-ulcinj.com/blog/wp-content/uploads/2008/01/le-premier-ministre-kosovar-hashim-thaci-solana.jpg#webpage","url":"https://www.visit-ulcinj.com/blog/wp-content/uploads/2008/01/le-premier-ministre-kosovar-hashim-thaci-solana.jpg","name":"Le Premier ministre kosovar Hashim Thaçi -Solana - Lajme nga Ulqini","isPartOf":{"@id":"https://www.visit-ulcinj.com/blog/#website"},"datePublished":"2008-01-28T19:54:24+00:00","dateModified":"2008-01-28T19:54:24+00:00","breadcrumb":{"@id":"https://www.visit-ulcinj.com/blog/wp-content/uploads/2008/01/le-premier-ministre-kosovar-hashim-thaci-solana.jpg#breadcrumb"},"inLanguage":"en-US","potentialAction":[{"@type":"ReadAction","target":["https://www.visit-ulcinj.com/blog/wp-content/uploads/2008/01/le-premier-ministre-kosovar-hashim-thaci-solana.jpg"]}]},{"@type":"BreadcrumbList","@id":"https://www.visit-ulcinj.com/blog/wp-content/uploads/2008/01/le-premier-ministre-kosovar-hashim-thaci-solana.jpg#breadcrumb","itemListElement":[{"@type":"ListItem","position":1,"name":"Kosova në fazën përfundimtare","item":"https://www.visit-ulcinj.com/blog/2008/01/28/kosova-ne-fazen-perfundimtare/"},{"@type":"ListItem","position":2,"name":"Le Premier ministre kosovar Hashim Thaçi -Solana"}]}]}</script>
<!-- / Yoast SEO plugin. -->

Le Premier ministre kosovar Hashim Thaçi -Solana - Lajme nga Ulqini

Kosova në fazën përfundimtare
