{"id":3485,"date":"2008-09-21T08:12:17","date_gmt":"2008-09-21T13:12:17","guid":{"rendered":"http:\/\/www.visit-ulcinj.com\/blog\/wp-content\/uploads\/2008\/09\/stari-grad-ulcinj.jpg"},"modified":"2008-09-21T08:12:17","modified_gmt":"2008-09-21T13:12:17","slug":"stari-grad-ulcinj-2","status":"inherit","type":"attachment","link":"https:\/\/www.visit-ulcinj.com\/blog\/2008\/09\/21\/kalaja-e-ulqinit-te-kycet-ne-unesco\/stari-grad-ulcinj-2\/","title":{"rendered":"stari-grad-ulcinj"},"author":1,"comment_status":"open","ping_status":"closed","template":"","meta":{"spay_email":""},"yoast_head":"<!-- This site is optimized with the Yoast SEO plugin v19.1 - https:\/\/yoast.com\/wordpress\/plugins\/seo\/ -->\n<title>stari-grad-ulcinj - Lajme nga Ulqini<\/title>\n<meta name=\"robots\" content=\"index, follow, max-snippet:-1, max-image-preview:large, max-video-preview:-1\" \/>\n<link rel=\"canonical\" href=\"https:\/\/www.visit-ulcinj.com\/blog\/wp-content\/uploads\/2008\/09\/stari-grad-ulcinj.jpg\" \/>\n<meta property=\"og:locale\" content=\"en_US\" \/>\n<meta property=\"og:type\" content=\"article\" \/>\n<meta property=\"og:title\" content=\"stari-grad-ulcinj - Lajme nga Ulqini\" \/>\n<meta property=\"og:url\" content=\"https:\/\/www.visit-ulcinj.com\/blog\/wp-content\/uploads\/2008\/09\/stari-grad-ulcinj.jpg\" \/>\n<meta property=\"og:site_name\" content=\"Lajme nga Ulqini\" \/>\n<meta property=\"og:image\" content=\"https:\/\/www.visit-ulcinj.com\/blog\/wp-content\/uploads\/2008\/09\/stari-grad-ulcinj.jpg\" \/>\n\t<meta property=\"og:image:width\" content=\"300\" \/>\n\t<meta property=\"og:image:height\" content=\"215\" \/>\n\t<meta property=\"og:image:type\" content=\"image\/jpeg\" \/>\n<script type=\"application\/ld+json\" class=\"yoast-schema-graph\">{\"@context\":\"https:\/\/schema.org\",\"@graph\":[{\"@type\":\"WebSite\",\"@id\":\"https:\/\/www.visit-ulcinj.com\/blog\/#website\",\"url\":\"https:\/\/www.visit-ulcinj.com\/blog\/\",\"name\":\"Lajme nga Ulqini\",\"description\":\"Lajme,Vijesti,Ulqini,Ulqin,Crna Gora,Mali i Zi\",\"potentialAction\":[{\"@type\":\"SearchAction\",\"target\":{\"@type\":\"EntryPoint\",\"urlTemplate\":\"https:\/\/www.visit-ulcinj.com\/blog\/?s={search_term_string}\"},\"query-input\":\"required name=search_term_string\"}],\"inLanguage\":\"en-US\"},{\"@type\":\"WebPage\",\"@id\":\"https:\/\/www.visit-ulcinj.com\/blog\/wp-content\/uploads\/2008\/09\/stari-grad-ulcinj.jpg#webpage\",\"url\":\"https:\/\/www.visit-ulcinj.com\/blog\/wp-content\/uploads\/2008\/09\/stari-grad-ulcinj.jpg\",\"name\":\"stari-grad-ulcinj - Lajme nga Ulqini\",\"isPartOf\":{\"@id\":\"https:\/\/www.visit-ulcinj.com\/blog\/#website\"},\"datePublished\":\"2008-09-21T13:12:17+00:00\",\"dateModified\":\"2008-09-21T13:12:17+00:00\",\"breadcrumb\":{\"@id\":\"https:\/\/www.visit-ulcinj.com\/blog\/wp-content\/uploads\/2008\/09\/stari-grad-ulcinj.jpg#breadcrumb\"},\"inLanguage\":\"en-US\",\"potentialAction\":[{\"@type\":\"ReadAction\",\"target\":[\"https:\/\/www.visit-ulcinj.com\/blog\/wp-content\/uploads\/2008\/09\/stari-grad-ulcinj.jpg\"]}]},{\"@type\":\"BreadcrumbList\",\"@id\":\"https:\/\/www.visit-ulcinj.com\/blog\/wp-content\/uploads\/2008\/09\/stari-grad-ulcinj.jpg#breadcrumb\",\"itemListElement\":[{\"@type\":\"ListItem\",\"position\":1,\"name\":\"Kalaja e Ulqinit t\u00eb ky\u00e7et n\u00eb Unesco\",\"item\":\"https:\/\/www.visit-ulcinj.com\/blog\/2008\/09\/21\/kalaja-e-ulqinit-te-kycet-ne-unesco\/\"},{\"@type\":\"ListItem\",\"position\":2,\"name\":\"stari-grad-ulcinj\"}]}]}<\/script>\n<!-- \/ Yoast SEO plugin. -->","yoast_head_json":{"title":"stari-grad-ulcinj - Lajme nga Ulqini","robots":{"index":"index","follow":"follow","max-snippet":"max-snippet:-1","max-image-preview":"max-image-preview:large","max-video-preview":"max-video-preview:-1"},"canonical":"https:\/\/www.visit-ulcinj.com\/blog\/wp-content\/uploads\/2008\/09\/stari-grad-ulcinj.jpg","og_locale":"en_US","og_type":"article","og_title":"stari-grad-ulcinj - Lajme nga Ulqini","og_url":"https:\/\/www.visit-ulcinj.com\/blog\/wp-content\/uploads\/2008\/09\/stari-grad-ulcinj.jpg","og_site_name":"Lajme nga Ulqini","og_image":[{"width":300,"height":215,"url":"https:\/\/www.visit-ulcinj.com\/blog\/wp-content\/uploads\/2008\/09\/stari-grad-ulcinj.jpg","type":"image\/jpeg"}],"schema":{"@context":"https:\/\/schema.org","@graph":[{"@type":"WebSite","@id":"https:\/\/www.visit-ulcinj.com\/blog\/#website","url":"https:\/\/www.visit-ulcinj.com\/blog\/","name":"Lajme nga Ulqini","description":"Lajme,Vijesti,Ulqini,Ulqin,Crna Gora,Mali i Zi","potentialAction":[{"@type":"SearchAction","target":{"@type":"EntryPoint","urlTemplate":"https:\/\/www.visit-ulcinj.com\/blog\/?s={search_term_string}"},"query-input":"required name=search_term_string"}],"inLanguage":"en-US"},{"@type":"WebPage","@id":"https:\/\/www.visit-ulcinj.com\/blog\/wp-content\/uploads\/2008\/09\/stari-grad-ulcinj.jpg#webpage","url":"https:\/\/www.visit-ulcinj.com\/blog\/wp-content\/uploads\/2008\/09\/stari-grad-ulcinj.jpg","name":"stari-grad-ulcinj - Lajme nga Ulqini","isPartOf":{"@id":"https:\/\/www.visit-ulcinj.com\/blog\/#website"},"datePublished":"2008-09-21T13:12:17+00:00","dateModified":"2008-09-21T13:12:17+00:00","breadcrumb":{"@id":"https:\/\/www.visit-ulcinj.com\/blog\/wp-content\/uploads\/2008\/09\/stari-grad-ulcinj.jpg#breadcrumb"},"inLanguage":"en-US","potentialAction":[{"@type":"ReadAction","target":["https:\/\/www.visit-ulcinj.com\/blog\/wp-content\/uploads\/2008\/09\/stari-grad-ulcinj.jpg"]}]},{"@type":"BreadcrumbList","@id":"https:\/\/www.visit-ulcinj.com\/blog\/wp-content\/uploads\/2008\/09\/stari-grad-ulcinj.jpg#breadcrumb","itemListElement":[{"@type":"ListItem","position":1,"name":"Kalaja e Ulqinit t\u00eb ky\u00e7et n\u00eb Unesco","item":"https:\/\/www.visit-ulcinj.com\/blog\/2008\/09\/21\/kalaja-e-ulqinit-te-kycet-ne-unesco\/"},{"@type":"ListItem","position":2,"name":"stari-grad-ulcinj"}]}]}},"jetpack_sharing_enabled":true,"jetpack_shortlink":"https:\/\/wp.me\/ae6lTn-Ud","description":{"rendered":"<p class=\"attachment\"><a href='https:\/\/www.visit-ulcinj.com\/blog\/wp-content\/uploads\/2008\/09\/stari-grad-ulcinj.jpg'><img width=\"300\" height=\"215\" src=\"https:\/\/www.visit-ulcinj.com\/blog\/wp-content\/uploads\/2008\/09\/stari-grad-ulcinj.jpg\" class=\"attachment-medium size-medium\" alt=\"\" loading=\"lazy\" \/><\/a><\/p>\n"},"caption":{"rendered":""},"alt_text":"","media_type":"image","mime_type":"image\/jpeg","media_details":{"width":300,"height":215,"hwstring_small":"height='91' width='128'","file":"\/homepages\/28\/d204546190\/htdocs\/blog\/wp-content\/uploads\/2008\/09\/stari-grad-ulcinj.jpg","sizes":{"thumbnail":{"file":"stari-grad-ulcinj-150x150.jpg","width":150,"height":150,"source_url":"https:\/\/www.visit-ulcinj.com\/blog\/wp-content\/uploads\/2008\/09\/stari-grad-ulcinj-150x150.jpg"},"full":{"file":"stari-grad-ulcinj.jpg","width":300,"height":215,"mime_type":"image\/jpeg","source_url":"https:\/\/www.visit-ulcinj.com\/blog\/wp-content\/uploads\/2008\/09\/stari-grad-ulcinj.jpg"}},"image_meta":{"aperture":0,"credit":"","camera":"","caption":"","created_timestamp":0,"copyright":"","focal_length":0,"iso":0,"shutter_speed":0,"title":""}},"post":3484,"source_url":"https:\/\/www.visit-ulcinj.com\/blog\/wp-content\/uploads\/2008\/09\/stari-grad-ulcinj.jpg","_links":{"self":[{"href":"https:\/\/www.visit-ulcinj.com\/blog\/wp-json\/wp\/v2\/media\/3485"}],"collection":[{"href":"https:\/\/www.visit-ulcinj.com\/blog\/wp-json\/wp\/v2\/media"}],"about":[{"href":"https:\/\/www.visit-ulcinj.com\/blog\/wp-json\/wp\/v2\/types\/attachment"}],"author":[{"embeddable":true,"href":"https:\/\/www.visit-ulcinj.com\/blog\/wp-json\/wp\/v2\/users\/1"}],"replies":[{"embeddable":true,"href":"https:\/\/www.visit-ulcinj.com\/blog\/wp-json\/wp\/v2\/comments?post=3485"}]}}

<!-- This site is optimized with the Yoast SEO plugin v19.1 - https://yoast.com/wordpress/plugins/seo/ -->
<title>stari-grad-ulcinj - Lajme nga Ulqini</title>
<meta name="robots" content="index, follow, max-snippet:-1, max-image-preview:large, max-video-preview:-1" />
<link rel="canonical" href="https://www.visit-ulcinj.com/blog/wp-content/uploads/2008/09/stari-grad-ulcinj.jpg" />
<meta property="og:locale" content="en_US" />
<meta property="og:type" content="article" />
<meta property="og:title" content="stari-grad-ulcinj - Lajme nga Ulqini" />
<meta property="og:url" content="https://www.visit-ulcinj.com/blog/wp-content/uploads/2008/09/stari-grad-ulcinj.jpg" />
<meta property="og:site_name" content="Lajme nga Ulqini" />
<meta property="og:image" content="https://www.visit-ulcinj.com/blog/wp-content/uploads/2008/09/stari-grad-ulcinj.jpg" />
	<meta property="og:image:width" content="300" />
	<meta property="og:image:height" content="215" />
	<meta property="og:image:type" content="image/jpeg" />
<script type="application/ld+json" class="yoast-schema-graph">{"@context":"https://schema.org","@graph":[{"@type":"WebSite","@id":"https://www.visit-ulcinj.com/blog/#website","url":"https://www.visit-ulcinj.com/blog/","name":"Lajme nga Ulqini","description":"Lajme,Vijesti,Ulqini,Ulqin,Crna Gora,Mali i Zi","potentialAction":[{"@type":"SearchAction","target":{"@type":"EntryPoint","urlTemplate":"https://www.visit-ulcinj.com/blog/?s={search_term_string}"},"query-input":"required name=search_term_string"}],"inLanguage":"en-US"},{"@type":"WebPage","@id":"https://www.visit-ulcinj.com/blog/wp-content/uploads/2008/09/stari-grad-ulcinj.jpg#webpage","url":"https://www.visit-ulcinj.com/blog/wp-content/uploads/2008/09/stari-grad-ulcinj.jpg","name":"stari-grad-ulcinj - Lajme nga Ulqini","isPartOf":{"@id":"https://www.visit-ulcinj.com/blog/#website"},"datePublished":"2008-09-21T13:12:17+00:00","dateModified":"2008-09-21T13:12:17+00:00","breadcrumb":{"@id":"https://www.visit-ulcinj.com/blog/wp-content/uploads/2008/09/stari-grad-ulcinj.jpg#breadcrumb"},"inLanguage":"en-US","potentialAction":[{"@type":"ReadAction","target":["https://www.visit-ulcinj.com/blog/wp-content/uploads/2008/09/stari-grad-ulcinj.jpg"]}]},{"@type":"BreadcrumbList","@id":"https://www.visit-ulcinj.com/blog/wp-content/uploads/2008/09/stari-grad-ulcinj.jpg#breadcrumb","itemListElement":[{"@type":"ListItem","position":1,"name":"Kalaja e Ulqinit të kyçet në Unesco","item":"https://www.visit-ulcinj.com/blog/2008/09/21/kalaja-e-ulqinit-te-kycet-ne-unesco/"},{"@type":"ListItem","position":2,"name":"stari-grad-ulcinj"}]}]}</script>
<!-- / Yoast SEO plugin. -->

Kalaja e Ulqinit të kyçet në Unesco
