{"id":3938,"date":"2008-10-05T13:01:40","date_gmt":"2008-10-05T18:01:40","guid":{"rendered":"http:\/\/www.visit-ulcinj.com\/blog\/wp-content\/uploads\/2008\/10\/velika-plaza03_a.jpg"},"modified":"2008-10-05T13:01:40","modified_gmt":"2008-10-05T18:01:40","slug":"velika-plaza03_a","status":"inherit","type":"attachment","link":"https:\/\/www.visit-ulcinj.com\/blog\/2008\/10\/05\/toke-truall-per-shitje-ne-zogaj-darze-te-ulqinit-7-e-m%c2%b2-5\/velika-plaza03_a\/","title":{"rendered":"velika-plaza03_a"},"author":1,"comment_status":"open","ping_status":"closed","template":"","meta":{"spay_email":""},"yoast_head":"<!-- This site is optimized with the Yoast SEO plugin v19.1 - https:\/\/yoast.com\/wordpress\/plugins\/seo\/ -->\n<title>velika-plaza03_a - Lajme nga Ulqini<\/title>\n<meta name=\"robots\" content=\"index, follow, max-snippet:-1, max-image-preview:large, max-video-preview:-1\" \/>\n<link rel=\"canonical\" href=\"https:\/\/www.visit-ulcinj.com\/blog\/wp-content\/uploads\/2008\/10\/velika-plaza03_a.jpg\" \/>\n<meta property=\"og:locale\" content=\"en_US\" \/>\n<meta property=\"og:type\" content=\"article\" \/>\n<meta property=\"og:title\" content=\"velika-plaza03_a - Lajme nga Ulqini\" \/>\n<meta property=\"og:description\" content=\"Real Estate, Property, Land and Homes for Sale, lease and rent, Land Investments Group, Land For Sale in Ulcinj, Land For Sale in Montenegro, ??????? ??? ??????? ??????????????, Zemlja, za gradnju, Krute, Ulcinj, ada bojana, kupim zemlj\" \/>\n<meta property=\"og:url\" content=\"https:\/\/www.visit-ulcinj.com\/blog\/wp-content\/uploads\/2008\/10\/velika-plaza03_a.jpg\" \/>\n<meta property=\"og:site_name\" content=\"Lajme nga Ulqini\" \/>\n<meta property=\"og:image\" content=\"https:\/\/www.visit-ulcinj.com\/blog\/wp-content\/uploads\/2008\/10\/velika-plaza03_a.jpg\" \/>\n\t<meta property=\"og:image:width\" content=\"976\" \/>\n\t<meta property=\"og:image:height\" content=\"657\" \/>\n\t<meta property=\"og:image:type\" content=\"image\/jpeg\" \/>\n<script type=\"application\/ld+json\" class=\"yoast-schema-graph\">{\"@context\":\"https:\/\/schema.org\",\"@graph\":[{\"@type\":\"WebSite\",\"@id\":\"https:\/\/www.visit-ulcinj.com\/blog\/#website\",\"url\":\"https:\/\/www.visit-ulcinj.com\/blog\/\",\"name\":\"Lajme nga Ulqini\",\"description\":\"Lajme,Vijesti,Ulqini,Ulqin,Crna Gora,Mali i Zi\",\"potentialAction\":[{\"@type\":\"SearchAction\",\"target\":{\"@type\":\"EntryPoint\",\"urlTemplate\":\"https:\/\/www.visit-ulcinj.com\/blog\/?s={search_term_string}\"},\"query-input\":\"required name=search_term_string\"}],\"inLanguage\":\"en-US\"},{\"@type\":\"WebPage\",\"@id\":\"https:\/\/www.visit-ulcinj.com\/blog\/wp-content\/uploads\/2008\/10\/velika-plaza03_a.jpg#webpage\",\"url\":\"https:\/\/www.visit-ulcinj.com\/blog\/wp-content\/uploads\/2008\/10\/velika-plaza03_a.jpg\",\"name\":\"velika-plaza03_a - Lajme nga Ulqini\",\"isPartOf\":{\"@id\":\"https:\/\/www.visit-ulcinj.com\/blog\/#website\"},\"datePublished\":\"2008-10-05T18:01:40+00:00\",\"dateModified\":\"2008-10-05T18:01:40+00:00\",\"breadcrumb\":{\"@id\":\"https:\/\/www.visit-ulcinj.com\/blog\/wp-content\/uploads\/2008\/10\/velika-plaza03_a.jpg#breadcrumb\"},\"inLanguage\":\"en-US\",\"potentialAction\":[{\"@type\":\"ReadAction\",\"target\":[\"https:\/\/www.visit-ulcinj.com\/blog\/wp-content\/uploads\/2008\/10\/velika-plaza03_a.jpg\"]}]},{\"@type\":\"BreadcrumbList\",\"@id\":\"https:\/\/www.visit-ulcinj.com\/blog\/wp-content\/uploads\/2008\/10\/velika-plaza03_a.jpg#breadcrumb\",\"itemListElement\":[{\"@type\":\"ListItem\",\"position\":1,\"name\":\"Tok\u00eb &#8211; Truall p\u00ebr shitje n\u00eb Zogaj-Darz\u00eb t\u00eb Ulqinit 12 \u20ac m\u00b2\",\"item\":\"https:\/\/www.visit-ulcinj.com\/blog\/2008\/10\/05\/toke-truall-per-shitje-ne-zogaj-darze-te-ulqinit-7-e-m%c2%b2-5\/\"},{\"@type\":\"ListItem\",\"position\":2,\"name\":\"velika-plaza03_a\"}]}]}<\/script>\n<!-- \/ Yoast SEO plugin. -->","yoast_head_json":{"title":"velika-plaza03_a - Lajme nga Ulqini","robots":{"index":"index","follow":"follow","max-snippet":"max-snippet:-1","max-image-preview":"max-image-preview:large","max-video-preview":"max-video-preview:-1"},"canonical":"https:\/\/www.visit-ulcinj.com\/blog\/wp-content\/uploads\/2008\/10\/velika-plaza03_a.jpg","og_locale":"en_US","og_type":"article","og_title":"velika-plaza03_a - Lajme nga Ulqini","og_description":"Real Estate, Property, Land and Homes for Sale, lease and rent, Land Investments Group, Land For Sale in Ulcinj, Land For Sale in Montenegro, ??????? ??? ??????? ??????????????, Zemlja, za gradnju, Krute, Ulcinj, ada bojana, kupim zemlj","og_url":"https:\/\/www.visit-ulcinj.com\/blog\/wp-content\/uploads\/2008\/10\/velika-plaza03_a.jpg","og_site_name":"Lajme nga Ulqini","og_image":[{"width":976,"height":657,"url":"https:\/\/www.visit-ulcinj.com\/blog\/wp-content\/uploads\/2008\/10\/velika-plaza03_a.jpg","type":"image\/jpeg"}],"schema":{"@context":"https:\/\/schema.org","@graph":[{"@type":"WebSite","@id":"https:\/\/www.visit-ulcinj.com\/blog\/#website","url":"https:\/\/www.visit-ulcinj.com\/blog\/","name":"Lajme nga Ulqini","description":"Lajme,Vijesti,Ulqini,Ulqin,Crna Gora,Mali i Zi","potentialAction":[{"@type":"SearchAction","target":{"@type":"EntryPoint","urlTemplate":"https:\/\/www.visit-ulcinj.com\/blog\/?s={search_term_string}"},"query-input":"required name=search_term_string"}],"inLanguage":"en-US"},{"@type":"WebPage","@id":"https:\/\/www.visit-ulcinj.com\/blog\/wp-content\/uploads\/2008\/10\/velika-plaza03_a.jpg#webpage","url":"https:\/\/www.visit-ulcinj.com\/blog\/wp-content\/uploads\/2008\/10\/velika-plaza03_a.jpg","name":"velika-plaza03_a - Lajme nga Ulqini","isPartOf":{"@id":"https:\/\/www.visit-ulcinj.com\/blog\/#website"},"datePublished":"2008-10-05T18:01:40+00:00","dateModified":"2008-10-05T18:01:40+00:00","breadcrumb":{"@id":"https:\/\/www.visit-ulcinj.com\/blog\/wp-content\/uploads\/2008\/10\/velika-plaza03_a.jpg#breadcrumb"},"inLanguage":"en-US","potentialAction":[{"@type":"ReadAction","target":["https:\/\/www.visit-ulcinj.com\/blog\/wp-content\/uploads\/2008\/10\/velika-plaza03_a.jpg"]}]},{"@type":"BreadcrumbList","@id":"https:\/\/www.visit-ulcinj.com\/blog\/wp-content\/uploads\/2008\/10\/velika-plaza03_a.jpg#breadcrumb","itemListElement":[{"@type":"ListItem","position":1,"name":"Tok\u00eb &#8211; Truall p\u00ebr shitje n\u00eb Zogaj-Darz\u00eb t\u00eb Ulqinit 12 \u20ac m\u00b2","item":"https:\/\/www.visit-ulcinj.com\/blog\/2008\/10\/05\/toke-truall-per-shitje-ne-zogaj-darze-te-ulqinit-7-e-m%c2%b2-5\/"},{"@type":"ListItem","position":2,"name":"velika-plaza03_a"}]}]}},"jetpack_sharing_enabled":true,"jetpack_shortlink":"https:\/\/wp.me\/ae6lTn-11w","description":{"rendered":"<p class=\"attachment\"><a href='https:\/\/www.visit-ulcinj.com\/blog\/wp-content\/uploads\/2008\/10\/velika-plaza03_a.jpg'><img width=\"300\" height=\"201\" src=\"https:\/\/www.visit-ulcinj.com\/blog\/wp-content\/uploads\/2008\/10\/velika-plaza03_a-300x201.jpg\" class=\"attachment-medium size-medium\" alt=\"\" loading=\"lazy\" srcset=\"https:\/\/www.visit-ulcinj.com\/blog\/wp-content\/uploads\/2008\/10\/velika-plaza03_a-300x201.jpg 300w, https:\/\/www.visit-ulcinj.com\/blog\/wp-content\/uploads\/2008\/10\/velika-plaza03_a.jpg 976w\" sizes=\"(max-width: 300px) 100vw, 300px\" \/><\/a><\/p>\n<p>Real Estate, Property, Land and Homes for Sale, lease and rent, Land Investments Group, Land For Sale in Ulcinj, Land For Sale in Montenegro, ??????? ??? ??????? ??????????????, Zemlja, za gradnju, Krute, Ulcinj, ada bojana, kupim zemlj<\/p>\n"},"caption":{"rendered":"<p>Real Estate, Property, Land and Homes for Sale, lease and rent, Land Investments Group, Land For Sale in Ulcinj, Land For Sale in Montenegro, ??????? ??? ??????? ??????????????, Zemlja, za gradnju, Krute, Ulcinj, ada bojana, kupim zemlj<\/p>\n"},"alt_text":"","media_type":"image","mime_type":"image\/jpeg","media_details":{"width":976,"height":657,"hwstring_small":"height='86' width='128'","file":"\/homepages\/28\/d204546190\/htdocs\/blog\/wp-content\/uploads\/2008\/10\/velika-plaza03_a.jpg","sizes":{"thumbnail":{"file":"velika-plaza03_a-150x150.jpg","width":150,"height":150,"source_url":"https:\/\/www.visit-ulcinj.com\/blog\/wp-content\/uploads\/2008\/10\/velika-plaza03_a-150x150.jpg"},"medium":{"file":"velika-plaza03_a-300x201.jpg","width":300,"height":201,"source_url":"https:\/\/www.visit-ulcinj.com\/blog\/wp-content\/uploads\/2008\/10\/velika-plaza03_a-300x201.jpg"},"full":{"file":"velika-plaza03_a.jpg","width":976,"height":657,"mime_type":"image\/jpeg","source_url":"https:\/\/www.visit-ulcinj.com\/blog\/wp-content\/uploads\/2008\/10\/velika-plaza03_a.jpg"}},"image_meta":{"aperture":0,"credit":"","camera":"","caption":"","created_timestamp":0,"copyright":"","focal_length":0,"iso":0,"shutter_speed":0,"title":""}},"post":3936,"source_url":"https:\/\/www.visit-ulcinj.com\/blog\/wp-content\/uploads\/2008\/10\/velika-plaza03_a.jpg","_links":{"self":[{"href":"https:\/\/www.visit-ulcinj.com\/blog\/wp-json\/wp\/v2\/media\/3938"}],"collection":[{"href":"https:\/\/www.visit-ulcinj.com\/blog\/wp-json\/wp\/v2\/media"}],"about":[{"href":"https:\/\/www.visit-ulcinj.com\/blog\/wp-json\/wp\/v2\/types\/attachment"}],"author":[{"embeddable":true,"href":"https:\/\/www.visit-ulcinj.com\/blog\/wp-json\/wp\/v2\/users\/1"}],"replies":[{"embeddable":true,"href":"https:\/\/www.visit-ulcinj.com\/blog\/wp-json\/wp\/v2\/comments?post=3938"}]}}

<!-- This site is optimized with the Yoast SEO plugin v19.1 - https://yoast.com/wordpress/plugins/seo/ -->
<title>velika-plaza03_a - Lajme nga Ulqini</title>
<meta name="robots" content="index, follow, max-snippet:-1, max-image-preview:large, max-video-preview:-1" />
<link rel="canonical" href="https://www.visit-ulcinj.com/blog/wp-content/uploads/2008/10/velika-plaza03_a.jpg" />
<meta property="og:locale" content="en_US" />
<meta property="og:type" content="article" />
<meta property="og:title" content="velika-plaza03_a - Lajme nga Ulqini" />
<meta property="og:description" content="Real Estate, Property, Land and Homes for Sale, lease and rent, Land Investments Group, Land For Sale in Ulcinj, Land For Sale in Montenegro, ??????? ??? ??????? ??????????????, Zemlja, za gradnju, Krute, Ulcinj, ada bojana, kupim zemlj" />
<meta property="og:url" content="https://www.visit-ulcinj.com/blog/wp-content/uploads/2008/10/velika-plaza03_a.jpg" />
<meta property="og:site_name" content="Lajme nga Ulqini" />
<meta property="og:image" content="https://www.visit-ulcinj.com/blog/wp-content/uploads/2008/10/velika-plaza03_a.jpg" />
	<meta property="og:image:width" content="976" />
	<meta property="og:image:height" content="657" />
	<meta property="og:image:type" content="image/jpeg" />
<script type="application/ld+json" class="yoast-schema-graph">{"@context":"https://schema.org","@graph":[{"@type":"WebSite","@id":"https://www.visit-ulcinj.com/blog/#website","url":"https://www.visit-ulcinj.com/blog/","name":"Lajme nga Ulqini","description":"Lajme,Vijesti,Ulqini,Ulqin,Crna Gora,Mali i Zi","potentialAction":[{"@type":"SearchAction","target":{"@type":"EntryPoint","urlTemplate":"https://www.visit-ulcinj.com/blog/?s={search_term_string}"},"query-input":"required name=search_term_string"}],"inLanguage":"en-US"},{"@type":"WebPage","@id":"https://www.visit-ulcinj.com/blog/wp-content/uploads/2008/10/velika-plaza03_a.jpg#webpage","url":"https://www.visit-ulcinj.com/blog/wp-content/uploads/2008/10/velika-plaza03_a.jpg","name":"velika-plaza03_a - Lajme nga Ulqini","isPartOf":{"@id":"https://www.visit-ulcinj.com/blog/#website"},"datePublished":"2008-10-05T18:01:40+00:00","dateModified":"2008-10-05T18:01:40+00:00","breadcrumb":{"@id":"https://www.visit-ulcinj.com/blog/wp-content/uploads/2008/10/velika-plaza03_a.jpg#breadcrumb"},"inLanguage":"en-US","potentialAction":[{"@type":"ReadAction","target":["https://www.visit-ulcinj.com/blog/wp-content/uploads/2008/10/velika-plaza03_a.jpg"]}]},{"@type":"BreadcrumbList","@id":"https://www.visit-ulcinj.com/blog/wp-content/uploads/2008/10/velika-plaza03_a.jpg#breadcrumb","itemListElement":[{"@type":"ListItem","position":1,"name":"Tokë &#8211; Truall për shitje në Zogaj-Darzë të Ulqinit 12 € m²","item":"https://www.visit-ulcinj.com/blog/2008/10/05/toke-truall-per-shitje-ne-zogaj-darze-te-ulqinit-7-e-m%c2%b2-5/"},{"@type":"ListItem","position":2,"name":"velika-plaza03_a"}]}]}</script>
<!-- / Yoast SEO plugin. -->

Tokë &#8211; Truall për shitje në Zogaj-Darzë të Ulqinit 12 € m²
