{"id":3943,"date":"2008-10-05T13:27:53","date_gmt":"2008-10-05T18:27:53","guid":{"rendered":"http:\/\/www.visit-ulcinj.com\/blog\/wp-content\/uploads\/2008\/10\/darza_3.jpg"},"modified":"2008-10-05T13:27:53","modified_gmt":"2008-10-05T18:27:53","slug":"darza_3","status":"inherit","type":"attachment","link":"https:\/\/www.visit-ulcinj.com\/blog\/2008\/10\/05\/toke-truall-per-shitje-ne-zogaj-darze-te-ulqinit-7-e-m%c2%b2-5\/darza_3\/","title":{"rendered":"darza_3"},"author":1,"comment_status":"open","ping_status":"closed","template":"","meta":{"spay_email":""},"yoast_head":"<!-- This site is optimized with the Yoast SEO plugin v19.1 - https:\/\/yoast.com\/wordpress\/plugins\/seo\/ -->\n<title>darza_3 - Lajme nga Ulqini<\/title>\n<meta name=\"robots\" content=\"index, follow, max-snippet:-1, max-image-preview:large, max-video-preview:-1\" \/>\n<link rel=\"canonical\" href=\"https:\/\/www.visit-ulcinj.com\/blog\/wp-content\/uploads\/2008\/10\/darza_3.jpg\" \/>\n<meta property=\"og:locale\" content=\"en_US\" \/>\n<meta property=\"og:type\" content=\"article\" \/>\n<meta property=\"og:title\" content=\"darza_3 - Lajme nga Ulqini\" \/>\n<meta property=\"og:description\" content=\"www.visit-ulcinj.com\/Immobilien \u00e7do dite ju ofron di\u00e7ka t\u00eb re!Web sait p\u00ebr t\u00eb gjith\u00eb q\u00eb azhurohet \u00e7do dit\u00eb.Web faqe edhe p\u00ebr ju!Beni shpallje marketingu reklama publikime lajmerime njoftime edhe ju per oferten pronen paluajtshmerine patundshmeri\" \/>\n<meta property=\"og:url\" content=\"https:\/\/www.visit-ulcinj.com\/blog\/wp-content\/uploads\/2008\/10\/darza_3.jpg\" \/>\n<meta property=\"og:site_name\" content=\"Lajme nga Ulqini\" \/>\n<meta property=\"og:image\" content=\"https:\/\/www.visit-ulcinj.com\/blog\/wp-content\/uploads\/2008\/10\/darza_3.jpg\" \/>\n\t<meta property=\"og:image:width\" content=\"600\" \/>\n\t<meta property=\"og:image:height\" content=\"450\" \/>\n\t<meta property=\"og:image:type\" content=\"image\/jpeg\" \/>\n<script type=\"application\/ld+json\" class=\"yoast-schema-graph\">{\"@context\":\"https:\/\/schema.org\",\"@graph\":[{\"@type\":\"WebSite\",\"@id\":\"https:\/\/www.visit-ulcinj.com\/blog\/#website\",\"url\":\"https:\/\/www.visit-ulcinj.com\/blog\/\",\"name\":\"Lajme nga Ulqini\",\"description\":\"Lajme,Vijesti,Ulqini,Ulqin,Crna Gora,Mali i Zi\",\"potentialAction\":[{\"@type\":\"SearchAction\",\"target\":{\"@type\":\"EntryPoint\",\"urlTemplate\":\"https:\/\/www.visit-ulcinj.com\/blog\/?s={search_term_string}\"},\"query-input\":\"required name=search_term_string\"}],\"inLanguage\":\"en-US\"},{\"@type\":\"WebPage\",\"@id\":\"https:\/\/www.visit-ulcinj.com\/blog\/wp-content\/uploads\/2008\/10\/darza_3.jpg#webpage\",\"url\":\"https:\/\/www.visit-ulcinj.com\/blog\/wp-content\/uploads\/2008\/10\/darza_3.jpg\",\"name\":\"darza_3 - Lajme nga Ulqini\",\"isPartOf\":{\"@id\":\"https:\/\/www.visit-ulcinj.com\/blog\/#website\"},\"datePublished\":\"2008-10-05T18:27:53+00:00\",\"dateModified\":\"2008-10-05T18:27:53+00:00\",\"breadcrumb\":{\"@id\":\"https:\/\/www.visit-ulcinj.com\/blog\/wp-content\/uploads\/2008\/10\/darza_3.jpg#breadcrumb\"},\"inLanguage\":\"en-US\",\"potentialAction\":[{\"@type\":\"ReadAction\",\"target\":[\"https:\/\/www.visit-ulcinj.com\/blog\/wp-content\/uploads\/2008\/10\/darza_3.jpg\"]}]},{\"@type\":\"BreadcrumbList\",\"@id\":\"https:\/\/www.visit-ulcinj.com\/blog\/wp-content\/uploads\/2008\/10\/darza_3.jpg#breadcrumb\",\"itemListElement\":[{\"@type\":\"ListItem\",\"position\":1,\"name\":\"Tok\u00eb &#8211; Truall p\u00ebr shitje n\u00eb Zogaj-Darz\u00eb t\u00eb Ulqinit 12 \u20ac m\u00b2\",\"item\":\"https:\/\/www.visit-ulcinj.com\/blog\/2008\/10\/05\/toke-truall-per-shitje-ne-zogaj-darze-te-ulqinit-7-e-m%c2%b2-5\/\"},{\"@type\":\"ListItem\",\"position\":2,\"name\":\"darza_3\"}]}]}<\/script>\n<!-- \/ Yoast SEO plugin. -->","yoast_head_json":{"title":"darza_3 - Lajme nga Ulqini","robots":{"index":"index","follow":"follow","max-snippet":"max-snippet:-1","max-image-preview":"max-image-preview:large","max-video-preview":"max-video-preview:-1"},"canonical":"https:\/\/www.visit-ulcinj.com\/blog\/wp-content\/uploads\/2008\/10\/darza_3.jpg","og_locale":"en_US","og_type":"article","og_title":"darza_3 - Lajme nga Ulqini","og_description":"www.visit-ulcinj.com\/Immobilien \u00e7do dite ju ofron di\u00e7ka t\u00eb re!Web sait p\u00ebr t\u00eb gjith\u00eb q\u00eb azhurohet \u00e7do dit\u00eb.Web faqe edhe p\u00ebr ju!Beni shpallje marketingu reklama publikime lajmerime njoftime edhe ju per oferten pronen paluajtshmerine patundshmeri","og_url":"https:\/\/www.visit-ulcinj.com\/blog\/wp-content\/uploads\/2008\/10\/darza_3.jpg","og_site_name":"Lajme nga Ulqini","og_image":[{"width":600,"height":450,"url":"https:\/\/www.visit-ulcinj.com\/blog\/wp-content\/uploads\/2008\/10\/darza_3.jpg","type":"image\/jpeg"}],"schema":{"@context":"https:\/\/schema.org","@graph":[{"@type":"WebSite","@id":"https:\/\/www.visit-ulcinj.com\/blog\/#website","url":"https:\/\/www.visit-ulcinj.com\/blog\/","name":"Lajme nga Ulqini","description":"Lajme,Vijesti,Ulqini,Ulqin,Crna Gora,Mali i Zi","potentialAction":[{"@type":"SearchAction","target":{"@type":"EntryPoint","urlTemplate":"https:\/\/www.visit-ulcinj.com\/blog\/?s={search_term_string}"},"query-input":"required name=search_term_string"}],"inLanguage":"en-US"},{"@type":"WebPage","@id":"https:\/\/www.visit-ulcinj.com\/blog\/wp-content\/uploads\/2008\/10\/darza_3.jpg#webpage","url":"https:\/\/www.visit-ulcinj.com\/blog\/wp-content\/uploads\/2008\/10\/darza_3.jpg","name":"darza_3 - Lajme nga Ulqini","isPartOf":{"@id":"https:\/\/www.visit-ulcinj.com\/blog\/#website"},"datePublished":"2008-10-05T18:27:53+00:00","dateModified":"2008-10-05T18:27:53+00:00","breadcrumb":{"@id":"https:\/\/www.visit-ulcinj.com\/blog\/wp-content\/uploads\/2008\/10\/darza_3.jpg#breadcrumb"},"inLanguage":"en-US","potentialAction":[{"@type":"ReadAction","target":["https:\/\/www.visit-ulcinj.com\/blog\/wp-content\/uploads\/2008\/10\/darza_3.jpg"]}]},{"@type":"BreadcrumbList","@id":"https:\/\/www.visit-ulcinj.com\/blog\/wp-content\/uploads\/2008\/10\/darza_3.jpg#breadcrumb","itemListElement":[{"@type":"ListItem","position":1,"name":"Tok\u00eb &#8211; Truall p\u00ebr shitje n\u00eb Zogaj-Darz\u00eb t\u00eb Ulqinit 12 \u20ac m\u00b2","item":"https:\/\/www.visit-ulcinj.com\/blog\/2008\/10\/05\/toke-truall-per-shitje-ne-zogaj-darze-te-ulqinit-7-e-m%c2%b2-5\/"},{"@type":"ListItem","position":2,"name":"darza_3"}]}]}},"jetpack_sharing_enabled":true,"jetpack_shortlink":"https:\/\/wp.me\/ae6lTn-11B","description":{"rendered":"<p class=\"attachment\"><a href='https:\/\/www.visit-ulcinj.com\/blog\/wp-content\/uploads\/2008\/10\/darza_3.jpg'><img width=\"300\" height=\"225\" src=\"https:\/\/www.visit-ulcinj.com\/blog\/wp-content\/uploads\/2008\/10\/darza_3-300x225.jpg\" class=\"attachment-medium size-medium\" alt=\"\" loading=\"lazy\" srcset=\"https:\/\/www.visit-ulcinj.com\/blog\/wp-content\/uploads\/2008\/10\/darza_3-300x225.jpg 300w, https:\/\/www.visit-ulcinj.com\/blog\/wp-content\/uploads\/2008\/10\/darza_3.jpg 600w\" sizes=\"(max-width: 300px) 100vw, 300px\" \/><\/a><\/p>\n<p>www.visit-ulcinj.com\/Immobilien \u00e7do dite ju ofron di\u00e7ka t\u00eb re!Web sait p\u00ebr t\u00eb gjith\u00eb q\u00eb azhurohet \u00e7do dit\u00eb.Web faqe edhe p\u00ebr ju!Beni shpallje marketingu reklama publikime lajmerime njoftime edhe ju per oferten pronen paluajtshmerine patundshmeri<\/p>\n"},"caption":{"rendered":"<p>www.visit-ulcinj.com\/Immobilien \u00e7do dite ju ofron di\u00e7ka t\u00eb re!Web sait p\u00ebr t\u00eb gjith\u00eb q\u00eb azhurohet \u00e7do dit\u00eb.Web faqe edhe p\u00ebr ju!Beni shpallje marketingu reklama publikime lajmerime njoftime edhe ju per oferten pronen paluajtshmerine patundshmeri<\/p>\n"},"alt_text":"","media_type":"image","mime_type":"image\/jpeg","media_details":{"width":600,"height":450,"hwstring_small":"height='96' width='128'","file":"\/homepages\/28\/d204546190\/htdocs\/blog\/wp-content\/uploads\/2008\/10\/darza_3.jpg","sizes":{"thumbnail":{"file":"darza_3-150x150.jpg","width":150,"height":150,"source_url":"https:\/\/www.visit-ulcinj.com\/blog\/wp-content\/uploads\/2008\/10\/darza_3-150x150.jpg"},"medium":{"file":"darza_3-300x225.jpg","width":300,"height":225,"source_url":"https:\/\/www.visit-ulcinj.com\/blog\/wp-content\/uploads\/2008\/10\/darza_3-300x225.jpg"},"full":{"file":"darza_3.jpg","width":600,"height":450,"mime_type":"image\/jpeg","source_url":"https:\/\/www.visit-ulcinj.com\/blog\/wp-content\/uploads\/2008\/10\/darza_3.jpg"}},"image_meta":{"aperture":6.29999999999999982236431605997495353221893310546875,"credit":"","camera":"u790SW,S790SW","caption":"","created_timestamp":1217514613,"copyright":"","focal_length":6.70000000000000017763568394002504646778106689453125,"iso":80,"shutter_speed":0.0025000000000000000520417042793042128323577344417572021484375,"title":""}},"post":3936,"source_url":"https:\/\/www.visit-ulcinj.com\/blog\/wp-content\/uploads\/2008\/10\/darza_3.jpg","_links":{"self":[{"href":"https:\/\/www.visit-ulcinj.com\/blog\/wp-json\/wp\/v2\/media\/3943"}],"collection":[{"href":"https:\/\/www.visit-ulcinj.com\/blog\/wp-json\/wp\/v2\/media"}],"about":[{"href":"https:\/\/www.visit-ulcinj.com\/blog\/wp-json\/wp\/v2\/types\/attachment"}],"author":[{"embeddable":true,"href":"https:\/\/www.visit-ulcinj.com\/blog\/wp-json\/wp\/v2\/users\/1"}],"replies":[{"embeddable":true,"href":"https:\/\/www.visit-ulcinj.com\/blog\/wp-json\/wp\/v2\/comments?post=3943"}]}}

<!-- This site is optimized with the Yoast SEO plugin v19.1 - https://yoast.com/wordpress/plugins/seo/ -->
<title>darza_3 - Lajme nga Ulqini</title>
<meta name="robots" content="index, follow, max-snippet:-1, max-image-preview:large, max-video-preview:-1" />
<link rel="canonical" href="https://www.visit-ulcinj.com/blog/wp-content/uploads/2008/10/darza_3.jpg" />
<meta property="og:locale" content="en_US" />
<meta property="og:type" content="article" />
<meta property="og:title" content="darza_3 - Lajme nga Ulqini" />
<meta property="og:description" content="www.visit-ulcinj.com/Immobilien çdo dite ju ofron diçka të re!Web sait për të gjithë që azhurohet çdo ditë.Web faqe edhe për ju!Beni shpallje marketingu reklama publikime lajmerime njoftime edhe ju per oferten pronen paluajtshmerine patundshmeri" />
<meta property="og:url" content="https://www.visit-ulcinj.com/blog/wp-content/uploads/2008/10/darza_3.jpg" />
<meta property="og:site_name" content="Lajme nga Ulqini" />
<meta property="og:image" content="https://www.visit-ulcinj.com/blog/wp-content/uploads/2008/10/darza_3.jpg" />
	<meta property="og:image:width" content="600" />
	<meta property="og:image:height" content="450" />
	<meta property="og:image:type" content="image/jpeg" />
<script type="application/ld+json" class="yoast-schema-graph">{"@context":"https://schema.org","@graph":[{"@type":"WebSite","@id":"https://www.visit-ulcinj.com/blog/#website","url":"https://www.visit-ulcinj.com/blog/","name":"Lajme nga Ulqini","description":"Lajme,Vijesti,Ulqini,Ulqin,Crna Gora,Mali i Zi","potentialAction":[{"@type":"SearchAction","target":{"@type":"EntryPoint","urlTemplate":"https://www.visit-ulcinj.com/blog/?s={search_term_string}"},"query-input":"required name=search_term_string"}],"inLanguage":"en-US"},{"@type":"WebPage","@id":"https://www.visit-ulcinj.com/blog/wp-content/uploads/2008/10/darza_3.jpg#webpage","url":"https://www.visit-ulcinj.com/blog/wp-content/uploads/2008/10/darza_3.jpg","name":"darza_3 - Lajme nga Ulqini","isPartOf":{"@id":"https://www.visit-ulcinj.com/blog/#website"},"datePublished":"2008-10-05T18:27:53+00:00","dateModified":"2008-10-05T18:27:53+00:00","breadcrumb":{"@id":"https://www.visit-ulcinj.com/blog/wp-content/uploads/2008/10/darza_3.jpg#breadcrumb"},"inLanguage":"en-US","potentialAction":[{"@type":"ReadAction","target":["https://www.visit-ulcinj.com/blog/wp-content/uploads/2008/10/darza_3.jpg"]}]},{"@type":"BreadcrumbList","@id":"https://www.visit-ulcinj.com/blog/wp-content/uploads/2008/10/darza_3.jpg#breadcrumb","itemListElement":[{"@type":"ListItem","position":1,"name":"Tokë &#8211; Truall për shitje në Zogaj-Darzë të Ulqinit 12 € m²","item":"https://www.visit-ulcinj.com/blog/2008/10/05/toke-truall-per-shitje-ne-zogaj-darze-te-ulqinit-7-e-m%c2%b2-5/"},{"@type":"ListItem","position":2,"name":"darza_3"}]}]}</script>
<!-- / Yoast SEO plugin. -->

www.visit-ulcinj.com/Immobilien çdo dite ju ofron diçka të re!Web sait për të gjithë që azhurohet çdo ditë.Web faqe edhe për ju!Beni shpallje marketingu reklama publikime lajmerime njoftime edhe ju per oferten pronen paluajtshmerine patundshmeri

Tokë &#8211; Truall për shitje në Zogaj-Darzë të Ulqinit 12 € m²

<p class="attachment"><a href='https://www.visit-ulcinj.com/blog/wp-content/uploads/2008/10/darza_3.jpg'><img width="300" height="225" src="https://www.visit-ulcinj.com/blog/wp-content/uploads/2008/10/darza_3-300x225.jpg" class="attachment-medium size-medium" alt="" loading="lazy" srcset="https://www.visit-ulcinj.com/blog/wp-content/uploads/2008/10/darza_3-300x225.jpg 300w, https://www.visit-ulcinj.com/blog/wp-content/uploads/2008/10/darza_3.jpg 600w" sizes="(max-width: 300px) 100vw, 300px" /></a></p>
<p>www.visit-ulcinj.com/Immobilien çdo dite ju ofron diçka të re!Web sait për të gjithë që azhurohet çdo ditë.Web faqe edhe për ju!Beni shpallje marketingu reklama publikime lajmerime njoftime edhe ju per oferten pronen paluajtshmerine patundshmeri</p>

<p>www.visit-ulcinj.com/Immobilien çdo dite ju ofron diçka të re!Web sait për të gjithë që azhurohet çdo ditë.Web faqe edhe për ju!Beni shpallje marketingu reklama publikime lajmerime njoftime edhe ju per oferten pronen paluajtshmerine patundshmeri</p>
