{"id":51726,"date":"2011-10-03T22:03:19","date_gmt":"2011-10-03T21:03:19","guid":{"rendered":"http:\/\/www.visit-ulcinj.com\/blog\/wp-content\/uploads\/2011\/10\/Komuna-Ulqinit-Press.jpg"},"modified":"2011-10-03T22:03:19","modified_gmt":"2011-10-03T21:03:19","slug":"komuna-ulqinit-press-2","status":"inherit","type":"attachment","link":"https:\/\/www.visit-ulcinj.com\/blog\/2011\/10\/03\/sluzba-za-infomisanje-predsjednika-opstine-ulcinj-obavijestava\/komuna-ulqinit-press-2\/","title":{"rendered":"Komuna-Ulqinit-Press"},"author":1,"comment_status":"open","ping_status":"closed","template":"","meta":{"spay_email":""},"yoast_head":"<!-- This site is optimized with the Yoast SEO plugin v19.1 - https:\/\/yoast.com\/wordpress\/plugins\/seo\/ -->\n<title>Komuna-Ulqinit-Press - Lajme nga Ulqini<\/title>\n<meta name=\"robots\" content=\"index, follow, max-snippet:-1, max-image-preview:large, max-video-preview:-1\" \/>\n<link rel=\"canonical\" href=\"https:\/\/www.visit-ulcinj.com\/blog\/wp-content\/uploads\/2011\/10\/Komuna-Ulqinit-Press.jpg\" \/>\n<meta property=\"og:locale\" content=\"en_US\" \/>\n<meta property=\"og:type\" content=\"article\" \/>\n<meta property=\"og:title\" content=\"Komuna-Ulqinit-Press - Lajme nga Ulqini\" \/>\n<meta property=\"og:description\" content=\"Slu\u017eba za infomisanje predsjednika Op\u0161tine Ulcinj obavije\u0161tava javnost da se Op\u0161tina Ulcinj obratila Vrhovnom dr\u017eavnom tu\u017eila\u0161tvu \u2013 Odjeljenju za suzbijanje organizovanog kriminala, terorizma i ratnih zlo\u010dina i zatra\u017eila pokretanje krivi\u010dnog postupka protiv slu\u017ebenika Sekretarijata za \u017ea\u0161titu imovine i odgovornog radnika arhivske slu\u017ebe Op\u0161tine Ulcinj zbog postojanja sumnje da su po\u010dinili krivi\u010dno djelo zloupotrebe slu\u017eenog polo\u017eaja [&hellip;]\" \/>\n<meta property=\"og:url\" content=\"https:\/\/www.visit-ulcinj.com\/blog\/wp-content\/uploads\/2011\/10\/Komuna-Ulqinit-Press.jpg\" \/>\n<meta property=\"og:site_name\" content=\"Lajme nga Ulqini\" \/>\n<meta property=\"og:image\" content=\"https:\/\/www.visit-ulcinj.com\/blog\/wp-content\/uploads\/2011\/10\/Komuna-Ulqinit-Press.jpg\" \/>\n\t<meta property=\"og:image:width\" content=\"720\" \/>\n\t<meta property=\"og:image:height\" content=\"576\" \/>\n\t<meta property=\"og:image:type\" content=\"image\/jpeg\" \/>\n<meta name=\"twitter:label1\" content=\"Est. reading time\" \/>\n\t<meta name=\"twitter:data1\" content=\"1 minute\" \/>\n<script type=\"application\/ld+json\" class=\"yoast-schema-graph\">{\"@context\":\"https:\/\/schema.org\",\"@graph\":[{\"@type\":\"WebSite\",\"@id\":\"https:\/\/www.visit-ulcinj.com\/blog\/#website\",\"url\":\"https:\/\/www.visit-ulcinj.com\/blog\/\",\"name\":\"Lajme nga Ulqini\",\"description\":\"Lajme,Vijesti,Ulqini,Ulqin,Crna Gora,Mali i Zi\",\"potentialAction\":[{\"@type\":\"SearchAction\",\"target\":{\"@type\":\"EntryPoint\",\"urlTemplate\":\"https:\/\/www.visit-ulcinj.com\/blog\/?s={search_term_string}\"},\"query-input\":\"required name=search_term_string\"}],\"inLanguage\":\"en-US\"},{\"@type\":\"WebPage\",\"@id\":\"https:\/\/www.visit-ulcinj.com\/blog\/wp-content\/uploads\/2011\/10\/Komuna-Ulqinit-Press.jpg#webpage\",\"url\":\"https:\/\/www.visit-ulcinj.com\/blog\/wp-content\/uploads\/2011\/10\/Komuna-Ulqinit-Press.jpg\",\"name\":\"Komuna-Ulqinit-Press - Lajme nga Ulqini\",\"isPartOf\":{\"@id\":\"https:\/\/www.visit-ulcinj.com\/blog\/#website\"},\"datePublished\":\"2011-10-03T21:03:19+00:00\",\"dateModified\":\"2011-10-03T21:03:19+00:00\",\"breadcrumb\":{\"@id\":\"https:\/\/www.visit-ulcinj.com\/blog\/wp-content\/uploads\/2011\/10\/Komuna-Ulqinit-Press.jpg#breadcrumb\"},\"inLanguage\":\"en-US\",\"potentialAction\":[{\"@type\":\"ReadAction\",\"target\":[\"https:\/\/www.visit-ulcinj.com\/blog\/wp-content\/uploads\/2011\/10\/Komuna-Ulqinit-Press.jpg\"]}]},{\"@type\":\"BreadcrumbList\",\"@id\":\"https:\/\/www.visit-ulcinj.com\/blog\/wp-content\/uploads\/2011\/10\/Komuna-Ulqinit-Press.jpg#breadcrumb\",\"itemListElement\":[{\"@type\":\"ListItem\",\"position\":1,\"name\":\"Slu\u017eba za infomisanje predsjednika Op\u0161tine Ulcinj obavije\u0161tava\",\"item\":\"https:\/\/www.visit-ulcinj.com\/blog\/2011\/10\/03\/sluzba-za-infomisanje-predsjednika-opstine-ulcinj-obavijestava\/\"},{\"@type\":\"ListItem\",\"position\":2,\"name\":\"Komuna-Ulqinit-Press\"}]}]}<\/script>\n<!-- \/ Yoast SEO plugin. -->","yoast_head_json":{"title":"Komuna-Ulqinit-Press - Lajme nga Ulqini","robots":{"index":"index","follow":"follow","max-snippet":"max-snippet:-1","max-image-preview":"max-image-preview:large","max-video-preview":"max-video-preview:-1"},"canonical":"https:\/\/www.visit-ulcinj.com\/blog\/wp-content\/uploads\/2011\/10\/Komuna-Ulqinit-Press.jpg","og_locale":"en_US","og_type":"article","og_title":"Komuna-Ulqinit-Press - Lajme nga Ulqini","og_description":"Slu\u017eba za infomisanje predsjednika Op\u0161tine Ulcinj obavije\u0161tava javnost da se Op\u0161tina Ulcinj obratila Vrhovnom dr\u017eavnom tu\u017eila\u0161tvu \u2013 Odjeljenju za suzbijanje organizovanog kriminala, terorizma i ratnih zlo\u010dina i zatra\u017eila pokretanje krivi\u010dnog postupka protiv slu\u017ebenika Sekretarijata za \u017ea\u0161titu imovine i odgovornog radnika arhivske slu\u017ebe Op\u0161tine Ulcinj zbog postojanja sumnje da su po\u010dinili krivi\u010dno djelo zloupotrebe slu\u017eenog polo\u017eaja [&hellip;]","og_url":"https:\/\/www.visit-ulcinj.com\/blog\/wp-content\/uploads\/2011\/10\/Komuna-Ulqinit-Press.jpg","og_site_name":"Lajme nga Ulqini","og_image":[{"width":"720","height":"576","url":"https:\/\/www.visit-ulcinj.com\/blog\/wp-content\/uploads\/2011\/10\/Komuna-Ulqinit-Press.jpg","type":"image\/jpeg"}],"twitter_misc":{"Est. reading time":"1 minute"},"schema":{"@context":"https:\/\/schema.org","@graph":[{"@type":"WebSite","@id":"https:\/\/www.visit-ulcinj.com\/blog\/#website","url":"https:\/\/www.visit-ulcinj.com\/blog\/","name":"Lajme nga Ulqini","description":"Lajme,Vijesti,Ulqini,Ulqin,Crna Gora,Mali i Zi","potentialAction":[{"@type":"SearchAction","target":{"@type":"EntryPoint","urlTemplate":"https:\/\/www.visit-ulcinj.com\/blog\/?s={search_term_string}"},"query-input":"required name=search_term_string"}],"inLanguage":"en-US"},{"@type":"WebPage","@id":"https:\/\/www.visit-ulcinj.com\/blog\/wp-content\/uploads\/2011\/10\/Komuna-Ulqinit-Press.jpg#webpage","url":"https:\/\/www.visit-ulcinj.com\/blog\/wp-content\/uploads\/2011\/10\/Komuna-Ulqinit-Press.jpg","name":"Komuna-Ulqinit-Press - Lajme nga Ulqini","isPartOf":{"@id":"https:\/\/www.visit-ulcinj.com\/blog\/#website"},"datePublished":"2011-10-03T21:03:19+00:00","dateModified":"2011-10-03T21:03:19+00:00","breadcrumb":{"@id":"https:\/\/www.visit-ulcinj.com\/blog\/wp-content\/uploads\/2011\/10\/Komuna-Ulqinit-Press.jpg#breadcrumb"},"inLanguage":"en-US","potentialAction":[{"@type":"ReadAction","target":["https:\/\/www.visit-ulcinj.com\/blog\/wp-content\/uploads\/2011\/10\/Komuna-Ulqinit-Press.jpg"]}]},{"@type":"BreadcrumbList","@id":"https:\/\/www.visit-ulcinj.com\/blog\/wp-content\/uploads\/2011\/10\/Komuna-Ulqinit-Press.jpg#breadcrumb","itemListElement":[{"@type":"ListItem","position":1,"name":"Slu\u017eba za infomisanje predsjednika Op\u0161tine Ulcinj obavije\u0161tava","item":"https:\/\/www.visit-ulcinj.com\/blog\/2011\/10\/03\/sluzba-za-infomisanje-predsjednika-opstine-ulcinj-obavijestava\/"},{"@type":"ListItem","position":2,"name":"Komuna-Ulqinit-Press"}]}]}},"jetpack_sharing_enabled":true,"jetpack_shortlink":"https:\/\/wp.me\/ae6lTn-dsi","description":{"rendered":"<p class=\"attachment\"><a href='https:\/\/www.visit-ulcinj.com\/blog\/wp-content\/uploads\/2011\/10\/Komuna-Ulqinit-Press.jpg'><img width=\"300\" height=\"240\" src=\"https:\/\/www.visit-ulcinj.com\/blog\/wp-content\/uploads\/2011\/10\/Komuna-Ulqinit-Press-300x240.jpg\" class=\"attachment-medium size-medium\" alt=\"\" loading=\"lazy\" srcset=\"https:\/\/www.visit-ulcinj.com\/blog\/wp-content\/uploads\/2011\/10\/Komuna-Ulqinit-Press-300x240.jpg 300w, https:\/\/www.visit-ulcinj.com\/blog\/wp-content\/uploads\/2011\/10\/Komuna-Ulqinit-Press.jpg 720w\" sizes=\"(max-width: 300px) 100vw, 300px\" \/><\/a><\/p>\n<p>Slu\u017eba za infomisanje predsjednika Op\u0161tine Ulcinj obavije\u0161tava javnost da se Op\u0161tina Ulcinj obratila Vrhovnom dr\u017eavnom tu\u017eila\u0161tvu \u2013 Odjeljenju za suzbijanje organizovanog kriminala, terorizma i ratnih zlo\u010dina i zatra\u017eila pokretanje krivi\u010dnog postupka protiv slu\u017ebenika Sekretarijata za \u017ea\u0161titu imovine i odgovornog radnika arhivske slu\u017ebe Op\u0161tine Ulcinj zbog postojanja sumnje da su po\u010dinili krivi\u010dno djelo zloupotrebe slu\u017eenog polo\u017eaja suprotno zakonu \u0161to je nanijelo veliku \u0161tetu ulcinjskoj op\u0161tini.<\/p>\n<p>Lica protiv kojih se podnosi krivi\u010dna prijava su svojim \u010dinjenjem odnosno ne\u010dinjenjem omogu\u0107ili povra\u0107aj zemlji\u0161ta povr\u0161ine 12.730 m2 u Ulcinjskom polju tre\u0107im licima \u010dime je prourokovana ogromna \u0161teta Op\u0161tini.  <\/p>\n<p>Slu\u017eba za informisanje predsjednika Op\u0161tine Ulcinj<\/p>\n"},"caption":{"rendered":"<p>Slu\u017eba za infomisanje predsjednika Op\u0161tine Ulcinj obavije\u0161tava javnost da se Op\u0161tina Ulcinj obratila Vrhovnom dr\u017eavnom tu\u017eila\u0161tvu \u2013 Odjeljenju za suzbijanje organizovanog kriminala, terorizma i ratnih zlo\u010dina i zatra\u017eila pokretanje krivi\u010dnog postupka protiv slu\u017ebenika Sekretarijata za \u017ea\u0161titu imovine i odgovornog radnika arhivske slu\u017ebe Op\u0161tine Ulcinj zbog postojanja sumnje da su po\u010dinili krivi\u010dno djelo zloupotrebe slu\u017eenog polo\u017eaja [&hellip;]<\/p>\n"},"alt_text":"","media_type":"image","mime_type":"image\/jpeg","media_details":{"width":"720","height":"576","hwstring_small":"height='96' width='120'","file":"2011\/10\/Komuna-Ulqinit-Press.jpg","sizes":{"thumbnail":{"file":"Komuna-Ulqinit-Press-150x150.jpg","width":"150","height":"150","source_url":"https:\/\/www.visit-ulcinj.com\/blog\/wp-content\/uploads\/2011\/10\/Komuna-Ulqinit-Press-150x150.jpg"},"medium":{"file":"Komuna-Ulqinit-Press-300x240.jpg","width":"300","height":"240","source_url":"https:\/\/www.visit-ulcinj.com\/blog\/wp-content\/uploads\/2011\/10\/Komuna-Ulqinit-Press-300x240.jpg"},"full":{"file":"Komuna-Ulqinit-Press.jpg","width":720,"height":576,"mime_type":"image\/jpeg","source_url":"https:\/\/www.visit-ulcinj.com\/blog\/wp-content\/uploads\/2011\/10\/Komuna-Ulqinit-Press.jpg"}},"image_meta":{"aperture":"0","credit":"","camera":"","caption":"","created_timestamp":"0","copyright":"","focal_length":"0","iso":"0","shutter_speed":"0","title":""}},"post":51725,"source_url":"https:\/\/www.visit-ulcinj.com\/blog\/wp-content\/uploads\/2011\/10\/Komuna-Ulqinit-Press.jpg","_links":{"self":[{"href":"https:\/\/www.visit-ulcinj.com\/blog\/wp-json\/wp\/v2\/media\/51726"}],"collection":[{"href":"https:\/\/www.visit-ulcinj.com\/blog\/wp-json\/wp\/v2\/media"}],"about":[{"href":"https:\/\/www.visit-ulcinj.com\/blog\/wp-json\/wp\/v2\/types\/attachment"}],"author":[{"embeddable":true,"href":"https:\/\/www.visit-ulcinj.com\/blog\/wp-json\/wp\/v2\/users\/1"}],"replies":[{"embeddable":true,"href":"https:\/\/www.visit-ulcinj.com\/blog\/wp-json\/wp\/v2\/comments?post=51726"}]}}

<!-- This site is optimized with the Yoast SEO plugin v19.1 - https://yoast.com/wordpress/plugins/seo/ -->
<title>Komuna-Ulqinit-Press - Lajme nga Ulqini</title>
<meta name="robots" content="index, follow, max-snippet:-1, max-image-preview:large, max-video-preview:-1" />
<link rel="canonical" href="https://www.visit-ulcinj.com/blog/wp-content/uploads/2011/10/Komuna-Ulqinit-Press.jpg" />
<meta property="og:locale" content="en_US" />
<meta property="og:type" content="article" />
<meta property="og:title" content="Komuna-Ulqinit-Press - Lajme nga Ulqini" />
<meta property="og:description" content="Služba za infomisanje predsjednika Opštine Ulcinj obaviještava javnost da se Opština Ulcinj obratila Vrhovnom državnom tužilaštvu – Odjeljenju za suzbijanje organizovanog kriminala, terorizma i ratnih zločina i zatražila pokretanje krivičnog postupka protiv službenika Sekretarijata za žaštitu imovine i odgovornog radnika arhivske službe Opštine Ulcinj zbog postojanja sumnje da su počinili krivično djelo zloupotrebe služenog položaja [&hellip;]" />
<meta property="og:url" content="https://www.visit-ulcinj.com/blog/wp-content/uploads/2011/10/Komuna-Ulqinit-Press.jpg" />
<meta property="og:site_name" content="Lajme nga Ulqini" />
<meta property="og:image" content="https://www.visit-ulcinj.com/blog/wp-content/uploads/2011/10/Komuna-Ulqinit-Press.jpg" />
	<meta property="og:image:width" content="720" />
	<meta property="og:image:height" content="576" />
	<meta property="og:image:type" content="image/jpeg" />
<meta name="twitter:label1" content="Est. reading time" />
	<meta name="twitter:data1" content="1 minute" />
<script type="application/ld+json" class="yoast-schema-graph">{"@context":"https://schema.org","@graph":[{"@type":"WebSite","@id":"https://www.visit-ulcinj.com/blog/#website","url":"https://www.visit-ulcinj.com/blog/","name":"Lajme nga Ulqini","description":"Lajme,Vijesti,Ulqini,Ulqin,Crna Gora,Mali i Zi","potentialAction":[{"@type":"SearchAction","target":{"@type":"EntryPoint","urlTemplate":"https://www.visit-ulcinj.com/blog/?s={search_term_string}"},"query-input":"required name=search_term_string"}],"inLanguage":"en-US"},{"@type":"WebPage","@id":"https://www.visit-ulcinj.com/blog/wp-content/uploads/2011/10/Komuna-Ulqinit-Press.jpg#webpage","url":"https://www.visit-ulcinj.com/blog/wp-content/uploads/2011/10/Komuna-Ulqinit-Press.jpg","name":"Komuna-Ulqinit-Press - Lajme nga Ulqini","isPartOf":{"@id":"https://www.visit-ulcinj.com/blog/#website"},"datePublished":"2011-10-03T21:03:19+00:00","dateModified":"2011-10-03T21:03:19+00:00","breadcrumb":{"@id":"https://www.visit-ulcinj.com/blog/wp-content/uploads/2011/10/Komuna-Ulqinit-Press.jpg#breadcrumb"},"inLanguage":"en-US","potentialAction":[{"@type":"ReadAction","target":["https://www.visit-ulcinj.com/blog/wp-content/uploads/2011/10/Komuna-Ulqinit-Press.jpg"]}]},{"@type":"BreadcrumbList","@id":"https://www.visit-ulcinj.com/blog/wp-content/uploads/2011/10/Komuna-Ulqinit-Press.jpg#breadcrumb","itemListElement":[{"@type":"ListItem","position":1,"name":"Služba za infomisanje predsjednika Opštine Ulcinj obaviještava","item":"https://www.visit-ulcinj.com/blog/2011/10/03/sluzba-za-infomisanje-predsjednika-opstine-ulcinj-obavijestava/"},{"@type":"ListItem","position":2,"name":"Komuna-Ulqinit-Press"}]}]}</script>
<!-- / Yoast SEO plugin. -->

Služba za infomisanje predsjednika Opštine Ulcinj obaviještava javnost da se Opština Ulcinj obratila Vrhovnom državnom tužilaštvu – Odjeljenju za suzbijanje organizovanog kriminala, terorizma i ratnih zločina i zatražila pokretanje krivičnog postupka protiv službenika Sekretarijata za žaštitu imovine i odgovornog radnika arhivske službe Opštine Ulcinj zbog postojanja sumnje da su počinili krivično djelo zloupotrebe služenog položaja [&hellip;]

Služba za infomisanje predsjednika Opštine Ulcinj obaviještava

<p class="attachment"><a href='https://www.visit-ulcinj.com/blog/wp-content/uploads/2011/10/Komuna-Ulqinit-Press.jpg'><img width="300" height="240" src="https://www.visit-ulcinj.com/blog/wp-content/uploads/2011/10/Komuna-Ulqinit-Press-300x240.jpg" class="attachment-medium size-medium" alt="" loading="lazy" srcset="https://www.visit-ulcinj.com/blog/wp-content/uploads/2011/10/Komuna-Ulqinit-Press-300x240.jpg 300w, https://www.visit-ulcinj.com/blog/wp-content/uploads/2011/10/Komuna-Ulqinit-Press.jpg 720w" sizes="(max-width: 300px) 100vw, 300px" /></a></p>
<p>Služba za infomisanje predsjednika Opštine Ulcinj obaviještava javnost da se Opština Ulcinj obratila Vrhovnom državnom tužilaštvu – Odjeljenju za suzbijanje organizovanog kriminala, terorizma i ratnih zločina i zatražila pokretanje krivičnog postupka protiv službenika Sekretarijata za žaštitu imovine i odgovornog radnika arhivske službe Opštine Ulcinj zbog postojanja sumnje da su počinili krivično djelo zloupotrebe služenog položaja suprotno zakonu što je nanijelo veliku štetu ulcinjskoj opštini.</p>
<p>Lica protiv kojih se podnosi krivična prijava su svojim činjenjem odnosno nečinjenjem omogućili povraćaj zemljišta površine 12.730 m2 u Ulcinjskom polju trećim licima čime je prourokovana ogromna šteta Opštini.  </p>
<p>Služba za informisanje predsjednika Opštine Ulcinj</p>

<p>Služba za infomisanje predsjednika Opštine Ulcinj obaviještava javnost da se Opština Ulcinj obratila Vrhovnom državnom tužilaštvu – Odjeljenju za suzbijanje organizovanog kriminala, terorizma i ratnih zločina i zatražila pokretanje krivičnog postupka protiv službenika Sekretarijata za žaštitu imovine i odgovornog radnika arhivske službe Opštine Ulcinj zbog postojanja sumnje da su počinili krivično djelo zloupotrebe služenog položaja [&hellip;]</p>
