{"id":55453,"date":"2012-01-03T20:22:39","date_gmt":"2012-01-03T19:22:39","guid":{"rendered":"http:\/\/www.visit-ulcinj.com\/blog\/wp-content\/uploads\/2012\/01\/Dritan-Abazovic_ulcinj.jpg"},"modified":"2012-01-03T20:22:39","modified_gmt":"2012-01-03T19:22:39","slug":"dritan-abazovic_ulcinj-3","status":"inherit","type":"attachment","link":"https:\/\/www.visit-ulcinj.com\/blog\/2012\/01\/03\/abazovic-albanskim-poslanicima-dozvoliti-da-govore-maternjim\/dritan-abazovic_ulcinj-3\/","title":{"rendered":"Dritan Abazovic_ulcinj"},"author":1,"comment_status":"open","ping_status":"closed","template":"","meta":{"spay_email":""},"yoast_head":"<!-- This site is optimized with the Yoast SEO plugin v19.1 - https:\/\/yoast.com\/wordpress\/plugins\/seo\/ -->\n<title>Dritan Abazovic_ulcinj - Lajme nga Ulqini<\/title>\n<meta name=\"robots\" content=\"index, follow, max-snippet:-1, max-image-preview:large, max-video-preview:-1\" \/>\n<link rel=\"canonical\" href=\"https:\/\/www.visit-ulcinj.com\/blog\/wp-content\/uploads\/2012\/01\/Dritan-Abazovic_ulcinj.jpg\" \/>\n<meta property=\"og:locale\" content=\"en_US\" \/>\n<meta property=\"og:type\" content=\"article\" \/>\n<meta property=\"og:title\" content=\"Dritan Abazovic_ulcinj - Lajme nga Ulqini\" \/>\n<meta property=\"og:description\" content=\"Prava Albanaca \u201eUstav je konstatovao da je albanski jezik u slu\u017ebenoj upotrebi u Crnoj Gori&#8221; Predstavnici Albanaca u crnogorskom parlamentu trebalo bi da stvore zajedni\u010dku platformu i na taj na\u010din budu jedinstveni u tra\u017eenju rje\u0161enja za nagomilane probleme te populacije, smatra politikolog Dritan Abazovi\u0107. On je, komentari\u0161u\u0107i aktivnosti poslanika koji predstavljaju Albance u parlamentu, kazao [&hellip;]\" \/>\n<meta property=\"og:url\" content=\"https:\/\/www.visit-ulcinj.com\/blog\/wp-content\/uploads\/2012\/01\/Dritan-Abazovic_ulcinj.jpg\" \/>\n<meta property=\"og:site_name\" content=\"Lajme nga Ulqini\" \/>\n<meta property=\"og:image\" content=\"https:\/\/www.visit-ulcinj.com\/blog\/wp-content\/uploads\/2012\/01\/Dritan-Abazovic_ulcinj.jpg\" \/>\n\t<meta property=\"og:image:width\" content=\"368\" \/>\n\t<meta property=\"og:image:height\" content=\"294\" \/>\n\t<meta property=\"og:image:type\" content=\"image\/jpeg\" \/>\n<meta name=\"twitter:label1\" content=\"Est. reading time\" \/>\n\t<meta name=\"twitter:data1\" content=\"1 minute\" \/>\n<script type=\"application\/ld+json\" class=\"yoast-schema-graph\">{\"@context\":\"https:\/\/schema.org\",\"@graph\":[{\"@type\":\"WebSite\",\"@id\":\"https:\/\/www.visit-ulcinj.com\/blog\/#website\",\"url\":\"https:\/\/www.visit-ulcinj.com\/blog\/\",\"name\":\"Lajme nga Ulqini\",\"description\":\"Lajme,Vijesti,Ulqini,Ulqin,Crna Gora,Mali i Zi\",\"potentialAction\":[{\"@type\":\"SearchAction\",\"target\":{\"@type\":\"EntryPoint\",\"urlTemplate\":\"https:\/\/www.visit-ulcinj.com\/blog\/?s={search_term_string}\"},\"query-input\":\"required name=search_term_string\"}],\"inLanguage\":\"en-US\"},{\"@type\":\"WebPage\",\"@id\":\"https:\/\/www.visit-ulcinj.com\/blog\/wp-content\/uploads\/2012\/01\/Dritan-Abazovic_ulcinj.jpg#webpage\",\"url\":\"https:\/\/www.visit-ulcinj.com\/blog\/wp-content\/uploads\/2012\/01\/Dritan-Abazovic_ulcinj.jpg\",\"name\":\"Dritan Abazovic_ulcinj - Lajme nga Ulqini\",\"isPartOf\":{\"@id\":\"https:\/\/www.visit-ulcinj.com\/blog\/#website\"},\"datePublished\":\"2012-01-03T19:22:39+00:00\",\"dateModified\":\"2012-01-03T19:22:39+00:00\",\"breadcrumb\":{\"@id\":\"https:\/\/www.visit-ulcinj.com\/blog\/wp-content\/uploads\/2012\/01\/Dritan-Abazovic_ulcinj.jpg#breadcrumb\"},\"inLanguage\":\"en-US\",\"potentialAction\":[{\"@type\":\"ReadAction\",\"target\":[\"https:\/\/www.visit-ulcinj.com\/blog\/wp-content\/uploads\/2012\/01\/Dritan-Abazovic_ulcinj.jpg\"]}]},{\"@type\":\"BreadcrumbList\",\"@id\":\"https:\/\/www.visit-ulcinj.com\/blog\/wp-content\/uploads\/2012\/01\/Dritan-Abazovic_ulcinj.jpg#breadcrumb\",\"itemListElement\":[{\"@type\":\"ListItem\",\"position\":1,\"name\":\"Abazovi\u0107: Albanskim poslanicima dozvoliti da govore maternjim\",\"item\":\"https:\/\/www.visit-ulcinj.com\/blog\/2012\/01\/03\/abazovic-albanskim-poslanicima-dozvoliti-da-govore-maternjim\/\"},{\"@type\":\"ListItem\",\"position\":2,\"name\":\"Dritan Abazovic_ulcinj\"}]}]}<\/script>\n<!-- \/ Yoast SEO plugin. -->","yoast_head_json":{"title":"Dritan Abazovic_ulcinj - Lajme nga Ulqini","robots":{"index":"index","follow":"follow","max-snippet":"max-snippet:-1","max-image-preview":"max-image-preview:large","max-video-preview":"max-video-preview:-1"},"canonical":"https:\/\/www.visit-ulcinj.com\/blog\/wp-content\/uploads\/2012\/01\/Dritan-Abazovic_ulcinj.jpg","og_locale":"en_US","og_type":"article","og_title":"Dritan Abazovic_ulcinj - Lajme nga Ulqini","og_description":"Prava Albanaca \u201eUstav je konstatovao da je albanski jezik u slu\u017ebenoj upotrebi u Crnoj Gori&#8221; Predstavnici Albanaca u crnogorskom parlamentu trebalo bi da stvore zajedni\u010dku platformu i na taj na\u010din budu jedinstveni u tra\u017eenju rje\u0161enja za nagomilane probleme te populacije, smatra politikolog Dritan Abazovi\u0107. On je, komentari\u0161u\u0107i aktivnosti poslanika koji predstavljaju Albance u parlamentu, kazao [&hellip;]","og_url":"https:\/\/www.visit-ulcinj.com\/blog\/wp-content\/uploads\/2012\/01\/Dritan-Abazovic_ulcinj.jpg","og_site_name":"Lajme nga Ulqini","og_image":[{"width":"368","height":"294","url":"https:\/\/www.visit-ulcinj.com\/blog\/wp-content\/uploads\/2012\/01\/Dritan-Abazovic_ulcinj.jpg","type":"image\/jpeg"}],"twitter_misc":{"Est. reading time":"1 minute"},"schema":{"@context":"https:\/\/schema.org","@graph":[{"@type":"WebSite","@id":"https:\/\/www.visit-ulcinj.com\/blog\/#website","url":"https:\/\/www.visit-ulcinj.com\/blog\/","name":"Lajme nga Ulqini","description":"Lajme,Vijesti,Ulqini,Ulqin,Crna Gora,Mali i Zi","potentialAction":[{"@type":"SearchAction","target":{"@type":"EntryPoint","urlTemplate":"https:\/\/www.visit-ulcinj.com\/blog\/?s={search_term_string}"},"query-input":"required name=search_term_string"}],"inLanguage":"en-US"},{"@type":"WebPage","@id":"https:\/\/www.visit-ulcinj.com\/blog\/wp-content\/uploads\/2012\/01\/Dritan-Abazovic_ulcinj.jpg#webpage","url":"https:\/\/www.visit-ulcinj.com\/blog\/wp-content\/uploads\/2012\/01\/Dritan-Abazovic_ulcinj.jpg","name":"Dritan Abazovic_ulcinj - Lajme nga Ulqini","isPartOf":{"@id":"https:\/\/www.visit-ulcinj.com\/blog\/#website"},"datePublished":"2012-01-03T19:22:39+00:00","dateModified":"2012-01-03T19:22:39+00:00","breadcrumb":{"@id":"https:\/\/www.visit-ulcinj.com\/blog\/wp-content\/uploads\/2012\/01\/Dritan-Abazovic_ulcinj.jpg#breadcrumb"},"inLanguage":"en-US","potentialAction":[{"@type":"ReadAction","target":["https:\/\/www.visit-ulcinj.com\/blog\/wp-content\/uploads\/2012\/01\/Dritan-Abazovic_ulcinj.jpg"]}]},{"@type":"BreadcrumbList","@id":"https:\/\/www.visit-ulcinj.com\/blog\/wp-content\/uploads\/2012\/01\/Dritan-Abazovic_ulcinj.jpg#breadcrumb","itemListElement":[{"@type":"ListItem","position":1,"name":"Abazovi\u0107: Albanskim poslanicima dozvoliti da govore maternjim","item":"https:\/\/www.visit-ulcinj.com\/blog\/2012\/01\/03\/abazovic-albanskim-poslanicima-dozvoliti-da-govore-maternjim\/"},{"@type":"ListItem","position":2,"name":"Dritan Abazovic_ulcinj"}]}]}},"jetpack_sharing_enabled":true,"jetpack_shortlink":"https:\/\/wp.me\/ae6lTn-eqp","description":{"rendered":"<p class=\"attachment\"><a href='https:\/\/www.visit-ulcinj.com\/blog\/wp-content\/uploads\/2012\/01\/Dritan-Abazovic_ulcinj.jpg'><img width=\"300\" height=\"239\" src=\"https:\/\/www.visit-ulcinj.com\/blog\/wp-content\/uploads\/2012\/01\/Dritan-Abazovic_ulcinj-300x239.jpg\" class=\"attachment-medium size-medium\" alt=\"\" loading=\"lazy\" srcset=\"https:\/\/www.visit-ulcinj.com\/blog\/wp-content\/uploads\/2012\/01\/Dritan-Abazovic_ulcinj-300x239.jpg 300w, https:\/\/www.visit-ulcinj.com\/blog\/wp-content\/uploads\/2012\/01\/Dritan-Abazovic_ulcinj.jpg 368w\" sizes=\"(max-width: 300px) 100vw, 300px\" \/><\/a><\/p>\n<p>Prava Albanaca<br \/>\n\u201eUstav je konstatovao da je albanski jezik u slu\u017ebenoj upotrebi u Crnoj Gori&#8221;<br \/>\nPredstavnici Albanaca u crnogorskom parlamentu trebalo bi da stvore zajedni\u010dku platformu i na taj na\u010din budu jedinstveni u tra\u017eenju rje\u0161enja za nagomilane probleme te populacije, smatra politikolog Dritan Abazovi\u0107.<br \/>\nOn je, komentari\u0161u\u0107i aktivnosti poslanika koji predstavljaju Albance u parlamentu, kazao da je njihov rad o\u010dekivan i da bi mo\u017eda bilo nerealno o\u010dekivati ne\u0161to vi\u0161e.<br \/>\n\u201cDrago mi je da su uspjeli da oforme klub albanskih poslanika, do kojeg su stigli nakon neshvatljivo dugo vremena. Nehomogenost je ne\u0161to \u0161to mo\u017eda mo\u017eemo povezati sa mentalitetom albanskih politi\u010dara, koji se iskazuje kroz brojne primjere\u201c, rekao je Abazovi\u0107 agenciji MINA.<br \/>\nOn smatra da je nekorektno \u0161to predstavnicima Albanaca u parlmentu Poslovnikom jo\u0161 nije omogu\u0107eno da se obrate javnosti na maternjem jeziku.<br \/>\n\u201eUstav je konstatovao da je albanski jezik u slu\u017ebenoj upotrebi u Crnoj Gori, a potpuno je nelogi\u010dno da se takva odredba ne mo\u017ee iskoristiti u krovnoj instituciji dr\u017eave, kakav je parlament\u201c, dodao je Abazovi\u0107.<br \/>\nPrema rije\u010dima Abazovi\u0107a, polo\u017eaj Albanaca je sli\u010dan kao i pozicija svih ostalih manjinskih naroda u Crnoj Gori.<br \/>\n\u201eIako specifi\u010dna po svojoj kulturi, tradiciji i naro\u010dito jeziku, albanska nacionalna zajednica ima razloga da bude aktivnija u tra\u017eenju pobolj\u0161anja svog polo\u017eaja u Crnoj Gori. Prije svega radi se o zanemarivanju ekonomskih prava, u smislu da su podru\u010dja gdje dominatno \u017eive Albanci prili\u010dno nerazvijana\u201c, pojasnio je on.<br \/>\nMINA<br \/>\nVIJESTI<\/p>\n"},"caption":{"rendered":"<p>Prava Albanaca \u201eUstav je konstatovao da je albanski jezik u slu\u017ebenoj upotrebi u Crnoj Gori&#8221; Predstavnici Albanaca u crnogorskom parlamentu trebalo bi da stvore zajedni\u010dku platformu i na taj na\u010din budu jedinstveni u tra\u017eenju rje\u0161enja za nagomilane probleme te populacije, smatra politikolog Dritan Abazovi\u0107. On je, komentari\u0161u\u0107i aktivnosti poslanika koji predstavljaju Albance u parlamentu, kazao [&hellip;]<\/p>\n"},"alt_text":"","media_type":"image","mime_type":"image\/jpeg","media_details":{"width":"368","height":"294","hwstring_small":"height='96' width='120'","file":"2012\/01\/Dritan-Abazovic_ulcinj.jpg","sizes":{"thumbnail":{"file":"Dritan-Abazovic_ulcinj-150x150.jpg","width":"150","height":"150","source_url":"https:\/\/www.visit-ulcinj.com\/blog\/wp-content\/uploads\/2012\/01\/Dritan-Abazovic_ulcinj-150x150.jpg"},"medium":{"file":"Dritan-Abazovic_ulcinj-300x239.jpg","width":"300","height":"239","source_url":"https:\/\/www.visit-ulcinj.com\/blog\/wp-content\/uploads\/2012\/01\/Dritan-Abazovic_ulcinj-300x239.jpg"},"full":{"file":"Dritan-Abazovic_ulcinj.jpg","width":368,"height":294,"mime_type":"image\/jpeg","source_url":"https:\/\/www.visit-ulcinj.com\/blog\/wp-content\/uploads\/2012\/01\/Dritan-Abazovic_ulcinj.jpg"}},"image_meta":{"aperture":"0","credit":"","camera":"","caption":"","created_timestamp":"0","copyright":"","focal_length":"0","iso":"0","shutter_speed":"0","title":""}},"post":55452,"source_url":"https:\/\/www.visit-ulcinj.com\/blog\/wp-content\/uploads\/2012\/01\/Dritan-Abazovic_ulcinj.jpg","_links":{"self":[{"href":"https:\/\/www.visit-ulcinj.com\/blog\/wp-json\/wp\/v2\/media\/55453"}],"collection":[{"href":"https:\/\/www.visit-ulcinj.com\/blog\/wp-json\/wp\/v2\/media"}],"about":[{"href":"https:\/\/www.visit-ulcinj.com\/blog\/wp-json\/wp\/v2\/types\/attachment"}],"author":[{"embeddable":true,"href":"https:\/\/www.visit-ulcinj.com\/blog\/wp-json\/wp\/v2\/users\/1"}],"replies":[{"embeddable":true,"href":"https:\/\/www.visit-ulcinj.com\/blog\/wp-json\/wp\/v2\/comments?post=55453"}]}}

<!-- This site is optimized with the Yoast SEO plugin v19.1 - https://yoast.com/wordpress/plugins/seo/ -->
<title>Dritan Abazovic_ulcinj - Lajme nga Ulqini</title>
<meta name="robots" content="index, follow, max-snippet:-1, max-image-preview:large, max-video-preview:-1" />
<link rel="canonical" href="https://www.visit-ulcinj.com/blog/wp-content/uploads/2012/01/Dritan-Abazovic_ulcinj.jpg" />
<meta property="og:locale" content="en_US" />
<meta property="og:type" content="article" />
<meta property="og:title" content="Dritan Abazovic_ulcinj - Lajme nga Ulqini" />
<meta property="og:description" content="Prava Albanaca „Ustav je konstatovao da je albanski jezik u službenoj upotrebi u Crnoj Gori&#8221; Predstavnici Albanaca u crnogorskom parlamentu trebalo bi da stvore zajedničku platformu i na taj način budu jedinstveni u traženju rješenja za nagomilane probleme te populacije, smatra politikolog Dritan Abazović. On je, komentarišući aktivnosti poslanika koji predstavljaju Albance u parlamentu, kazao [&hellip;]" />
<meta property="og:url" content="https://www.visit-ulcinj.com/blog/wp-content/uploads/2012/01/Dritan-Abazovic_ulcinj.jpg" />
<meta property="og:site_name" content="Lajme nga Ulqini" />
<meta property="og:image" content="https://www.visit-ulcinj.com/blog/wp-content/uploads/2012/01/Dritan-Abazovic_ulcinj.jpg" />
	<meta property="og:image:width" content="368" />
	<meta property="og:image:height" content="294" />
	<meta property="og:image:type" content="image/jpeg" />
<meta name="twitter:label1" content="Est. reading time" />
	<meta name="twitter:data1" content="1 minute" />
<script type="application/ld+json" class="yoast-schema-graph">{"@context":"https://schema.org","@graph":[{"@type":"WebSite","@id":"https://www.visit-ulcinj.com/blog/#website","url":"https://www.visit-ulcinj.com/blog/","name":"Lajme nga Ulqini","description":"Lajme,Vijesti,Ulqini,Ulqin,Crna Gora,Mali i Zi","potentialAction":[{"@type":"SearchAction","target":{"@type":"EntryPoint","urlTemplate":"https://www.visit-ulcinj.com/blog/?s={search_term_string}"},"query-input":"required name=search_term_string"}],"inLanguage":"en-US"},{"@type":"WebPage","@id":"https://www.visit-ulcinj.com/blog/wp-content/uploads/2012/01/Dritan-Abazovic_ulcinj.jpg#webpage","url":"https://www.visit-ulcinj.com/blog/wp-content/uploads/2012/01/Dritan-Abazovic_ulcinj.jpg","name":"Dritan Abazovic_ulcinj - Lajme nga Ulqini","isPartOf":{"@id":"https://www.visit-ulcinj.com/blog/#website"},"datePublished":"2012-01-03T19:22:39+00:00","dateModified":"2012-01-03T19:22:39+00:00","breadcrumb":{"@id":"https://www.visit-ulcinj.com/blog/wp-content/uploads/2012/01/Dritan-Abazovic_ulcinj.jpg#breadcrumb"},"inLanguage":"en-US","potentialAction":[{"@type":"ReadAction","target":["https://www.visit-ulcinj.com/blog/wp-content/uploads/2012/01/Dritan-Abazovic_ulcinj.jpg"]}]},{"@type":"BreadcrumbList","@id":"https://www.visit-ulcinj.com/blog/wp-content/uploads/2012/01/Dritan-Abazovic_ulcinj.jpg#breadcrumb","itemListElement":[{"@type":"ListItem","position":1,"name":"Abazović: Albanskim poslanicima dozvoliti da govore maternjim","item":"https://www.visit-ulcinj.com/blog/2012/01/03/abazovic-albanskim-poslanicima-dozvoliti-da-govore-maternjim/"},{"@type":"ListItem","position":2,"name":"Dritan Abazovic_ulcinj"}]}]}</script>
<!-- / Yoast SEO plugin. -->

Prava Albanaca „Ustav je konstatovao da je albanski jezik u službenoj upotrebi u Crnoj Gori&#8221; Predstavnici Albanaca u crnogorskom parlamentu trebalo bi da stvore zajedničku platformu i na taj način budu jedinstveni u traženju rješenja za nagomilane probleme te populacije, smatra politikolog Dritan Abazović. On je, komentarišući aktivnosti poslanika koji predstavljaju Albance u parlamentu, kazao [&hellip;]

Abazović: Albanskim poslanicima dozvoliti da govore maternjim

<p class="attachment"><a href='https://www.visit-ulcinj.com/blog/wp-content/uploads/2012/01/Dritan-Abazovic_ulcinj.jpg'><img width="300" height="239" src="https://www.visit-ulcinj.com/blog/wp-content/uploads/2012/01/Dritan-Abazovic_ulcinj-300x239.jpg" class="attachment-medium size-medium" alt="" loading="lazy" srcset="https://www.visit-ulcinj.com/blog/wp-content/uploads/2012/01/Dritan-Abazovic_ulcinj-300x239.jpg 300w, https://www.visit-ulcinj.com/blog/wp-content/uploads/2012/01/Dritan-Abazovic_ulcinj.jpg 368w" sizes="(max-width: 300px) 100vw, 300px" /></a></p>
<p>Prava Albanaca<br />
„Ustav je konstatovao da je albanski jezik u službenoj upotrebi u Crnoj Gori&#8221;<br />
Predstavnici Albanaca u crnogorskom parlamentu trebalo bi da stvore zajedničku platformu i na taj način budu jedinstveni u traženju rješenja za nagomilane probleme te populacije, smatra politikolog Dritan Abazović.<br />
On je, komentarišući aktivnosti poslanika koji predstavljaju Albance u parlamentu, kazao da je njihov rad očekivan i da bi možda bilo nerealno očekivati nešto više.<br />
“Drago mi je da su uspjeli da oforme klub albanskih poslanika, do kojeg su stigli nakon neshvatljivo dugo vremena. Nehomogenost je nešto što možda možemo povezati sa mentalitetom albanskih političara, koji se iskazuje kroz brojne primjere“, rekao je Abazović agenciji MINA.<br />
On smatra da je nekorektno što predstavnicima Albanaca u parlmentu Poslovnikom još nije omogućeno da se obrate javnosti na maternjem jeziku.<br />
„Ustav je konstatovao da je albanski jezik u službenoj upotrebi u Crnoj Gori, a potpuno je nelogično da se takva odredba ne može iskoristiti u krovnoj instituciji države, kakav je parlament“, dodao je Abazović.<br />
Prema riječima Abazovića, položaj Albanaca je sličan kao i pozicija svih ostalih manjinskih naroda u Crnoj Gori.<br />
„Iako specifična po svojoj kulturi, tradiciji i naročito jeziku, albanska nacionalna zajednica ima razloga da bude aktivnija u traženju poboljšanja svog položaja u Crnoj Gori. Prije svega radi se o zanemarivanju ekonomskih prava, u smislu da su područja gdje dominatno žive Albanci prilično nerazvijana“, pojasnio je on.<br />
MINA<br />
VIJESTI</p>

<p>Prava Albanaca „Ustav je konstatovao da je albanski jezik u službenoj upotrebi u Crnoj Gori&#8221; Predstavnici Albanaca u crnogorskom parlamentu trebalo bi da stvore zajedničku platformu i na taj način budu jedinstveni u traženju rješenja za nagomilane probleme te populacije, smatra politikolog Dritan Abazović. On je, komentarišući aktivnosti poslanika koji predstavljaju Albance u parlamentu, kazao [&hellip;]</p>
