{"id":57311,"date":"2012-02-12T06:38:25","date_gmt":"2012-02-12T05:38:25","guid":{"rendered":"http:\/\/www.visit-ulcinj.com\/blog\/wp-content\/uploads\/2012\/02\/Fundjava-e-temperaturave-ne-Ulqin.jpg"},"modified":"2012-02-12T06:38:25","modified_gmt":"2012-02-12T05:38:25","slug":"fundjava-e-temperaturave-ne-ulqin","status":"inherit","type":"attachment","link":"https:\/\/www.visit-ulcinj.com\/blog\/2012\/02\/12\/fundjava-ne-ulqin-me-reshje-dhe-temperatura-te-uleta-tabela\/fundjava-e-temperaturave-ne-ulqin\/","title":{"rendered":"Fundjava e temperaturave ne Ulqin"},"author":1,"comment_status":"open","ping_status":"closed","template":"","meta":{"spay_email":""},"yoast_head":"<!-- This site is optimized with the Yoast SEO plugin v19.1 - https:\/\/yoast.com\/wordpress\/plugins\/seo\/ -->\n<title>Fundjava e temperaturave ne Ulqin - Lajme nga Ulqini<\/title>\n<meta name=\"robots\" content=\"index, follow, max-snippet:-1, max-image-preview:large, max-video-preview:-1\" \/>\n<link rel=\"canonical\" href=\"https:\/\/www.visit-ulcinj.com\/blog\/wp-content\/uploads\/2012\/02\/Fundjava-e-temperaturave-ne-Ulqin.jpg\" \/>\n<meta property=\"og:locale\" content=\"en_US\" \/>\n<meta property=\"og:type\" content=\"article\" \/>\n<meta property=\"og:title\" content=\"Fundjava e temperaturave ne Ulqin - Lajme nga Ulqini\" \/>\n<meta property=\"og:description\" content=\"Drejtoria hidrometeorologjike e Malit t\u00eb Zi b\u00ebri t\u00eb ditur se gjat\u00eb k\u00ebsaj fundjave do t\u00eb pasojn\u00eb reshje dhe temperatura t\u00eb ulta n\u00eb komun\u00ebn e Ulqinit. Sipas sinoptik\u00ebve, dit\u00ebt n\u00eb vijim do t\u00eb jen\u00eb me t\u00eb reshura dhe temperatura t\u00eb ngjashme me disa dit\u00ebt e kaluara, q\u00eb do t\u00eb sillen nga -1\u02da C deri n\u00eb 3\u02da [&hellip;]\" \/>\n<meta property=\"og:url\" content=\"https:\/\/www.visit-ulcinj.com\/blog\/wp-content\/uploads\/2012\/02\/Fundjava-e-temperaturave-ne-Ulqin.jpg\" \/>\n<meta property=\"og:site_name\" content=\"Lajme nga Ulqini\" \/>\n<meta property=\"og:image\" content=\"https:\/\/www.visit-ulcinj.com\/blog\/wp-content\/uploads\/2012\/02\/Fundjava-e-temperaturave-ne-Ulqin.jpg\" \/>\n\t<meta property=\"og:image:width\" content=\"785\" \/>\n\t<meta property=\"og:image:height\" content=\"288\" \/>\n\t<meta property=\"og:image:type\" content=\"image\/jpeg\" \/>\n<script type=\"application\/ld+json\" class=\"yoast-schema-graph\">{\"@context\":\"https:\/\/schema.org\",\"@graph\":[{\"@type\":\"WebSite\",\"@id\":\"https:\/\/www.visit-ulcinj.com\/blog\/#website\",\"url\":\"https:\/\/www.visit-ulcinj.com\/blog\/\",\"name\":\"Lajme nga Ulqini\",\"description\":\"Lajme,Vijesti,Ulqini,Ulqin,Crna Gora,Mali i Zi\",\"potentialAction\":[{\"@type\":\"SearchAction\",\"target\":{\"@type\":\"EntryPoint\",\"urlTemplate\":\"https:\/\/www.visit-ulcinj.com\/blog\/?s={search_term_string}\"},\"query-input\":\"required name=search_term_string\"}],\"inLanguage\":\"en-US\"},{\"@type\":\"WebPage\",\"@id\":\"https:\/\/www.visit-ulcinj.com\/blog\/wp-content\/uploads\/2012\/02\/Fundjava-e-temperaturave-ne-Ulqin.jpg#webpage\",\"url\":\"https:\/\/www.visit-ulcinj.com\/blog\/wp-content\/uploads\/2012\/02\/Fundjava-e-temperaturave-ne-Ulqin.jpg\",\"name\":\"Fundjava e temperaturave ne Ulqin - Lajme nga Ulqini\",\"isPartOf\":{\"@id\":\"https:\/\/www.visit-ulcinj.com\/blog\/#website\"},\"datePublished\":\"2012-02-12T05:38:25+00:00\",\"dateModified\":\"2012-02-12T05:38:25+00:00\",\"breadcrumb\":{\"@id\":\"https:\/\/www.visit-ulcinj.com\/blog\/wp-content\/uploads\/2012\/02\/Fundjava-e-temperaturave-ne-Ulqin.jpg#breadcrumb\"},\"inLanguage\":\"en-US\",\"potentialAction\":[{\"@type\":\"ReadAction\",\"target\":[\"https:\/\/www.visit-ulcinj.com\/blog\/wp-content\/uploads\/2012\/02\/Fundjava-e-temperaturave-ne-Ulqin.jpg\"]}]},{\"@type\":\"BreadcrumbList\",\"@id\":\"https:\/\/www.visit-ulcinj.com\/blog\/wp-content\/uploads\/2012\/02\/Fundjava-e-temperaturave-ne-Ulqin.jpg#breadcrumb\",\"itemListElement\":[{\"@type\":\"ListItem\",\"position\":1,\"name\":\"Fundjava n\u00eb Ulqin me reshje dhe temperatura t\u00eb ul\u00ebta &#8211; Tabela\",\"item\":\"https:\/\/www.visit-ulcinj.com\/blog\/2012\/02\/12\/fundjava-ne-ulqin-me-reshje-dhe-temperatura-te-uleta-tabela\/\"},{\"@type\":\"ListItem\",\"position\":2,\"name\":\"Fundjava e temperaturave ne Ulqin\"}]}]}<\/script>\n<!-- \/ Yoast SEO plugin. -->","yoast_head_json":{"title":"Fundjava e temperaturave ne Ulqin - Lajme nga Ulqini","robots":{"index":"index","follow":"follow","max-snippet":"max-snippet:-1","max-image-preview":"max-image-preview:large","max-video-preview":"max-video-preview:-1"},"canonical":"https:\/\/www.visit-ulcinj.com\/blog\/wp-content\/uploads\/2012\/02\/Fundjava-e-temperaturave-ne-Ulqin.jpg","og_locale":"en_US","og_type":"article","og_title":"Fundjava e temperaturave ne Ulqin - Lajme nga Ulqini","og_description":"Drejtoria hidrometeorologjike e Malit t\u00eb Zi b\u00ebri t\u00eb ditur se gjat\u00eb k\u00ebsaj fundjave do t\u00eb pasojn\u00eb reshje dhe temperatura t\u00eb ulta n\u00eb komun\u00ebn e Ulqinit. Sipas sinoptik\u00ebve, dit\u00ebt n\u00eb vijim do t\u00eb jen\u00eb me t\u00eb reshura dhe temperatura t\u00eb ngjashme me disa dit\u00ebt e kaluara, q\u00eb do t\u00eb sillen nga -1\u02da C deri n\u00eb 3\u02da [&hellip;]","og_url":"https:\/\/www.visit-ulcinj.com\/blog\/wp-content\/uploads\/2012\/02\/Fundjava-e-temperaturave-ne-Ulqin.jpg","og_site_name":"Lajme nga Ulqini","og_image":[{"width":"785","height":"288","url":"https:\/\/www.visit-ulcinj.com\/blog\/wp-content\/uploads\/2012\/02\/Fundjava-e-temperaturave-ne-Ulqin.jpg","type":"image\/jpeg"}],"schema":{"@context":"https:\/\/schema.org","@graph":[{"@type":"WebSite","@id":"https:\/\/www.visit-ulcinj.com\/blog\/#website","url":"https:\/\/www.visit-ulcinj.com\/blog\/","name":"Lajme nga Ulqini","description":"Lajme,Vijesti,Ulqini,Ulqin,Crna Gora,Mali i Zi","potentialAction":[{"@type":"SearchAction","target":{"@type":"EntryPoint","urlTemplate":"https:\/\/www.visit-ulcinj.com\/blog\/?s={search_term_string}"},"query-input":"required name=search_term_string"}],"inLanguage":"en-US"},{"@type":"WebPage","@id":"https:\/\/www.visit-ulcinj.com\/blog\/wp-content\/uploads\/2012\/02\/Fundjava-e-temperaturave-ne-Ulqin.jpg#webpage","url":"https:\/\/www.visit-ulcinj.com\/blog\/wp-content\/uploads\/2012\/02\/Fundjava-e-temperaturave-ne-Ulqin.jpg","name":"Fundjava e temperaturave ne Ulqin - Lajme nga Ulqini","isPartOf":{"@id":"https:\/\/www.visit-ulcinj.com\/blog\/#website"},"datePublished":"2012-02-12T05:38:25+00:00","dateModified":"2012-02-12T05:38:25+00:00","breadcrumb":{"@id":"https:\/\/www.visit-ulcinj.com\/blog\/wp-content\/uploads\/2012\/02\/Fundjava-e-temperaturave-ne-Ulqin.jpg#breadcrumb"},"inLanguage":"en-US","potentialAction":[{"@type":"ReadAction","target":["https:\/\/www.visit-ulcinj.com\/blog\/wp-content\/uploads\/2012\/02\/Fundjava-e-temperaturave-ne-Ulqin.jpg"]}]},{"@type":"BreadcrumbList","@id":"https:\/\/www.visit-ulcinj.com\/blog\/wp-content\/uploads\/2012\/02\/Fundjava-e-temperaturave-ne-Ulqin.jpg#breadcrumb","itemListElement":[{"@type":"ListItem","position":1,"name":"Fundjava n\u00eb Ulqin me reshje dhe temperatura t\u00eb ul\u00ebta &#8211; Tabela","item":"https:\/\/www.visit-ulcinj.com\/blog\/2012\/02\/12\/fundjava-ne-ulqin-me-reshje-dhe-temperatura-te-uleta-tabela\/"},{"@type":"ListItem","position":2,"name":"Fundjava e temperaturave ne Ulqin"}]}]}},"jetpack_sharing_enabled":true,"jetpack_shortlink":"https:\/\/wp.me\/ae6lTn-eUn","description":{"rendered":"<p class=\"attachment\"><a href='https:\/\/www.visit-ulcinj.com\/blog\/wp-content\/uploads\/2012\/02\/Fundjava-e-temperaturave-ne-Ulqin.jpg'><img width=\"300\" height=\"110\" src=\"https:\/\/www.visit-ulcinj.com\/blog\/wp-content\/uploads\/2012\/02\/Fundjava-e-temperaturave-ne-Ulqin-300x110.jpg\" class=\"attachment-medium size-medium\" alt=\"\" loading=\"lazy\" srcset=\"https:\/\/www.visit-ulcinj.com\/blog\/wp-content\/uploads\/2012\/02\/Fundjava-e-temperaturave-ne-Ulqin-300x110.jpg 300w, https:\/\/www.visit-ulcinj.com\/blog\/wp-content\/uploads\/2012\/02\/Fundjava-e-temperaturave-ne-Ulqin.jpg 785w\" sizes=\"(max-width: 300px) 100vw, 300px\" \/><\/a><\/p>\n<p>Drejtoria hidrometeorologjike e Malit t\u00eb Zi b\u00ebri t\u00eb ditur se gjat\u00eb k\u00ebsaj fundjave do t\u00eb pasojn\u00eb reshje  dhe temperatura t\u00eb ulta n\u00eb komun\u00ebn e Ulqinit. <\/p>\n<p>Sipas sinoptik\u00ebve, dit\u00ebt n\u00eb vijim do t\u00eb jen\u00eb me t\u00eb reshura dhe temperatura t\u00eb ngjashme me disa dit\u00ebt e kaluara, q\u00eb do t\u00eb sillen nga -1\u02da C deri n\u00eb 3\u02da C ato minimale, nd\u00ebrsa maksimalet do t\u00eb sillen prej 3\u02da C deri n\u00eb 8\u02da C. <\/p>\n"},"caption":{"rendered":"<p>Drejtoria hidrometeorologjike e Malit t\u00eb Zi b\u00ebri t\u00eb ditur se gjat\u00eb k\u00ebsaj fundjave do t\u00eb pasojn\u00eb reshje dhe temperatura t\u00eb ulta n\u00eb komun\u00ebn e Ulqinit. Sipas sinoptik\u00ebve, dit\u00ebt n\u00eb vijim do t\u00eb jen\u00eb me t\u00eb reshura dhe temperatura t\u00eb ngjashme me disa dit\u00ebt e kaluara, q\u00eb do t\u00eb sillen nga -1\u02da C deri n\u00eb 3\u02da [&hellip;]<\/p>\n"},"alt_text":"","media_type":"image","mime_type":"image\/jpeg","media_details":{"width":"785","height":"288","hwstring_small":"height='46' width='128'","file":"2012\/02\/Fundjava-e-temperaturave-ne-Ulqin.jpg","sizes":{"thumbnail":{"file":"Fundjava-e-temperaturave-ne-Ulqin-150x150.jpg","width":"150","height":"150","source_url":"https:\/\/www.visit-ulcinj.com\/blog\/wp-content\/uploads\/2012\/02\/Fundjava-e-temperaturave-ne-Ulqin-150x150.jpg"},"medium":{"file":"Fundjava-e-temperaturave-ne-Ulqin-300x110.jpg","width":"300","height":"110","source_url":"https:\/\/www.visit-ulcinj.com\/blog\/wp-content\/uploads\/2012\/02\/Fundjava-e-temperaturave-ne-Ulqin-300x110.jpg"},"full":{"file":"Fundjava-e-temperaturave-ne-Ulqin.jpg","width":785,"height":288,"mime_type":"image\/jpeg","source_url":"https:\/\/www.visit-ulcinj.com\/blog\/wp-content\/uploads\/2012\/02\/Fundjava-e-temperaturave-ne-Ulqin.jpg"}},"image_meta":{"aperture":"0","credit":"","camera":"","caption":"","created_timestamp":"0","copyright":"","focal_length":"0","iso":"0","shutter_speed":"0","title":""}},"post":57310,"source_url":"https:\/\/www.visit-ulcinj.com\/blog\/wp-content\/uploads\/2012\/02\/Fundjava-e-temperaturave-ne-Ulqin.jpg","_links":{"self":[{"href":"https:\/\/www.visit-ulcinj.com\/blog\/wp-json\/wp\/v2\/media\/57311"}],"collection":[{"href":"https:\/\/www.visit-ulcinj.com\/blog\/wp-json\/wp\/v2\/media"}],"about":[{"href":"https:\/\/www.visit-ulcinj.com\/blog\/wp-json\/wp\/v2\/types\/attachment"}],"author":[{"embeddable":true,"href":"https:\/\/www.visit-ulcinj.com\/blog\/wp-json\/wp\/v2\/users\/1"}],"replies":[{"embeddable":true,"href":"https:\/\/www.visit-ulcinj.com\/blog\/wp-json\/wp\/v2\/comments?post=57311"}]}}

<!-- This site is optimized with the Yoast SEO plugin v19.1 - https://yoast.com/wordpress/plugins/seo/ -->
<title>Fundjava e temperaturave ne Ulqin - Lajme nga Ulqini</title>
<meta name="robots" content="index, follow, max-snippet:-1, max-image-preview:large, max-video-preview:-1" />
<link rel="canonical" href="https://www.visit-ulcinj.com/blog/wp-content/uploads/2012/02/Fundjava-e-temperaturave-ne-Ulqin.jpg" />
<meta property="og:locale" content="en_US" />
<meta property="og:type" content="article" />
<meta property="og:title" content="Fundjava e temperaturave ne Ulqin - Lajme nga Ulqini" />
<meta property="og:description" content="Drejtoria hidrometeorologjike e Malit të Zi bëri të ditur se gjatë kësaj fundjave do të pasojnë reshje dhe temperatura të ulta në komunën e Ulqinit. Sipas sinoptikëve, ditët në vijim do të jenë me të reshura dhe temperatura të ngjashme me disa ditët e kaluara, që do të sillen nga -1˚ C deri në 3˚ [&hellip;]" />
<meta property="og:url" content="https://www.visit-ulcinj.com/blog/wp-content/uploads/2012/02/Fundjava-e-temperaturave-ne-Ulqin.jpg" />
<meta property="og:site_name" content="Lajme nga Ulqini" />
<meta property="og:image" content="https://www.visit-ulcinj.com/blog/wp-content/uploads/2012/02/Fundjava-e-temperaturave-ne-Ulqin.jpg" />
	<meta property="og:image:width" content="785" />
	<meta property="og:image:height" content="288" />
	<meta property="og:image:type" content="image/jpeg" />
<script type="application/ld+json" class="yoast-schema-graph">{"@context":"https://schema.org","@graph":[{"@type":"WebSite","@id":"https://www.visit-ulcinj.com/blog/#website","url":"https://www.visit-ulcinj.com/blog/","name":"Lajme nga Ulqini","description":"Lajme,Vijesti,Ulqini,Ulqin,Crna Gora,Mali i Zi","potentialAction":[{"@type":"SearchAction","target":{"@type":"EntryPoint","urlTemplate":"https://www.visit-ulcinj.com/blog/?s={search_term_string}"},"query-input":"required name=search_term_string"}],"inLanguage":"en-US"},{"@type":"WebPage","@id":"https://www.visit-ulcinj.com/blog/wp-content/uploads/2012/02/Fundjava-e-temperaturave-ne-Ulqin.jpg#webpage","url":"https://www.visit-ulcinj.com/blog/wp-content/uploads/2012/02/Fundjava-e-temperaturave-ne-Ulqin.jpg","name":"Fundjava e temperaturave ne Ulqin - Lajme nga Ulqini","isPartOf":{"@id":"https://www.visit-ulcinj.com/blog/#website"},"datePublished":"2012-02-12T05:38:25+00:00","dateModified":"2012-02-12T05:38:25+00:00","breadcrumb":{"@id":"https://www.visit-ulcinj.com/blog/wp-content/uploads/2012/02/Fundjava-e-temperaturave-ne-Ulqin.jpg#breadcrumb"},"inLanguage":"en-US","potentialAction":[{"@type":"ReadAction","target":["https://www.visit-ulcinj.com/blog/wp-content/uploads/2012/02/Fundjava-e-temperaturave-ne-Ulqin.jpg"]}]},{"@type":"BreadcrumbList","@id":"https://www.visit-ulcinj.com/blog/wp-content/uploads/2012/02/Fundjava-e-temperaturave-ne-Ulqin.jpg#breadcrumb","itemListElement":[{"@type":"ListItem","position":1,"name":"Fundjava në Ulqin me reshje dhe temperatura të ulëta &#8211; Tabela","item":"https://www.visit-ulcinj.com/blog/2012/02/12/fundjava-ne-ulqin-me-reshje-dhe-temperatura-te-uleta-tabela/"},{"@type":"ListItem","position":2,"name":"Fundjava e temperaturave ne Ulqin"}]}]}</script>
<!-- / Yoast SEO plugin. -->

Drejtoria hidrometeorologjike e Malit të Zi bëri të ditur se gjatë kësaj fundjave do të pasojnë reshje dhe temperatura të ulta në komunën e Ulqinit. Sipas sinoptikëve, ditët në vijim do të jenë me të reshura dhe temperatura të ngjashme me disa ditët e kaluara, që do të sillen nga -1˚ C deri në 3˚ [&hellip;]

Fundjava në Ulqin me reshje dhe temperatura të ulëta &#8211; Tabela

<p class="attachment"><a href='https://www.visit-ulcinj.com/blog/wp-content/uploads/2012/02/Fundjava-e-temperaturave-ne-Ulqin.jpg'><img width="300" height="110" src="https://www.visit-ulcinj.com/blog/wp-content/uploads/2012/02/Fundjava-e-temperaturave-ne-Ulqin-300x110.jpg" class="attachment-medium size-medium" alt="" loading="lazy" srcset="https://www.visit-ulcinj.com/blog/wp-content/uploads/2012/02/Fundjava-e-temperaturave-ne-Ulqin-300x110.jpg 300w, https://www.visit-ulcinj.com/blog/wp-content/uploads/2012/02/Fundjava-e-temperaturave-ne-Ulqin.jpg 785w" sizes="(max-width: 300px) 100vw, 300px" /></a></p>
<p>Drejtoria hidrometeorologjike e Malit të Zi bëri të ditur se gjatë kësaj fundjave do të pasojnë reshje  dhe temperatura të ulta në komunën e Ulqinit. </p>
<p>Sipas sinoptikëve, ditët në vijim do të jenë me të reshura dhe temperatura të ngjashme me disa ditët e kaluara, që do të sillen nga -1˚ C deri në 3˚ C ato minimale, ndërsa maksimalet do të sillen prej 3˚ C deri në 8˚ C. </p>

<p>Drejtoria hidrometeorologjike e Malit të Zi bëri të ditur se gjatë kësaj fundjave do të pasojnë reshje dhe temperatura të ulta në komunën e Ulqinit. Sipas sinoptikëve, ditët në vijim do të jenë me të reshura dhe temperatura të ngjashme me disa ditët e kaluara, që do të sillen nga -1˚ C deri në 3˚ [&hellip;]</p>
