{"id":58977,"date":"2012-04-04T16:49:18","date_gmt":"2012-04-04T15:49:18","guid":{"rendered":"http:\/\/www.visit-ulcinj.com\/blog\/wp-content\/uploads\/2012\/04\/Dan-Opstine-Ulcinj.jpg"},"modified":"2012-04-04T16:49:18","modified_gmt":"2012-04-04T15:49:18","slug":"dan-opstine-ulcinj-3","status":"inherit","type":"attachment","link":"https:\/\/www.visit-ulcinj.com\/blog\/2012\/04\/04\/dan-opstine-ulcinj-2\/dan-opstine-ulcinj-3\/","title":{"rendered":"Dan Opstine Ulcinj"},"author":1,"comment_status":"open","ping_status":"closed","template":"","meta":{"spay_email":""},"yoast_head":"<!-- This site is optimized with the Yoast SEO plugin v19.1 - https:\/\/yoast.com\/wordpress\/plugins\/seo\/ -->\n<title>Dan Opstine Ulcinj - Lajme nga Ulqini<\/title>\n<meta name=\"robots\" content=\"index, follow, max-snippet:-1, max-image-preview:large, max-video-preview:-1\" \/>\n<link rel=\"canonical\" href=\"https:\/\/www.visit-ulcinj.com\/blog\/wp-content\/uploads\/2012\/04\/Dan-Opstine-Ulcinj.jpg\" \/>\n<meta property=\"og:locale\" content=\"en_US\" \/>\n<meta property=\"og:type\" content=\"article\" \/>\n<meta property=\"og:title\" content=\"Dan Opstine Ulcinj - Lajme nga Ulqini\" \/>\n<meta property=\"og:description\" content=\"\u010cetvrtak 5 april: 11:00 &#8211; Otvaranje resursnog centra za profesionalnu kvalifikaciju \u017eena. (Zgrada centra za kulturu) 18:00 \u2013 Medjunarodni futbalski turnir u futbalu za Pionire (Stadion Srd \u201cBelvi\u201d) Petak 6 april: 10:00 -\u010cetvrta me\u0111unarodna nau\u010dna konferencija na temu: \u201c Perspektiva regionalnog ekonomskog razvoja pod optikom lokalnog ekonomskog razvoja i uticaj turisti\u010dkog sektora u njima \u201d [&hellip;]\" \/>\n<meta property=\"og:url\" content=\"https:\/\/www.visit-ulcinj.com\/blog\/wp-content\/uploads\/2012\/04\/Dan-Opstine-Ulcinj.jpg\" \/>\n<meta property=\"og:site_name\" content=\"Lajme nga Ulqini\" \/>\n<meta property=\"og:image\" content=\"https:\/\/www.visit-ulcinj.com\/blog\/wp-content\/uploads\/2012\/04\/Dan-Opstine-Ulcinj.jpg\" \/>\n\t<meta property=\"og:image:width\" content=\"468\" \/>\n\t<meta property=\"og:image:height\" content=\"402\" \/>\n\t<meta property=\"og:image:type\" content=\"image\/jpeg\" \/>\n<meta name=\"twitter:label1\" content=\"Est. reading time\" \/>\n\t<meta name=\"twitter:data1\" content=\"1 minute\" \/>\n<script type=\"application\/ld+json\" class=\"yoast-schema-graph\">{\"@context\":\"https:\/\/schema.org\",\"@graph\":[{\"@type\":\"WebSite\",\"@id\":\"https:\/\/www.visit-ulcinj.com\/blog\/#website\",\"url\":\"https:\/\/www.visit-ulcinj.com\/blog\/\",\"name\":\"Lajme nga Ulqini\",\"description\":\"Lajme,Vijesti,Ulqini,Ulqin,Crna Gora,Mali i Zi\",\"potentialAction\":[{\"@type\":\"SearchAction\",\"target\":{\"@type\":\"EntryPoint\",\"urlTemplate\":\"https:\/\/www.visit-ulcinj.com\/blog\/?s={search_term_string}\"},\"query-input\":\"required name=search_term_string\"}],\"inLanguage\":\"en-US\"},{\"@type\":\"WebPage\",\"@id\":\"https:\/\/www.visit-ulcinj.com\/blog\/wp-content\/uploads\/2012\/04\/Dan-Opstine-Ulcinj.jpg#webpage\",\"url\":\"https:\/\/www.visit-ulcinj.com\/blog\/wp-content\/uploads\/2012\/04\/Dan-Opstine-Ulcinj.jpg\",\"name\":\"Dan Opstine Ulcinj - Lajme nga Ulqini\",\"isPartOf\":{\"@id\":\"https:\/\/www.visit-ulcinj.com\/blog\/#website\"},\"datePublished\":\"2012-04-04T15:49:18+00:00\",\"dateModified\":\"2012-04-04T15:49:18+00:00\",\"breadcrumb\":{\"@id\":\"https:\/\/www.visit-ulcinj.com\/blog\/wp-content\/uploads\/2012\/04\/Dan-Opstine-Ulcinj.jpg#breadcrumb\"},\"inLanguage\":\"en-US\",\"potentialAction\":[{\"@type\":\"ReadAction\",\"target\":[\"https:\/\/www.visit-ulcinj.com\/blog\/wp-content\/uploads\/2012\/04\/Dan-Opstine-Ulcinj.jpg\"]}]},{\"@type\":\"BreadcrumbList\",\"@id\":\"https:\/\/www.visit-ulcinj.com\/blog\/wp-content\/uploads\/2012\/04\/Dan-Opstine-Ulcinj.jpg#breadcrumb\",\"itemListElement\":[{\"@type\":\"ListItem\",\"position\":1,\"name\":\"Dan Op\u0161tine Ulcinj\",\"item\":\"https:\/\/www.visit-ulcinj.com\/blog\/2012\/04\/04\/dan-opstine-ulcinj-2\/\"},{\"@type\":\"ListItem\",\"position\":2,\"name\":\"Dan Opstine Ulcinj\"}]}]}<\/script>\n<!-- \/ Yoast SEO plugin. -->","yoast_head_json":{"title":"Dan Opstine Ulcinj - Lajme nga Ulqini","robots":{"index":"index","follow":"follow","max-snippet":"max-snippet:-1","max-image-preview":"max-image-preview:large","max-video-preview":"max-video-preview:-1"},"canonical":"https:\/\/www.visit-ulcinj.com\/blog\/wp-content\/uploads\/2012\/04\/Dan-Opstine-Ulcinj.jpg","og_locale":"en_US","og_type":"article","og_title":"Dan Opstine Ulcinj - Lajme nga Ulqini","og_description":"\u010cetvrtak 5 april: 11:00 &#8211; Otvaranje resursnog centra za profesionalnu kvalifikaciju \u017eena. (Zgrada centra za kulturu) 18:00 \u2013 Medjunarodni futbalski turnir u futbalu za Pionire (Stadion Srd \u201cBelvi\u201d) Petak 6 april: 10:00 -\u010cetvrta me\u0111unarodna nau\u010dna konferencija na temu: \u201c Perspektiva regionalnog ekonomskog razvoja pod optikom lokalnog ekonomskog razvoja i uticaj turisti\u010dkog sektora u njima \u201d [&hellip;]","og_url":"https:\/\/www.visit-ulcinj.com\/blog\/wp-content\/uploads\/2012\/04\/Dan-Opstine-Ulcinj.jpg","og_site_name":"Lajme nga Ulqini","og_image":[{"width":"468","height":"402","url":"https:\/\/www.visit-ulcinj.com\/blog\/wp-content\/uploads\/2012\/04\/Dan-Opstine-Ulcinj.jpg","type":"image\/jpeg"}],"twitter_misc":{"Est. reading time":"1 minute"},"schema":{"@context":"https:\/\/schema.org","@graph":[{"@type":"WebSite","@id":"https:\/\/www.visit-ulcinj.com\/blog\/#website","url":"https:\/\/www.visit-ulcinj.com\/blog\/","name":"Lajme nga Ulqini","description":"Lajme,Vijesti,Ulqini,Ulqin,Crna Gora,Mali i Zi","potentialAction":[{"@type":"SearchAction","target":{"@type":"EntryPoint","urlTemplate":"https:\/\/www.visit-ulcinj.com\/blog\/?s={search_term_string}"},"query-input":"required name=search_term_string"}],"inLanguage":"en-US"},{"@type":"WebPage","@id":"https:\/\/www.visit-ulcinj.com\/blog\/wp-content\/uploads\/2012\/04\/Dan-Opstine-Ulcinj.jpg#webpage","url":"https:\/\/www.visit-ulcinj.com\/blog\/wp-content\/uploads\/2012\/04\/Dan-Opstine-Ulcinj.jpg","name":"Dan Opstine Ulcinj - Lajme nga Ulqini","isPartOf":{"@id":"https:\/\/www.visit-ulcinj.com\/blog\/#website"},"datePublished":"2012-04-04T15:49:18+00:00","dateModified":"2012-04-04T15:49:18+00:00","breadcrumb":{"@id":"https:\/\/www.visit-ulcinj.com\/blog\/wp-content\/uploads\/2012\/04\/Dan-Opstine-Ulcinj.jpg#breadcrumb"},"inLanguage":"en-US","potentialAction":[{"@type":"ReadAction","target":["https:\/\/www.visit-ulcinj.com\/blog\/wp-content\/uploads\/2012\/04\/Dan-Opstine-Ulcinj.jpg"]}]},{"@type":"BreadcrumbList","@id":"https:\/\/www.visit-ulcinj.com\/blog\/wp-content\/uploads\/2012\/04\/Dan-Opstine-Ulcinj.jpg#breadcrumb","itemListElement":[{"@type":"ListItem","position":1,"name":"Dan Op\u0161tine Ulcinj","item":"https:\/\/www.visit-ulcinj.com\/blog\/2012\/04\/04\/dan-opstine-ulcinj-2\/"},{"@type":"ListItem","position":2,"name":"Dan Opstine Ulcinj"}]}]}},"jetpack_sharing_enabled":true,"jetpack_shortlink":"https:\/\/wp.me\/ae6lTn-flf","description":{"rendered":"<p class=\"attachment\"><a href='https:\/\/www.visit-ulcinj.com\/blog\/wp-content\/uploads\/2012\/04\/Dan-Opstine-Ulcinj.jpg'><img width=\"300\" height=\"257\" src=\"https:\/\/www.visit-ulcinj.com\/blog\/wp-content\/uploads\/2012\/04\/Dan-Opstine-Ulcinj-300x257.jpg\" class=\"attachment-medium size-medium\" alt=\"\" loading=\"lazy\" srcset=\"https:\/\/www.visit-ulcinj.com\/blog\/wp-content\/uploads\/2012\/04\/Dan-Opstine-Ulcinj-300x257.jpg 300w, https:\/\/www.visit-ulcinj.com\/blog\/wp-content\/uploads\/2012\/04\/Dan-Opstine-Ulcinj.jpg 468w\" sizes=\"(max-width: 300px) 100vw, 300px\" \/><\/a><\/p>\n<p>\u010cetvrtak 5 april:<\/p>\n<p>11:00 &#8211; Otvaranje resursnog centra za profesionalnu kvalifikaciju \u017eena.<br \/>\n(Zgrada centra za kulturu)<br \/>\n18:00 \u2013 Medjunarodni futbalski turnir u futbalu za Pionire<br \/>\n(Stadion Srd \u201cBelvi\u201d)<\/p>\n<p>Petak 6 april:<\/p>\n<p>10:00 -\u010cetvrta me\u0111unarodna nau\u010dna konferencija na temu:<\/p>\n<p>\u201c Perspektiva regionalnog ekonomskog razvoja pod optikom lokalnog ekonomskog razvoja i uticaj turisti\u010dkog sektora u njima \u201d<br \/>\n(Velika sala skupstine)<br \/>\n12:00 \u2013 Uru\u010divanje stipendija najboljim studentima<br \/>\n(sala za sastanke Kabineta)<br \/>\n18:00 &#8211; Izlo\u017eba umjetni\u010dkih       radova u\u010denika osnovnih \u0161kola<br \/>\n(Centar za kulturu) <\/p>\n<p>Subota 7 april:<\/p>\n<p>9:30 &#8211;  Karate turnir Ulcinj Open.<br \/>\n       (Sportska sala Os Marsal Tito)<br \/>\n11:00 \u2013 Svecna sjednica<br \/>\n(Centar za Kulturu)<br \/>\n19:00 \u2013 Folklorni koncert          \u201eUlcinjska svadba\u201d<br \/>\n(Centar za kulturu)<\/p>\n"},"caption":{"rendered":"<p>\u010cetvrtak 5 april: 11:00 &#8211; Otvaranje resursnog centra za profesionalnu kvalifikaciju \u017eena. (Zgrada centra za kulturu) 18:00 \u2013 Medjunarodni futbalski turnir u futbalu za Pionire (Stadion Srd \u201cBelvi\u201d) Petak 6 april: 10:00 -\u010cetvrta me\u0111unarodna nau\u010dna konferencija na temu: \u201c Perspektiva regionalnog ekonomskog razvoja pod optikom lokalnog ekonomskog razvoja i uticaj turisti\u010dkog sektora u njima \u201d [&hellip;]<\/p>\n"},"alt_text":"","media_type":"image","mime_type":"image\/jpeg","media_details":{"width":"468","height":"402","hwstring_small":"height='96' width='111'","file":"2012\/04\/Dan-Opstine-Ulcinj.jpg","sizes":{"thumbnail":{"file":"Dan-Opstine-Ulcinj-150x150.jpg","width":"150","height":"150","source_url":"https:\/\/www.visit-ulcinj.com\/blog\/wp-content\/uploads\/2012\/04\/Dan-Opstine-Ulcinj-150x150.jpg"},"medium":{"file":"Dan-Opstine-Ulcinj-300x257.jpg","width":"300","height":"257","source_url":"https:\/\/www.visit-ulcinj.com\/blog\/wp-content\/uploads\/2012\/04\/Dan-Opstine-Ulcinj-300x257.jpg"},"full":{"file":"Dan-Opstine-Ulcinj.jpg","width":468,"height":402,"mime_type":"image\/jpeg","source_url":"https:\/\/www.visit-ulcinj.com\/blog\/wp-content\/uploads\/2012\/04\/Dan-Opstine-Ulcinj.jpg"}},"image_meta":{"aperture":"0","credit":"","camera":"","caption":"","created_timestamp":"0","copyright":"","focal_length":"0","iso":"0","shutter_speed":"0","title":""}},"post":58976,"source_url":"https:\/\/www.visit-ulcinj.com\/blog\/wp-content\/uploads\/2012\/04\/Dan-Opstine-Ulcinj.jpg","_links":{"self":[{"href":"https:\/\/www.visit-ulcinj.com\/blog\/wp-json\/wp\/v2\/media\/58977"}],"collection":[{"href":"https:\/\/www.visit-ulcinj.com\/blog\/wp-json\/wp\/v2\/media"}],"about":[{"href":"https:\/\/www.visit-ulcinj.com\/blog\/wp-json\/wp\/v2\/types\/attachment"}],"author":[{"embeddable":true,"href":"https:\/\/www.visit-ulcinj.com\/blog\/wp-json\/wp\/v2\/users\/1"}],"replies":[{"embeddable":true,"href":"https:\/\/www.visit-ulcinj.com\/blog\/wp-json\/wp\/v2\/comments?post=58977"}]}}

<!-- This site is optimized with the Yoast SEO plugin v19.1 - https://yoast.com/wordpress/plugins/seo/ -->
<title>Dan Opstine Ulcinj - Lajme nga Ulqini</title>
<meta name="robots" content="index, follow, max-snippet:-1, max-image-preview:large, max-video-preview:-1" />
<link rel="canonical" href="https://www.visit-ulcinj.com/blog/wp-content/uploads/2012/04/Dan-Opstine-Ulcinj.jpg" />
<meta property="og:locale" content="en_US" />
<meta property="og:type" content="article" />
<meta property="og:title" content="Dan Opstine Ulcinj - Lajme nga Ulqini" />
<meta property="og:description" content="Četvrtak 5 april: 11:00 &#8211; Otvaranje resursnog centra za profesionalnu kvalifikaciju žena. (Zgrada centra za kulturu) 18:00 – Medjunarodni futbalski turnir u futbalu za Pionire (Stadion Srd “Belvi”) Petak 6 april: 10:00 -Četvrta međunarodna naučna konferencija na temu: “ Perspektiva regionalnog ekonomskog razvoja pod optikom lokalnog ekonomskog razvoja i uticaj turističkog sektora u njima ” [&hellip;]" />
<meta property="og:url" content="https://www.visit-ulcinj.com/blog/wp-content/uploads/2012/04/Dan-Opstine-Ulcinj.jpg" />
<meta property="og:site_name" content="Lajme nga Ulqini" />
<meta property="og:image" content="https://www.visit-ulcinj.com/blog/wp-content/uploads/2012/04/Dan-Opstine-Ulcinj.jpg" />
	<meta property="og:image:width" content="468" />
	<meta property="og:image:height" content="402" />
	<meta property="og:image:type" content="image/jpeg" />
<meta name="twitter:label1" content="Est. reading time" />
	<meta name="twitter:data1" content="1 minute" />
<script type="application/ld+json" class="yoast-schema-graph">{"@context":"https://schema.org","@graph":[{"@type":"WebSite","@id":"https://www.visit-ulcinj.com/blog/#website","url":"https://www.visit-ulcinj.com/blog/","name":"Lajme nga Ulqini","description":"Lajme,Vijesti,Ulqini,Ulqin,Crna Gora,Mali i Zi","potentialAction":[{"@type":"SearchAction","target":{"@type":"EntryPoint","urlTemplate":"https://www.visit-ulcinj.com/blog/?s={search_term_string}"},"query-input":"required name=search_term_string"}],"inLanguage":"en-US"},{"@type":"WebPage","@id":"https://www.visit-ulcinj.com/blog/wp-content/uploads/2012/04/Dan-Opstine-Ulcinj.jpg#webpage","url":"https://www.visit-ulcinj.com/blog/wp-content/uploads/2012/04/Dan-Opstine-Ulcinj.jpg","name":"Dan Opstine Ulcinj - Lajme nga Ulqini","isPartOf":{"@id":"https://www.visit-ulcinj.com/blog/#website"},"datePublished":"2012-04-04T15:49:18+00:00","dateModified":"2012-04-04T15:49:18+00:00","breadcrumb":{"@id":"https://www.visit-ulcinj.com/blog/wp-content/uploads/2012/04/Dan-Opstine-Ulcinj.jpg#breadcrumb"},"inLanguage":"en-US","potentialAction":[{"@type":"ReadAction","target":["https://www.visit-ulcinj.com/blog/wp-content/uploads/2012/04/Dan-Opstine-Ulcinj.jpg"]}]},{"@type":"BreadcrumbList","@id":"https://www.visit-ulcinj.com/blog/wp-content/uploads/2012/04/Dan-Opstine-Ulcinj.jpg#breadcrumb","itemListElement":[{"@type":"ListItem","position":1,"name":"Dan Opštine Ulcinj","item":"https://www.visit-ulcinj.com/blog/2012/04/04/dan-opstine-ulcinj-2/"},{"@type":"ListItem","position":2,"name":"Dan Opstine Ulcinj"}]}]}</script>
<!-- / Yoast SEO plugin. -->

Četvrtak 5 april: 11:00 &#8211; Otvaranje resursnog centra za profesionalnu kvalifikaciju žena. (Zgrada centra za kulturu) 18:00 – Medjunarodni futbalski turnir u futbalu za Pionire (Stadion Srd “Belvi”) Petak 6 april: 10:00 -Četvrta međunarodna naučna konferencija na temu: “ Perspektiva regionalnog ekonomskog razvoja pod optikom lokalnog ekonomskog razvoja i uticaj turističkog sektora u njima ” [&hellip;]

Dan Opštine Ulcinj

<p class="attachment"><a href='https://www.visit-ulcinj.com/blog/wp-content/uploads/2012/04/Dan-Opstine-Ulcinj.jpg'><img width="300" height="257" src="https://www.visit-ulcinj.com/blog/wp-content/uploads/2012/04/Dan-Opstine-Ulcinj-300x257.jpg" class="attachment-medium size-medium" alt="" loading="lazy" srcset="https://www.visit-ulcinj.com/blog/wp-content/uploads/2012/04/Dan-Opstine-Ulcinj-300x257.jpg 300w, https://www.visit-ulcinj.com/blog/wp-content/uploads/2012/04/Dan-Opstine-Ulcinj.jpg 468w" sizes="(max-width: 300px) 100vw, 300px" /></a></p>
<p>Četvrtak 5 april:</p>
<p>11:00 &#8211; Otvaranje resursnog centra za profesionalnu kvalifikaciju žena.<br />
(Zgrada centra za kulturu)<br />
18:00 – Medjunarodni futbalski turnir u futbalu za Pionire<br />
(Stadion Srd “Belvi”)</p>
<p>Petak 6 april:</p>
<p>10:00 -Četvrta međunarodna naučna konferencija na temu:</p>
<p>“ Perspektiva regionalnog ekonomskog razvoja pod optikom lokalnog ekonomskog razvoja i uticaj turističkog sektora u njima ”<br />
(Velika sala skupstine)<br />
12:00 – Uručivanje stipendija najboljim studentima<br />
(sala za sastanke Kabineta)<br />
18:00 &#8211; Izložba umjetničkih       radova učenika osnovnih škola<br />
(Centar za kulturu) </p>
<p>Subota 7 april:</p>
<p>9:30 &#8211;  Karate turnir Ulcinj Open.<br />
       (Sportska sala Os Marsal Tito)<br />
11:00 – Svecna sjednica<br />
(Centar za Kulturu)<br />
19:00 – Folklorni koncert          „Ulcinjska svadba”<br />
(Centar za kulturu)</p>

<p>Četvrtak 5 april: 11:00 &#8211; Otvaranje resursnog centra za profesionalnu kvalifikaciju žena. (Zgrada centra za kulturu) 18:00 – Medjunarodni futbalski turnir u futbalu za Pionire (Stadion Srd “Belvi”) Petak 6 april: 10:00 -Četvrta međunarodna naučna konferencija na temu: “ Perspektiva regionalnog ekonomskog razvoja pod optikom lokalnog ekonomskog razvoja i uticaj turističkog sektora u njima ” [&hellip;]</p>
