{"id":59249,"date":"2012-04-15T21:28:04","date_gmt":"2012-04-15T20:28:04","guid":{"rendered":"http:\/\/www.visit-ulcinj.com\/blog\/wp-content\/uploads\/2012\/04\/Dejan-Milovac.jpg"},"modified":"2012-04-15T21:28:04","modified_gmt":"2012-04-15T20:28:04","slug":"olympus-digital-camera-58","status":"inherit","type":"attachment","link":"https:\/\/www.visit-ulcinj.com\/blog\/2012\/04\/15\/mans-ulcinj-ne-smije-biti-talac-vlade\/olympus-digital-camera-58\/","title":{"rendered":"OLYMPUS DIGITAL CAMERA"},"author":1,"comment_status":"open","ping_status":"closed","template":"","meta":{"spay_email":""},"yoast_head":"<!-- This site is optimized with the Yoast SEO plugin v19.1 - https:\/\/yoast.com\/wordpress\/plugins\/seo\/ -->\n<title>OLYMPUS DIGITAL CAMERA - Lajme nga Ulqini<\/title>\n<meta name=\"robots\" content=\"index, follow, max-snippet:-1, max-image-preview:large, max-video-preview:-1\" \/>\n<link rel=\"canonical\" href=\"https:\/\/www.visit-ulcinj.com\/blog\/wp-content\/uploads\/2012\/04\/Dejan-Milovac.jpg\" \/>\n<meta property=\"og:locale\" content=\"en_US\" \/>\n<meta property=\"og:type\" content=\"article\" \/>\n<meta property=\"og:title\" content=\"OLYMPUS DIGITAL CAMERA - Lajme nga Ulqini\" \/>\n<meta property=\"og:description\" content=\"Odluka Vlade Crne Gore da prostor ulcinjske Solane ipak bude stavljen pod posebnu za\u0161titu, predstavlja pobjedu u prvom redu gra\u0111ana Ulcinja, ali i nevladinog sektora i nezavisnih medija, ali i jasan pokazatelj da pritisak na Vladu mo\u017ee da proizvede konretne rezultate, ocjenjuju iz Mre\u017ee za afirmaciju nevladinog sektora. U saop\u0161tenju MANS-a se isti\u010de da je [&hellip;]\" \/>\n<meta property=\"og:url\" content=\"https:\/\/www.visit-ulcinj.com\/blog\/wp-content\/uploads\/2012\/04\/Dejan-Milovac.jpg\" \/>\n<meta property=\"og:site_name\" content=\"Lajme nga Ulqini\" \/>\n<meta property=\"og:image\" content=\"https:\/\/www.visit-ulcinj.com\/blog\/wp-content\/uploads\/2012\/04\/Dejan-Milovac.jpg\" \/>\n\t<meta property=\"og:image:width\" content=\"500\" \/>\n\t<meta property=\"og:image:height\" content=\"370\" \/>\n\t<meta property=\"og:image:type\" content=\"image\/jpeg\" \/>\n<meta name=\"twitter:label1\" content=\"Est. reading time\" \/>\n\t<meta name=\"twitter:data1\" content=\"3 minutes\" \/>\n<script type=\"application\/ld+json\" class=\"yoast-schema-graph\">{\"@context\":\"https:\/\/schema.org\",\"@graph\":[{\"@type\":\"WebSite\",\"@id\":\"https:\/\/www.visit-ulcinj.com\/blog\/#website\",\"url\":\"https:\/\/www.visit-ulcinj.com\/blog\/\",\"name\":\"Lajme nga Ulqini\",\"description\":\"Lajme,Vijesti,Ulqini,Ulqin,Crna Gora,Mali i Zi\",\"potentialAction\":[{\"@type\":\"SearchAction\",\"target\":{\"@type\":\"EntryPoint\",\"urlTemplate\":\"https:\/\/www.visit-ulcinj.com\/blog\/?s={search_term_string}\"},\"query-input\":\"required name=search_term_string\"}],\"inLanguage\":\"en-US\"},{\"@type\":\"WebPage\",\"@id\":\"https:\/\/www.visit-ulcinj.com\/blog\/wp-content\/uploads\/2012\/04\/Dejan-Milovac.jpg#webpage\",\"url\":\"https:\/\/www.visit-ulcinj.com\/blog\/wp-content\/uploads\/2012\/04\/Dejan-Milovac.jpg\",\"name\":\"OLYMPUS DIGITAL CAMERA - Lajme nga Ulqini\",\"isPartOf\":{\"@id\":\"https:\/\/www.visit-ulcinj.com\/blog\/#website\"},\"datePublished\":\"2012-04-15T20:28:04+00:00\",\"dateModified\":\"2012-04-15T20:28:04+00:00\",\"breadcrumb\":{\"@id\":\"https:\/\/www.visit-ulcinj.com\/blog\/wp-content\/uploads\/2012\/04\/Dejan-Milovac.jpg#breadcrumb\"},\"inLanguage\":\"en-US\",\"potentialAction\":[{\"@type\":\"ReadAction\",\"target\":[\"https:\/\/www.visit-ulcinj.com\/blog\/wp-content\/uploads\/2012\/04\/Dejan-Milovac.jpg\"]}]},{\"@type\":\"BreadcrumbList\",\"@id\":\"https:\/\/www.visit-ulcinj.com\/blog\/wp-content\/uploads\/2012\/04\/Dejan-Milovac.jpg#breadcrumb\",\"itemListElement\":[{\"@type\":\"ListItem\",\"position\":1,\"name\":\"MANS: Ulcinj ne smije biti talac Vlade\",\"item\":\"https:\/\/www.visit-ulcinj.com\/blog\/2012\/04\/15\/mans-ulcinj-ne-smije-biti-talac-vlade\/\"},{\"@type\":\"ListItem\",\"position\":2,\"name\":\"OLYMPUS DIGITAL CAMERA\"}]}]}<\/script>\n<!-- \/ Yoast SEO plugin. -->","yoast_head_json":{"title":"OLYMPUS DIGITAL CAMERA - Lajme nga Ulqini","robots":{"index":"index","follow":"follow","max-snippet":"max-snippet:-1","max-image-preview":"max-image-preview:large","max-video-preview":"max-video-preview:-1"},"canonical":"https:\/\/www.visit-ulcinj.com\/blog\/wp-content\/uploads\/2012\/04\/Dejan-Milovac.jpg","og_locale":"en_US","og_type":"article","og_title":"OLYMPUS DIGITAL CAMERA - Lajme nga Ulqini","og_description":"Odluka Vlade Crne Gore da prostor ulcinjske Solane ipak bude stavljen pod posebnu za\u0161titu, predstavlja pobjedu u prvom redu gra\u0111ana Ulcinja, ali i nevladinog sektora i nezavisnih medija, ali i jasan pokazatelj da pritisak na Vladu mo\u017ee da proizvede konretne rezultate, ocjenjuju iz Mre\u017ee za afirmaciju nevladinog sektora. U saop\u0161tenju MANS-a se isti\u010de da je [&hellip;]","og_url":"https:\/\/www.visit-ulcinj.com\/blog\/wp-content\/uploads\/2012\/04\/Dejan-Milovac.jpg","og_site_name":"Lajme nga Ulqini","og_image":[{"width":"500","height":"370","url":"https:\/\/www.visit-ulcinj.com\/blog\/wp-content\/uploads\/2012\/04\/Dejan-Milovac.jpg","type":"image\/jpeg"}],"twitter_misc":{"Est. reading time":"3 minutes"},"schema":{"@context":"https:\/\/schema.org","@graph":[{"@type":"WebSite","@id":"https:\/\/www.visit-ulcinj.com\/blog\/#website","url":"https:\/\/www.visit-ulcinj.com\/blog\/","name":"Lajme nga Ulqini","description":"Lajme,Vijesti,Ulqini,Ulqin,Crna Gora,Mali i Zi","potentialAction":[{"@type":"SearchAction","target":{"@type":"EntryPoint","urlTemplate":"https:\/\/www.visit-ulcinj.com\/blog\/?s={search_term_string}"},"query-input":"required name=search_term_string"}],"inLanguage":"en-US"},{"@type":"WebPage","@id":"https:\/\/www.visit-ulcinj.com\/blog\/wp-content\/uploads\/2012\/04\/Dejan-Milovac.jpg#webpage","url":"https:\/\/www.visit-ulcinj.com\/blog\/wp-content\/uploads\/2012\/04\/Dejan-Milovac.jpg","name":"OLYMPUS DIGITAL CAMERA - Lajme nga Ulqini","isPartOf":{"@id":"https:\/\/www.visit-ulcinj.com\/blog\/#website"},"datePublished":"2012-04-15T20:28:04+00:00","dateModified":"2012-04-15T20:28:04+00:00","breadcrumb":{"@id":"https:\/\/www.visit-ulcinj.com\/blog\/wp-content\/uploads\/2012\/04\/Dejan-Milovac.jpg#breadcrumb"},"inLanguage":"en-US","potentialAction":[{"@type":"ReadAction","target":["https:\/\/www.visit-ulcinj.com\/blog\/wp-content\/uploads\/2012\/04\/Dejan-Milovac.jpg"]}]},{"@type":"BreadcrumbList","@id":"https:\/\/www.visit-ulcinj.com\/blog\/wp-content\/uploads\/2012\/04\/Dejan-Milovac.jpg#breadcrumb","itemListElement":[{"@type":"ListItem","position":1,"name":"MANS: Ulcinj ne smije biti talac Vlade","item":"https:\/\/www.visit-ulcinj.com\/blog\/2012\/04\/15\/mans-ulcinj-ne-smije-biti-talac-vlade\/"},{"@type":"ListItem","position":2,"name":"OLYMPUS DIGITAL CAMERA"}]}]}},"jetpack_sharing_enabled":true,"jetpack_shortlink":"https:\/\/wp.me\/ae6lTn-fpD","description":{"rendered":"<p class=\"attachment\"><a href='https:\/\/www.visit-ulcinj.com\/blog\/wp-content\/uploads\/2012\/04\/Dejan-Milovac.jpg'><img width=\"300\" height=\"222\" src=\"https:\/\/www.visit-ulcinj.com\/blog\/wp-content\/uploads\/2012\/04\/Dejan-Milovac-300x222.jpg\" class=\"attachment-medium size-medium\" alt=\"\" loading=\"lazy\" srcset=\"https:\/\/www.visit-ulcinj.com\/blog\/wp-content\/uploads\/2012\/04\/Dejan-Milovac-300x222.jpg 300w, https:\/\/www.visit-ulcinj.com\/blog\/wp-content\/uploads\/2012\/04\/Dejan-Milovac.jpg 500w\" sizes=\"(max-width: 300px) 100vw, 300px\" \/><\/a><\/p>\n<p>Odluka Vlade Crne Gore da prostor ulcinjske Solane ipak bude stavljen pod posebnu za\u0161titu, predstavlja pobjedu u prvom redu gra\u0111ana Ulcinja, ali i nevladinog sektora i nezavisnih medija, ali i jasan pokazatelj da pritisak na Vladu mo\u017ee da proizvede konretne rezultate, ocjenjuju iz Mre\u017ee za afirmaciju nevladinog sektora.<br \/>\nU saop\u0161tenju MANS-a se isti\u010de da je pritisak javnosti na Vladu obezbijedio i da se odustane i od poku\u0161aja nezakonitog izdavanja u zakup uvale Valdanos koje je kao i uslu\u010daju Solane trebao da obezbijedi da se na ra\u010dun javnog interesa zgrne ogroman profit.<br \/>\n&#8220;Ipak, oba ova slu\u010daja su pokazala da tajkuni, bilo da su doma\u0107i ili dolaze iz inostranstva, imaju odli\u010dne saveznike u Vladi Crne Gore, koja je zarad tu\u0111ih interesa bila spremna da ignori\u0161e volju gra\u0111ana Ulcinja i njihovo jasno suprostavljanje devastaciji prostora, ali i bezo\u010dnoj plja\u010dki&#8221;, ka\u017eu iz MANS-a.<br \/>\nMnogo se uzimalo, malo vra\u0107alo<br \/>\n&#8220;Ulcinj je predugo bio resursna baza iz koje se samo uzimalo, a malo \u0161to vra\u0107alo, po\u010dev od prodaje hotela i privatizacija firmi pa sve do ma\u0107ehinskog tretmana od strane JP Morsko dobro kada je u pitanju ulcinjska obala. Privatizacije hotela Albatros, Galeb, Lido, Belvi, Otrant, te kompanija Primorje, Agro-Ulcinj, Otrant komerc i mnogih drugih, svjedoci su pogre\u0161ne politike Vlade Crne Gore koja je ostavila su bez posla ili u ste\u010daju stotine ulcinjskih radnika koji su u tim preduze\u0107ima vidjeli svoju budu\u0107nost, ali i budu\u0107nost ulcinjske privrede&#8221;, navodi se u saop\u0161tenju.<br \/>\nOni ocjenjuje da su raspar\u010davanje hotelskog preduze\u0107a &#8220;Ulcinjska rivijera&#8221; te nesposobnost Vlade da na adekvatan na\u010din valorizuje prostor Velike pla\u017ee i Ade Bojane, marginalizovali su Ulcinj i udaljili ga od zdravih investicija i otvaranja novih radnih mjesta.<br \/>\nDa se ne ponovi Barovi\u0107<br \/>\nIz MANS-a isti\u010du da je Vlada je gra\u0111anima Ulcinja dovela &#8220;strate\u0161ke investitore&#8221; koji su umjesto ulaganja ru\u0161ili hotele, otpu\u0161tali i \u0161ikanirali radnike, uvodili preduze\u0107a u ste\u010daj, raspar\u010davavalii njihovu imovinu i izvla\u010dili profit, te da niko u Vladi nije snosio odgovornost za lo\u0161e privatizacione ugovore i da nema istraga, niko nije zavr\u0161io u zatvoru zbog \u010dinjenice da je Ulcinj danas uprkos ogromnom investicionom potencijalu, najsiroma\u0161nija op\u0161tina na Jadranu.<br \/>\n&#8220;Zbog toga se ovaj problem mora rje\u0161avati na sistemski na\u010din koji treba da obezbijedi da nam se vi\u0161e ne ponavljaju Veselin Barovi\u0107 i Eurofond ili Cubus Lux i Vujica Lazovi\u0107. Neko mora kona\u010dno odgovarati za to \u0161to radnici ulcinjske privrede pla\u0107aju tu\u0111e lo\u0161e odluke, ugradnje i navodnu tranziciju kojom se poku\u0161ava prikriti najobi\u010dnija bezo\u010dna plja\u010dka svega onoga \u0161to su gra\u0111ani Ulcinja decenijama stvarali&#8221; ka\u017ee se u saop\u0161tenju.<br \/>\n&#8220;Radnici ulcinjske privrede \u017eele samo ono \u0161to \u017eele i njihove kolege iz svih krajeva Crne Gore, a to je mogu\u0107nost da rade, sa\u010duvaju preduze\u0107a koja su svojim rukama sagradili i po\u0161tenim radom stvore budu\u0107nost za svoje porodice&#8221;, zaklju\u010duju iz MANS-a.<br \/>\nMANS poziva i ulcinjski nevladin sektor i nezavisne da se priklju\u010de radnicima ulcinjske privrede i pomognu nam da zajedno ka\u017eemo Vladi Crne Gore, premijeru Igoru Luk\u0161i\u0107u i onima koje \u0161titi da je bilo dosta i da je vrijeme za konkretne promjene.<br \/>\nVijesti online<\/p>\n"},"caption":{"rendered":"<p>Odluka Vlade Crne Gore da prostor ulcinjske Solane ipak bude stavljen pod posebnu za\u0161titu, predstavlja pobjedu u prvom redu gra\u0111ana Ulcinja, ali i nevladinog sektora i nezavisnih medija, ali i jasan pokazatelj da pritisak na Vladu mo\u017ee da proizvede konretne rezultate, ocjenjuju iz Mre\u017ee za afirmaciju nevladinog sektora. U saop\u0161tenju MANS-a se isti\u010de da je [&hellip;]<\/p>\n"},"alt_text":"","media_type":"image","mime_type":"image\/jpeg","media_details":{"width":"500","height":"370","hwstring_small":"height='94' width='128'","file":"2012\/04\/Dejan-Milovac.jpg","sizes":{"thumbnail":{"file":"Dejan-Milovac-150x150.jpg","width":"150","height":"150","source_url":"https:\/\/www.visit-ulcinj.com\/blog\/wp-content\/uploads\/2012\/04\/Dejan-Milovac-150x150.jpg"},"medium":{"file":"Dejan-Milovac-300x222.jpg","width":"300","height":"222","source_url":"https:\/\/www.visit-ulcinj.com\/blog\/wp-content\/uploads\/2012\/04\/Dejan-Milovac-300x222.jpg"},"full":{"file":"Dejan-Milovac.jpg","width":500,"height":370,"mime_type":"image\/jpeg","source_url":"https:\/\/www.visit-ulcinj.com\/blog\/wp-content\/uploads\/2012\/04\/Dejan-Milovac.jpg"}},"image_meta":{"aperture":"3.1","credit":"","camera":"FE210,X775","caption":"","created_timestamp":"1274702601","copyright":"","focal_length":"6.3","iso":"64","shutter_speed":"0.05","title":"OLYMPUS DIGITAL CAMERA"}},"post":59247,"source_url":"https:\/\/www.visit-ulcinj.com\/blog\/wp-content\/uploads\/2012\/04\/Dejan-Milovac.jpg","_links":{"self":[{"href":"https:\/\/www.visit-ulcinj.com\/blog\/wp-json\/wp\/v2\/media\/59249"}],"collection":[{"href":"https:\/\/www.visit-ulcinj.com\/blog\/wp-json\/wp\/v2\/media"}],"about":[{"href":"https:\/\/www.visit-ulcinj.com\/blog\/wp-json\/wp\/v2\/types\/attachment"}],"author":[{"embeddable":true,"href":"https:\/\/www.visit-ulcinj.com\/blog\/wp-json\/wp\/v2\/users\/1"}],"replies":[{"embeddable":true,"href":"https:\/\/www.visit-ulcinj.com\/blog\/wp-json\/wp\/v2\/comments?post=59249"}]}}

<!-- This site is optimized with the Yoast SEO plugin v19.1 - https://yoast.com/wordpress/plugins/seo/ -->
<title>OLYMPUS DIGITAL CAMERA - Lajme nga Ulqini</title>
<meta name="robots" content="index, follow, max-snippet:-1, max-image-preview:large, max-video-preview:-1" />
<link rel="canonical" href="https://www.visit-ulcinj.com/blog/wp-content/uploads/2012/04/Dejan-Milovac.jpg" />
<meta property="og:locale" content="en_US" />
<meta property="og:type" content="article" />
<meta property="og:title" content="OLYMPUS DIGITAL CAMERA - Lajme nga Ulqini" />
<meta property="og:description" content="Odluka Vlade Crne Gore da prostor ulcinjske Solane ipak bude stavljen pod posebnu zaštitu, predstavlja pobjedu u prvom redu građana Ulcinja, ali i nevladinog sektora i nezavisnih medija, ali i jasan pokazatelj da pritisak na Vladu može da proizvede konretne rezultate, ocjenjuju iz Mreže za afirmaciju nevladinog sektora. U saopštenju MANS-a se ističe da je [&hellip;]" />
<meta property="og:url" content="https://www.visit-ulcinj.com/blog/wp-content/uploads/2012/04/Dejan-Milovac.jpg" />
<meta property="og:site_name" content="Lajme nga Ulqini" />
<meta property="og:image" content="https://www.visit-ulcinj.com/blog/wp-content/uploads/2012/04/Dejan-Milovac.jpg" />
	<meta property="og:image:width" content="500" />
	<meta property="og:image:height" content="370" />
	<meta property="og:image:type" content="image/jpeg" />
<meta name="twitter:label1" content="Est. reading time" />
	<meta name="twitter:data1" content="3 minutes" />
<script type="application/ld+json" class="yoast-schema-graph">{"@context":"https://schema.org","@graph":[{"@type":"WebSite","@id":"https://www.visit-ulcinj.com/blog/#website","url":"https://www.visit-ulcinj.com/blog/","name":"Lajme nga Ulqini","description":"Lajme,Vijesti,Ulqini,Ulqin,Crna Gora,Mali i Zi","potentialAction":[{"@type":"SearchAction","target":{"@type":"EntryPoint","urlTemplate":"https://www.visit-ulcinj.com/blog/?s={search_term_string}"},"query-input":"required name=search_term_string"}],"inLanguage":"en-US"},{"@type":"WebPage","@id":"https://www.visit-ulcinj.com/blog/wp-content/uploads/2012/04/Dejan-Milovac.jpg#webpage","url":"https://www.visit-ulcinj.com/blog/wp-content/uploads/2012/04/Dejan-Milovac.jpg","name":"OLYMPUS DIGITAL CAMERA - Lajme nga Ulqini","isPartOf":{"@id":"https://www.visit-ulcinj.com/blog/#website"},"datePublished":"2012-04-15T20:28:04+00:00","dateModified":"2012-04-15T20:28:04+00:00","breadcrumb":{"@id":"https://www.visit-ulcinj.com/blog/wp-content/uploads/2012/04/Dejan-Milovac.jpg#breadcrumb"},"inLanguage":"en-US","potentialAction":[{"@type":"ReadAction","target":["https://www.visit-ulcinj.com/blog/wp-content/uploads/2012/04/Dejan-Milovac.jpg"]}]},{"@type":"BreadcrumbList","@id":"https://www.visit-ulcinj.com/blog/wp-content/uploads/2012/04/Dejan-Milovac.jpg#breadcrumb","itemListElement":[{"@type":"ListItem","position":1,"name":"MANS: Ulcinj ne smije biti talac Vlade","item":"https://www.visit-ulcinj.com/blog/2012/04/15/mans-ulcinj-ne-smije-biti-talac-vlade/"},{"@type":"ListItem","position":2,"name":"OLYMPUS DIGITAL CAMERA"}]}]}</script>
<!-- / Yoast SEO plugin. -->

Odluka Vlade Crne Gore da prostor ulcinjske Solane ipak bude stavljen pod posebnu zaštitu, predstavlja pobjedu u prvom redu građana Ulcinja, ali i nevladinog sektora i nezavisnih medija, ali i jasan pokazatelj da pritisak na Vladu može da proizvede konretne rezultate, ocjenjuju iz Mreže za afirmaciju nevladinog sektora. U saopštenju MANS-a se ističe da je [&hellip;]

<p class="attachment"><a href='https://www.visit-ulcinj.com/blog/wp-content/uploads/2012/04/Dejan-Milovac.jpg'><img width="300" height="222" src="https://www.visit-ulcinj.com/blog/wp-content/uploads/2012/04/Dejan-Milovac-300x222.jpg" class="attachment-medium size-medium" alt="" loading="lazy" srcset="https://www.visit-ulcinj.com/blog/wp-content/uploads/2012/04/Dejan-Milovac-300x222.jpg 300w, https://www.visit-ulcinj.com/blog/wp-content/uploads/2012/04/Dejan-Milovac.jpg 500w" sizes="(max-width: 300px) 100vw, 300px" /></a></p>
<p>Odluka Vlade Crne Gore da prostor ulcinjske Solane ipak bude stavljen pod posebnu zaštitu, predstavlja pobjedu u prvom redu građana Ulcinja, ali i nevladinog sektora i nezavisnih medija, ali i jasan pokazatelj da pritisak na Vladu može da proizvede konretne rezultate, ocjenjuju iz Mreže za afirmaciju nevladinog sektora.<br />
U saopštenju MANS-a se ističe da je pritisak javnosti na Vladu obezbijedio i da se odustane i od pokušaja nezakonitog izdavanja u zakup uvale Valdanos koje je kao i uslučaju Solane trebao da obezbijedi da se na račun javnog interesa zgrne ogroman profit.<br />
&#8220;Ipak, oba ova slučaja su pokazala da tajkuni, bilo da su domaći ili dolaze iz inostranstva, imaju odlične saveznike u Vladi Crne Gore, koja je zarad tuđih interesa bila spremna da ignoriše volju građana Ulcinja i njihovo jasno suprostavljanje devastaciji prostora, ali i bezočnoj pljački&#8221;, kažu iz MANS-a.<br />
Mnogo se uzimalo, malo vraćalo<br />
&#8220;Ulcinj je predugo bio resursna baza iz koje se samo uzimalo, a malo što vraćalo, počev od prodaje hotela i privatizacija firmi pa sve do maćehinskog tretmana od strane JP Morsko dobro kada je u pitanju ulcinjska obala. Privatizacije hotela Albatros, Galeb, Lido, Belvi, Otrant, te kompanija Primorje, Agro-Ulcinj, Otrant komerc i mnogih drugih, svjedoci su pogrešne politike Vlade Crne Gore koja je ostavila su bez posla ili u stečaju stotine ulcinjskih radnika koji su u tim preduzećima vidjeli svoju budućnost, ali i budućnost ulcinjske privrede&#8221;, navodi se u saopštenju.<br />
Oni ocjenjuje da su rasparčavanje hotelskog preduzeća &#8220;Ulcinjska rivijera&#8221; te nesposobnost Vlade da na adekvatan način valorizuje prostor Velike plaže i Ade Bojane, marginalizovali su Ulcinj i udaljili ga od zdravih investicija i otvaranja novih radnih mjesta.<br />
Da se ne ponovi Barović<br />
Iz MANS-a ističu da je Vlada je građanima Ulcinja dovela &#8220;strateške investitore&#8221; koji su umjesto ulaganja rušili hotele, otpuštali i šikanirali radnike, uvodili preduzeća u stečaj, rasparčavavalii njihovu imovinu i izvlačili profit, te da niko u Vladi nije snosio odgovornost za loše privatizacione ugovore i da nema istraga, niko nije završio u zatvoru zbog činjenice da je Ulcinj danas uprkos ogromnom investicionom potencijalu, najsiromašnija opština na Jadranu.<br />
&#8220;Zbog toga se ovaj problem mora rješavati na sistemski način koji treba da obezbijedi da nam se više ne ponavljaju Veselin Barović i Eurofond ili Cubus Lux i Vujica Lazović. Neko mora konačno odgovarati za to što radnici ulcinjske privrede plaćaju tuđe loše odluke, ugradnje i navodnu tranziciju kojom se pokušava prikriti najobičnija bezočna pljačka svega onoga što su građani Ulcinja decenijama stvarali&#8221; kaže se u saopštenju.<br />
&#8220;Radnici ulcinjske privrede žele samo ono što žele i njihove kolege iz svih krajeva Crne Gore, a to je mogućnost da rade, sačuvaju preduzeća koja su svojim rukama sagradili i poštenim radom stvore budućnost za svoje porodice&#8221;, zaključuju iz MANS-a.<br />
MANS poziva i ulcinjski nevladin sektor i nezavisne da se priključe radnicima ulcinjske privrede i pomognu nam da zajedno kažemo Vladi Crne Gore, premijeru Igoru Lukšiću i onima koje štiti da je bilo dosta i da je vrijeme za konkretne promjene.<br />
Vijesti online</p>

<p>Odluka Vlade Crne Gore da prostor ulcinjske Solane ipak bude stavljen pod posebnu zaštitu, predstavlja pobjedu u prvom redu građana Ulcinja, ali i nevladinog sektora i nezavisnih medija, ali i jasan pokazatelj da pritisak na Vladu može da proizvede konretne rezultate, ocjenjuju iz Mreže za afirmaciju nevladinog sektora. U saopštenju MANS-a se ističe da je [&hellip;]</p>
