{"id":61631,"date":"2012-06-13T21:31:53","date_gmt":"2012-06-13T20:31:53","guid":{"rendered":"http:\/\/www.visit-ulcinj.com\/blog\/wp-content\/uploads\/2012\/06\/Behgjet-Pacolli-viziton-Ulqinin.jpg"},"modified":"2012-06-13T21:31:53","modified_gmt":"2012-06-13T20:31:53","slug":"behgjet-pacolli-viziton-ulqinin","status":"inherit","type":"attachment","link":"https:\/\/www.visit-ulcinj.com\/blog\/2012\/06\/13\/behgjet-pacolli-viziton-ulqinin\/behgjet-pacolli-viziton-ulqinin\/","title":{"rendered":"Behgjet Pacolli viziton Ulqinin"},"author":1,"comment_status":"open","ping_status":"closed","template":"","meta":{"spay_email":""},"yoast_head":"<!-- This site is optimized with the Yoast SEO plugin v19.1 - https:\/\/yoast.com\/wordpress\/plugins\/seo\/ -->\n<title>Behgjet Pacolli viziton Ulqinin - Lajme nga Ulqini<\/title>\n<meta name=\"robots\" content=\"index, follow, max-snippet:-1, max-image-preview:large, max-video-preview:-1\" \/>\n<link rel=\"canonical\" href=\"https:\/\/www.visit-ulcinj.com\/blog\/wp-content\/uploads\/2012\/06\/Behgjet-Pacolli-viziton-Ulqinin.jpg\" \/>\n<meta property=\"og:locale\" content=\"en_US\" \/>\n<meta property=\"og:type\" content=\"article\" \/>\n<meta property=\"og:title\" content=\"Behgjet Pacolli viziton Ulqinin - Lajme nga Ulqini\" \/>\n<meta property=\"og:description\" content=\"Kryetari i komun\u00ebs s\u00eb Ulqinit Nazif Cungu n\u00eb kabinetin e tij priti z\u00ebvend\u00ebs kryeministin e Qeveris\u00eb s\u00eb Republik\u00ebs s\u00eb Kosov\u00ebs dhe p\u00ebrgjegj\u00ebsin p\u00ebr politik\u00ebn e jashtme dhe investimet e huaja zoteri Bexhet Pacolin. Ato diskutuan n\u00eb lidhje me planet zhvillimore dhe shfryt\u00ebzimin e potencjaleve t\u00eb Ulqinit. Kryetari Cungu e njoftoj zot\u00ebri Pacollin p\u00ebr punet dhe [&hellip;]\" \/>\n<meta property=\"og:url\" content=\"https:\/\/www.visit-ulcinj.com\/blog\/wp-content\/uploads\/2012\/06\/Behgjet-Pacolli-viziton-Ulqinin.jpg\" \/>\n<meta property=\"og:site_name\" content=\"Lajme nga Ulqini\" \/>\n<meta property=\"og:image\" content=\"https:\/\/www.visit-ulcinj.com\/blog\/wp-content\/uploads\/2012\/06\/Behgjet-Pacolli-viziton-Ulqinin.jpg\" \/>\n\t<meta property=\"og:image:width\" content=\"640\" \/>\n\t<meta property=\"og:image:height\" content=\"424\" \/>\n\t<meta property=\"og:image:type\" content=\"image\/jpeg\" \/>\n<meta name=\"twitter:label1\" content=\"Est. reading time\" \/>\n\t<meta name=\"twitter:data1\" content=\"1 minute\" \/>\n<script type=\"application\/ld+json\" class=\"yoast-schema-graph\">{\"@context\":\"https:\/\/schema.org\",\"@graph\":[{\"@type\":\"WebSite\",\"@id\":\"https:\/\/www.visit-ulcinj.com\/blog\/#website\",\"url\":\"https:\/\/www.visit-ulcinj.com\/blog\/\",\"name\":\"Lajme nga Ulqini\",\"description\":\"Lajme,Vijesti,Ulqini,Ulqin,Crna Gora,Mali i Zi\",\"potentialAction\":[{\"@type\":\"SearchAction\",\"target\":{\"@type\":\"EntryPoint\",\"urlTemplate\":\"https:\/\/www.visit-ulcinj.com\/blog\/?s={search_term_string}\"},\"query-input\":\"required name=search_term_string\"}],\"inLanguage\":\"en-US\"},{\"@type\":\"WebPage\",\"@id\":\"https:\/\/www.visit-ulcinj.com\/blog\/wp-content\/uploads\/2012\/06\/Behgjet-Pacolli-viziton-Ulqinin.jpg#webpage\",\"url\":\"https:\/\/www.visit-ulcinj.com\/blog\/wp-content\/uploads\/2012\/06\/Behgjet-Pacolli-viziton-Ulqinin.jpg\",\"name\":\"Behgjet Pacolli viziton Ulqinin - Lajme nga Ulqini\",\"isPartOf\":{\"@id\":\"https:\/\/www.visit-ulcinj.com\/blog\/#website\"},\"datePublished\":\"2012-06-13T20:31:53+00:00\",\"dateModified\":\"2012-06-13T20:31:53+00:00\",\"breadcrumb\":{\"@id\":\"https:\/\/www.visit-ulcinj.com\/blog\/wp-content\/uploads\/2012\/06\/Behgjet-Pacolli-viziton-Ulqinin.jpg#breadcrumb\"},\"inLanguage\":\"en-US\",\"potentialAction\":[{\"@type\":\"ReadAction\",\"target\":[\"https:\/\/www.visit-ulcinj.com\/blog\/wp-content\/uploads\/2012\/06\/Behgjet-Pacolli-viziton-Ulqinin.jpg\"]}]},{\"@type\":\"BreadcrumbList\",\"@id\":\"https:\/\/www.visit-ulcinj.com\/blog\/wp-content\/uploads\/2012\/06\/Behgjet-Pacolli-viziton-Ulqinin.jpg#breadcrumb\",\"itemListElement\":[{\"@type\":\"ListItem\",\"position\":1,\"name\":\"Behgjet Pacolli viziton Ulqinin\",\"item\":\"https:\/\/www.visit-ulcinj.com\/blog\/2012\/06\/13\/behgjet-pacolli-viziton-ulqinin\/\"},{\"@type\":\"ListItem\",\"position\":2,\"name\":\"Behgjet Pacolli viziton Ulqinin\"}]}]}<\/script>\n<!-- \/ Yoast SEO plugin. -->","yoast_head_json":{"title":"Behgjet Pacolli viziton Ulqinin - Lajme nga Ulqini","robots":{"index":"index","follow":"follow","max-snippet":"max-snippet:-1","max-image-preview":"max-image-preview:large","max-video-preview":"max-video-preview:-1"},"canonical":"https:\/\/www.visit-ulcinj.com\/blog\/wp-content\/uploads\/2012\/06\/Behgjet-Pacolli-viziton-Ulqinin.jpg","og_locale":"en_US","og_type":"article","og_title":"Behgjet Pacolli viziton Ulqinin - Lajme nga Ulqini","og_description":"Kryetari i komun\u00ebs s\u00eb Ulqinit Nazif Cungu n\u00eb kabinetin e tij priti z\u00ebvend\u00ebs kryeministin e Qeveris\u00eb s\u00eb Republik\u00ebs s\u00eb Kosov\u00ebs dhe p\u00ebrgjegj\u00ebsin p\u00ebr politik\u00ebn e jashtme dhe investimet e huaja zoteri Bexhet Pacolin. Ato diskutuan n\u00eb lidhje me planet zhvillimore dhe shfryt\u00ebzimin e potencjaleve t\u00eb Ulqinit. Kryetari Cungu e njoftoj zot\u00ebri Pacollin p\u00ebr punet dhe [&hellip;]","og_url":"https:\/\/www.visit-ulcinj.com\/blog\/wp-content\/uploads\/2012\/06\/Behgjet-Pacolli-viziton-Ulqinin.jpg","og_site_name":"Lajme nga Ulqini","og_image":[{"width":"640","height":"424","url":"https:\/\/www.visit-ulcinj.com\/blog\/wp-content\/uploads\/2012\/06\/Behgjet-Pacolli-viziton-Ulqinin.jpg","type":"image\/jpeg"}],"twitter_misc":{"Est. reading time":"1 minute"},"schema":{"@context":"https:\/\/schema.org","@graph":[{"@type":"WebSite","@id":"https:\/\/www.visit-ulcinj.com\/blog\/#website","url":"https:\/\/www.visit-ulcinj.com\/blog\/","name":"Lajme nga Ulqini","description":"Lajme,Vijesti,Ulqini,Ulqin,Crna Gora,Mali i Zi","potentialAction":[{"@type":"SearchAction","target":{"@type":"EntryPoint","urlTemplate":"https:\/\/www.visit-ulcinj.com\/blog\/?s={search_term_string}"},"query-input":"required name=search_term_string"}],"inLanguage":"en-US"},{"@type":"WebPage","@id":"https:\/\/www.visit-ulcinj.com\/blog\/wp-content\/uploads\/2012\/06\/Behgjet-Pacolli-viziton-Ulqinin.jpg#webpage","url":"https:\/\/www.visit-ulcinj.com\/blog\/wp-content\/uploads\/2012\/06\/Behgjet-Pacolli-viziton-Ulqinin.jpg","name":"Behgjet Pacolli viziton Ulqinin - Lajme nga Ulqini","isPartOf":{"@id":"https:\/\/www.visit-ulcinj.com\/blog\/#website"},"datePublished":"2012-06-13T20:31:53+00:00","dateModified":"2012-06-13T20:31:53+00:00","breadcrumb":{"@id":"https:\/\/www.visit-ulcinj.com\/blog\/wp-content\/uploads\/2012\/06\/Behgjet-Pacolli-viziton-Ulqinin.jpg#breadcrumb"},"inLanguage":"en-US","potentialAction":[{"@type":"ReadAction","target":["https:\/\/www.visit-ulcinj.com\/blog\/wp-content\/uploads\/2012\/06\/Behgjet-Pacolli-viziton-Ulqinin.jpg"]}]},{"@type":"BreadcrumbList","@id":"https:\/\/www.visit-ulcinj.com\/blog\/wp-content\/uploads\/2012\/06\/Behgjet-Pacolli-viziton-Ulqinin.jpg#breadcrumb","itemListElement":[{"@type":"ListItem","position":1,"name":"Behgjet Pacolli viziton Ulqinin","item":"https:\/\/www.visit-ulcinj.com\/blog\/2012\/06\/13\/behgjet-pacolli-viziton-ulqinin\/"},{"@type":"ListItem","position":2,"name":"Behgjet Pacolli viziton Ulqinin"}]}]}},"jetpack_sharing_enabled":true,"jetpack_shortlink":"https:\/\/wp.me\/ae6lTn-g23","description":{"rendered":"<p class=\"attachment\"><a href='https:\/\/www.visit-ulcinj.com\/blog\/wp-content\/uploads\/2012\/06\/Behgjet-Pacolli-viziton-Ulqinin.jpg'><img width=\"300\" height=\"198\" src=\"https:\/\/www.visit-ulcinj.com\/blog\/wp-content\/uploads\/2012\/06\/Behgjet-Pacolli-viziton-Ulqinin-300x198.jpg\" class=\"attachment-medium size-medium\" alt=\"\" loading=\"lazy\" srcset=\"https:\/\/www.visit-ulcinj.com\/blog\/wp-content\/uploads\/2012\/06\/Behgjet-Pacolli-viziton-Ulqinin-300x198.jpg 300w, https:\/\/www.visit-ulcinj.com\/blog\/wp-content\/uploads\/2012\/06\/Behgjet-Pacolli-viziton-Ulqinin.jpg 640w\" sizes=\"(max-width: 300px) 100vw, 300px\" \/><\/a><\/p>\n<p>Kryetari i komun\u00ebs s\u00eb Ulqinit Nazif Cungu n\u00eb kabinetin e tij priti z\u00ebvend\u00ebs kryeministin e Qeveris\u00eb s\u00eb Republik\u00ebs s\u00eb Kosov\u00ebs dhe p\u00ebrgjegj\u00ebsin p\u00ebr politik\u00ebn e jashtme dhe investimet e huaja zoteri Bexhet Pacolin. Ato diskutuan n\u00eb lidhje me planet zhvillimore dhe shfryt\u00ebzimin e potencjaleve t\u00eb Ulqinit.<br \/>\nKryetari Cungu e njoftoj zot\u00ebri Pacollin p\u00ebr punet dhe angazhimin e tij n\u00eb krijimin e kushteve p\u00ebr investime duke u fokusuar n\u00eb planet urbanistike, investimet n\u00eb turizem dhe infrastruktur\u00eb.<br \/>\nZot\u00ebri Cungu me stafin e tij shprehi gatitshmerine q\u00eb t\u00eb vihet n\u00eb dispozicion t\u00eb \u00e7do kompanie q\u00eb \u00ebsht\u00eb e interesuar p\u00ebr investime n\u00eb Ulqin n\u00eb t\u00eb gjitha fushat duke i siguruar procedura t\u00eb shpejta administrative.<br \/>\nKjo ishte vizita e par\u00eb e zot\u00ebri Pacollit n\u00eb Ulqin dhe p\u00ebrpose takimit n\u00eb kabinetin e kryetartit Cungu,bashk\u00eb me stafin e tij vizitoi edhe disa pjes\u00eb t\u00eb Ulqint ku p\u00ebrforcoi bindjet e tija p\u00ebr Ulqinin, udh\u00ebheqjesin e saj t\u00eb re dhe morri n\u00eb konsiderat\u00eb resurset dhe kushtet p\u00ebr investime q\u00eb ofron komuna e Ulqinit.<br \/>\nZot\u00ebri Pacolli falenderoi p\u00ebr mikpritje dhe shprehi konsiderat\u00eb p\u00ebr stafin e pergatitur t\u00eb kryetarit Cungu dhe q\u00eb s\u00eb shpejti do t\u00eb komunikoj\u00eb n\u00eb lidhje me mund\u00ebsit\u00eb p\u00ebr investime n\u00eb Ulqin qoft\u00eb personalisht nga kompania e tij, qoft\u00eb edhe nga kompanite partnere boterore.<br \/>\nkomuna e ulqinit<\/p>\n"},"caption":{"rendered":"<p>Kryetari i komun\u00ebs s\u00eb Ulqinit Nazif Cungu n\u00eb kabinetin e tij priti z\u00ebvend\u00ebs kryeministin e Qeveris\u00eb s\u00eb Republik\u00ebs s\u00eb Kosov\u00ebs dhe p\u00ebrgjegj\u00ebsin p\u00ebr politik\u00ebn e jashtme dhe investimet e huaja zoteri Bexhet Pacolin. Ato diskutuan n\u00eb lidhje me planet zhvillimore dhe shfryt\u00ebzimin e potencjaleve t\u00eb Ulqinit. Kryetari Cungu e njoftoj zot\u00ebri Pacollin p\u00ebr punet dhe [&hellip;]<\/p>\n"},"alt_text":"","media_type":"image","mime_type":"image\/jpeg","media_details":{"width":"640","height":"424","hwstring_small":"height='84' width='128'","file":"2012\/06\/Behgjet-Pacolli-viziton-Ulqinin.jpg","sizes":{"thumbnail":{"file":"Behgjet-Pacolli-viziton-Ulqinin-150x150.jpg","width":"150","height":"150","source_url":"https:\/\/www.visit-ulcinj.com\/blog\/wp-content\/uploads\/2012\/06\/Behgjet-Pacolli-viziton-Ulqinin-150x150.jpg"},"medium":{"file":"Behgjet-Pacolli-viziton-Ulqinin-300x198.jpg","width":"300","height":"198","source_url":"https:\/\/www.visit-ulcinj.com\/blog\/wp-content\/uploads\/2012\/06\/Behgjet-Pacolli-viziton-Ulqinin-300x198.jpg"},"full":{"file":"Behgjet-Pacolli-viziton-Ulqinin.jpg","width":640,"height":424,"mime_type":"image\/jpeg","source_url":"https:\/\/www.visit-ulcinj.com\/blog\/wp-content\/uploads\/2012\/06\/Behgjet-Pacolli-viziton-Ulqinin.jpg"}},"image_meta":{"aperture":"4","credit":"","camera":"NIKON D5100","caption":"","created_timestamp":"1339506738","copyright":"","focal_length":"26","iso":"1100","shutter_speed":"0.0166666666667","title":""}},"post":61630,"source_url":"https:\/\/www.visit-ulcinj.com\/blog\/wp-content\/uploads\/2012\/06\/Behgjet-Pacolli-viziton-Ulqinin.jpg","_links":{"self":[{"href":"https:\/\/www.visit-ulcinj.com\/blog\/wp-json\/wp\/v2\/media\/61631"}],"collection":[{"href":"https:\/\/www.visit-ulcinj.com\/blog\/wp-json\/wp\/v2\/media"}],"about":[{"href":"https:\/\/www.visit-ulcinj.com\/blog\/wp-json\/wp\/v2\/types\/attachment"}],"author":[{"embeddable":true,"href":"https:\/\/www.visit-ulcinj.com\/blog\/wp-json\/wp\/v2\/users\/1"}],"replies":[{"embeddable":true,"href":"https:\/\/www.visit-ulcinj.com\/blog\/wp-json\/wp\/v2\/comments?post=61631"}]}}

<!-- This site is optimized with the Yoast SEO plugin v19.1 - https://yoast.com/wordpress/plugins/seo/ -->
<title>Behgjet Pacolli viziton Ulqinin - Lajme nga Ulqini</title>
<meta name="robots" content="index, follow, max-snippet:-1, max-image-preview:large, max-video-preview:-1" />
<link rel="canonical" href="https://www.visit-ulcinj.com/blog/wp-content/uploads/2012/06/Behgjet-Pacolli-viziton-Ulqinin.jpg" />
<meta property="og:locale" content="en_US" />
<meta property="og:type" content="article" />
<meta property="og:title" content="Behgjet Pacolli viziton Ulqinin - Lajme nga Ulqini" />
<meta property="og:description" content="Kryetari i komunës së Ulqinit Nazif Cungu në kabinetin e tij priti zëvendës kryeministin e Qeverisë së Republikës së Kosovës dhe përgjegjësin për politikën e jashtme dhe investimet e huaja zoteri Bexhet Pacolin. Ato diskutuan në lidhje me planet zhvillimore dhe shfrytëzimin e potencjaleve të Ulqinit. Kryetari Cungu e njoftoj zotëri Pacollin për punet dhe [&hellip;]" />
<meta property="og:url" content="https://www.visit-ulcinj.com/blog/wp-content/uploads/2012/06/Behgjet-Pacolli-viziton-Ulqinin.jpg" />
<meta property="og:site_name" content="Lajme nga Ulqini" />
<meta property="og:image" content="https://www.visit-ulcinj.com/blog/wp-content/uploads/2012/06/Behgjet-Pacolli-viziton-Ulqinin.jpg" />
	<meta property="og:image:width" content="640" />
	<meta property="og:image:height" content="424" />
	<meta property="og:image:type" content="image/jpeg" />
<meta name="twitter:label1" content="Est. reading time" />
	<meta name="twitter:data1" content="1 minute" />
<script type="application/ld+json" class="yoast-schema-graph">{"@context":"https://schema.org","@graph":[{"@type":"WebSite","@id":"https://www.visit-ulcinj.com/blog/#website","url":"https://www.visit-ulcinj.com/blog/","name":"Lajme nga Ulqini","description":"Lajme,Vijesti,Ulqini,Ulqin,Crna Gora,Mali i Zi","potentialAction":[{"@type":"SearchAction","target":{"@type":"EntryPoint","urlTemplate":"https://www.visit-ulcinj.com/blog/?s={search_term_string}"},"query-input":"required name=search_term_string"}],"inLanguage":"en-US"},{"@type":"WebPage","@id":"https://www.visit-ulcinj.com/blog/wp-content/uploads/2012/06/Behgjet-Pacolli-viziton-Ulqinin.jpg#webpage","url":"https://www.visit-ulcinj.com/blog/wp-content/uploads/2012/06/Behgjet-Pacolli-viziton-Ulqinin.jpg","name":"Behgjet Pacolli viziton Ulqinin - Lajme nga Ulqini","isPartOf":{"@id":"https://www.visit-ulcinj.com/blog/#website"},"datePublished":"2012-06-13T20:31:53+00:00","dateModified":"2012-06-13T20:31:53+00:00","breadcrumb":{"@id":"https://www.visit-ulcinj.com/blog/wp-content/uploads/2012/06/Behgjet-Pacolli-viziton-Ulqinin.jpg#breadcrumb"},"inLanguage":"en-US","potentialAction":[{"@type":"ReadAction","target":["https://www.visit-ulcinj.com/blog/wp-content/uploads/2012/06/Behgjet-Pacolli-viziton-Ulqinin.jpg"]}]},{"@type":"BreadcrumbList","@id":"https://www.visit-ulcinj.com/blog/wp-content/uploads/2012/06/Behgjet-Pacolli-viziton-Ulqinin.jpg#breadcrumb","itemListElement":[{"@type":"ListItem","position":1,"name":"Behgjet Pacolli viziton Ulqinin","item":"https://www.visit-ulcinj.com/blog/2012/06/13/behgjet-pacolli-viziton-ulqinin/"},{"@type":"ListItem","position":2,"name":"Behgjet Pacolli viziton Ulqinin"}]}]}</script>
<!-- / Yoast SEO plugin. -->

Kryetari i komunës së Ulqinit Nazif Cungu në kabinetin e tij priti zëvendës kryeministin e Qeverisë së Republikës së Kosovës dhe përgjegjësin për politikën e jashtme dhe investimet e huaja zoteri Bexhet Pacolin. Ato diskutuan në lidhje me planet zhvillimore dhe shfrytëzimin e potencjaleve të Ulqinit. Kryetari Cungu e njoftoj zotëri Pacollin për punet dhe [&hellip;]

<p class="attachment"><a href='https://www.visit-ulcinj.com/blog/wp-content/uploads/2012/06/Behgjet-Pacolli-viziton-Ulqinin.jpg'><img width="300" height="198" src="https://www.visit-ulcinj.com/blog/wp-content/uploads/2012/06/Behgjet-Pacolli-viziton-Ulqinin-300x198.jpg" class="attachment-medium size-medium" alt="" loading="lazy" srcset="https://www.visit-ulcinj.com/blog/wp-content/uploads/2012/06/Behgjet-Pacolli-viziton-Ulqinin-300x198.jpg 300w, https://www.visit-ulcinj.com/blog/wp-content/uploads/2012/06/Behgjet-Pacolli-viziton-Ulqinin.jpg 640w" sizes="(max-width: 300px) 100vw, 300px" /></a></p>
<p>Kryetari i komunës së Ulqinit Nazif Cungu në kabinetin e tij priti zëvendës kryeministin e Qeverisë së Republikës së Kosovës dhe përgjegjësin për politikën e jashtme dhe investimet e huaja zoteri Bexhet Pacolin. Ato diskutuan në lidhje me planet zhvillimore dhe shfrytëzimin e potencjaleve të Ulqinit.<br />
Kryetari Cungu e njoftoj zotëri Pacollin për punet dhe angazhimin e tij në krijimin e kushteve për investime duke u fokusuar në planet urbanistike, investimet në turizem dhe infrastrukturë.<br />
Zotëri Cungu me stafin e tij shprehi gatitshmerine që të vihet në dispozicion të çdo kompanie që është e interesuar për investime në Ulqin në të gjitha fushat duke i siguruar procedura të shpejta administrative.<br />
Kjo ishte vizita e parë e zotëri Pacollit në Ulqin dhe përpose takimit në kabinetin e kryetartit Cungu,bashkë me stafin e tij vizitoi edhe disa pjesë të Ulqint ku përforcoi bindjet e tija për Ulqinin, udhëheqjesin e saj të re dhe morri në konsideratë resurset dhe kushtet për investime që ofron komuna e Ulqinit.<br />
Zotëri Pacolli falenderoi për mikpritje dhe shprehi konsideratë për stafin e pergatitur të kryetarit Cungu dhe që së shpejti do të komunikojë në lidhje me mundësitë për investime në Ulqin qoftë personalisht nga kompania e tij, qoftë edhe nga kompanite partnere boterore.<br />
komuna e ulqinit</p>

<p>Kryetari i komunës së Ulqinit Nazif Cungu në kabinetin e tij priti zëvendës kryeministin e Qeverisë së Republikës së Kosovës dhe përgjegjësin për politikën e jashtme dhe investimet e huaja zoteri Bexhet Pacolin. Ato diskutuan në lidhje me planet zhvillimore dhe shfrytëzimin e potencjaleve të Ulqinit. Kryetari Cungu e njoftoj zotëri Pacollin për punet dhe [&hellip;]</p>
