{"id":6453,"date":"2008-11-21T14:38:56","date_gmt":"2008-11-21T19:38:56","guid":{"rendered":"http:\/\/www.visit-ulcinj.com\/blog\/wp-content\/uploads\/2008\/11\/horizonti-i-ri-ulqin11.jpg"},"modified":"2008-11-21T14:38:56","modified_gmt":"2008-11-21T19:38:56","slug":"horizonti-i-ri-ulqin11","status":"inherit","type":"attachment","link":"https:\/\/www.visit-ulcinj.com\/blog\/2008\/11\/21\/ulqin-organizata-joqeveritare-horizonti-i-ri-organizoi-ne-fundjave-seminarin-per-te-rinj\/horizonti-i-ri-ulqin11\/","title":{"rendered":"horizonti-i-ri-ulqin11"},"author":1,"comment_status":"open","ping_status":"closed","template":"","meta":{"spay_email":""},"yoast_head":"<!-- This site is optimized with the Yoast SEO plugin v19.1 - https:\/\/yoast.com\/wordpress\/plugins\/seo\/ -->\n<title>horizonti-i-ri-ulqin11 - Lajme nga Ulqini<\/title>\n<meta name=\"robots\" content=\"index, follow, max-snippet:-1, max-image-preview:large, max-video-preview:-1\" \/>\n<link rel=\"canonical\" href=\"https:\/\/www.visit-ulcinj.com\/blog\/wp-content\/uploads\/2008\/11\/horizonti-i-ri-ulqin11.jpg\" \/>\n<meta property=\"og:locale\" content=\"en_US\" \/>\n<meta property=\"og:type\" content=\"article\" \/>\n<meta property=\"og:title\" content=\"horizonti-i-ri-ulqin11 - Lajme nga Ulqini\" \/>\n<meta property=\"og:description\" content=\"NVO&#8221;Novi Horizont&#8221; Ulcinj,OJQ &#8220;HORIZONTI I RI&#8221; ulqin,ulqini\" \/>\n<meta property=\"og:url\" content=\"https:\/\/www.visit-ulcinj.com\/blog\/wp-content\/uploads\/2008\/11\/horizonti-i-ri-ulqin11.jpg\" \/>\n<meta property=\"og:site_name\" content=\"Lajme nga Ulqini\" \/>\n<meta property=\"og:image\" content=\"https:\/\/www.visit-ulcinj.com\/blog\/wp-content\/uploads\/2008\/11\/horizonti-i-ri-ulqin11.jpg\" \/>\n\t<meta property=\"og:image:width\" content=\"500\" \/>\n\t<meta property=\"og:image:height\" content=\"364\" \/>\n\t<meta property=\"og:image:type\" content=\"image\/jpeg\" \/>\n<script type=\"application\/ld+json\" class=\"yoast-schema-graph\">{\"@context\":\"https:\/\/schema.org\",\"@graph\":[{\"@type\":\"WebSite\",\"@id\":\"https:\/\/www.visit-ulcinj.com\/blog\/#website\",\"url\":\"https:\/\/www.visit-ulcinj.com\/blog\/\",\"name\":\"Lajme nga Ulqini\",\"description\":\"Lajme,Vijesti,Ulqini,Ulqin,Crna Gora,Mali i Zi\",\"potentialAction\":[{\"@type\":\"SearchAction\",\"target\":{\"@type\":\"EntryPoint\",\"urlTemplate\":\"https:\/\/www.visit-ulcinj.com\/blog\/?s={search_term_string}\"},\"query-input\":\"required name=search_term_string\"}],\"inLanguage\":\"en-US\"},{\"@type\":\"WebPage\",\"@id\":\"https:\/\/www.visit-ulcinj.com\/blog\/wp-content\/uploads\/2008\/11\/horizonti-i-ri-ulqin11.jpg#webpage\",\"url\":\"https:\/\/www.visit-ulcinj.com\/blog\/wp-content\/uploads\/2008\/11\/horizonti-i-ri-ulqin11.jpg\",\"name\":\"horizonti-i-ri-ulqin11 - Lajme nga Ulqini\",\"isPartOf\":{\"@id\":\"https:\/\/www.visit-ulcinj.com\/blog\/#website\"},\"datePublished\":\"2008-11-21T19:38:56+00:00\",\"dateModified\":\"2008-11-21T19:38:56+00:00\",\"breadcrumb\":{\"@id\":\"https:\/\/www.visit-ulcinj.com\/blog\/wp-content\/uploads\/2008\/11\/horizonti-i-ri-ulqin11.jpg#breadcrumb\"},\"inLanguage\":\"en-US\",\"potentialAction\":[{\"@type\":\"ReadAction\",\"target\":[\"https:\/\/www.visit-ulcinj.com\/blog\/wp-content\/uploads\/2008\/11\/horizonti-i-ri-ulqin11.jpg\"]}]},{\"@type\":\"BreadcrumbList\",\"@id\":\"https:\/\/www.visit-ulcinj.com\/blog\/wp-content\/uploads\/2008\/11\/horizonti-i-ri-ulqin11.jpg#breadcrumb\",\"itemListElement\":[{\"@type\":\"ListItem\",\"position\":1,\"name\":\"Ulqin &#8211; Organizata joqeveritare &#8220;Horizonti i ri&#8221; organizoi n\u00eb fundjav\u00eb seminarin p\u00ebr t\u00eb rinj\",\"item\":\"https:\/\/www.visit-ulcinj.com\/blog\/2008\/11\/21\/ulqin-organizata-joqeveritare-horizonti-i-ri-organizoi-ne-fundjave-seminarin-per-te-rinj\/\"},{\"@type\":\"ListItem\",\"position\":2,\"name\":\"horizonti-i-ri-ulqin11\"}]}]}<\/script>\n<!-- \/ Yoast SEO plugin. -->","yoast_head_json":{"title":"horizonti-i-ri-ulqin11 - Lajme nga Ulqini","robots":{"index":"index","follow":"follow","max-snippet":"max-snippet:-1","max-image-preview":"max-image-preview:large","max-video-preview":"max-video-preview:-1"},"canonical":"https:\/\/www.visit-ulcinj.com\/blog\/wp-content\/uploads\/2008\/11\/horizonti-i-ri-ulqin11.jpg","og_locale":"en_US","og_type":"article","og_title":"horizonti-i-ri-ulqin11 - Lajme nga Ulqini","og_description":"NVO&#8221;Novi Horizont&#8221; Ulcinj,OJQ &#8220;HORIZONTI I RI&#8221; ulqin,ulqini","og_url":"https:\/\/www.visit-ulcinj.com\/blog\/wp-content\/uploads\/2008\/11\/horizonti-i-ri-ulqin11.jpg","og_site_name":"Lajme nga Ulqini","og_image":[{"width":500,"height":364,"url":"https:\/\/www.visit-ulcinj.com\/blog\/wp-content\/uploads\/2008\/11\/horizonti-i-ri-ulqin11.jpg","type":"image\/jpeg"}],"schema":{"@context":"https:\/\/schema.org","@graph":[{"@type":"WebSite","@id":"https:\/\/www.visit-ulcinj.com\/blog\/#website","url":"https:\/\/www.visit-ulcinj.com\/blog\/","name":"Lajme nga Ulqini","description":"Lajme,Vijesti,Ulqini,Ulqin,Crna Gora,Mali i Zi","potentialAction":[{"@type":"SearchAction","target":{"@type":"EntryPoint","urlTemplate":"https:\/\/www.visit-ulcinj.com\/blog\/?s={search_term_string}"},"query-input":"required name=search_term_string"}],"inLanguage":"en-US"},{"@type":"WebPage","@id":"https:\/\/www.visit-ulcinj.com\/blog\/wp-content\/uploads\/2008\/11\/horizonti-i-ri-ulqin11.jpg#webpage","url":"https:\/\/www.visit-ulcinj.com\/blog\/wp-content\/uploads\/2008\/11\/horizonti-i-ri-ulqin11.jpg","name":"horizonti-i-ri-ulqin11 - Lajme nga Ulqini","isPartOf":{"@id":"https:\/\/www.visit-ulcinj.com\/blog\/#website"},"datePublished":"2008-11-21T19:38:56+00:00","dateModified":"2008-11-21T19:38:56+00:00","breadcrumb":{"@id":"https:\/\/www.visit-ulcinj.com\/blog\/wp-content\/uploads\/2008\/11\/horizonti-i-ri-ulqin11.jpg#breadcrumb"},"inLanguage":"en-US","potentialAction":[{"@type":"ReadAction","target":["https:\/\/www.visit-ulcinj.com\/blog\/wp-content\/uploads\/2008\/11\/horizonti-i-ri-ulqin11.jpg"]}]},{"@type":"BreadcrumbList","@id":"https:\/\/www.visit-ulcinj.com\/blog\/wp-content\/uploads\/2008\/11\/horizonti-i-ri-ulqin11.jpg#breadcrumb","itemListElement":[{"@type":"ListItem","position":1,"name":"Ulqin &#8211; Organizata joqeveritare &#8220;Horizonti i ri&#8221; organizoi n\u00eb fundjav\u00eb seminarin p\u00ebr t\u00eb rinj","item":"https:\/\/www.visit-ulcinj.com\/blog\/2008\/11\/21\/ulqin-organizata-joqeveritare-horizonti-i-ri-organizoi-ne-fundjave-seminarin-per-te-rinj\/"},{"@type":"ListItem","position":2,"name":"horizonti-i-ri-ulqin11"}]}]}},"jetpack_sharing_enabled":true,"jetpack_shortlink":"https:\/\/wp.me\/ae6lTn-1G5","description":{"rendered":"<p class=\"attachment\"><a href='https:\/\/www.visit-ulcinj.com\/blog\/wp-content\/uploads\/2008\/11\/horizonti-i-ri-ulqin11.jpg'><img width=\"300\" height=\"218\" src=\"https:\/\/www.visit-ulcinj.com\/blog\/wp-content\/uploads\/2008\/11\/horizonti-i-ri-ulqin11-300x218.jpg\" class=\"attachment-medium size-medium\" alt=\"\" loading=\"lazy\" srcset=\"https:\/\/www.visit-ulcinj.com\/blog\/wp-content\/uploads\/2008\/11\/horizonti-i-ri-ulqin11-300x218.jpg 300w, https:\/\/www.visit-ulcinj.com\/blog\/wp-content\/uploads\/2008\/11\/horizonti-i-ri-ulqin11.jpg 500w\" sizes=\"(max-width: 300px) 100vw, 300px\" \/><\/a><\/p>\n<p>NVO&#8221;Novi Horizont&#8221; Ulcinj,OJQ &#8220;HORIZONTI I RI&#8221; ulqin,ulqini<\/p>\n"},"caption":{"rendered":"<p>NVO&#8221;Novi Horizont&#8221; Ulcinj,OJQ &#8220;HORIZONTI I RI&#8221; ulqin,ulqini<\/p>\n"},"alt_text":"","media_type":"image","mime_type":"image\/jpeg","media_details":{"width":500,"height":364,"hwstring_small":"height='93' width='128'","file":"\/homepages\/28\/d204546190\/htdocs\/blog\/wp-content\/uploads\/2008\/11\/horizonti-i-ri-ulqin11.jpg","sizes":{"thumbnail":{"file":"horizonti-i-ri-ulqin11-150x150.jpg","width":150,"height":150,"source_url":"https:\/\/www.visit-ulcinj.com\/blog\/wp-content\/uploads\/2008\/11\/horizonti-i-ri-ulqin11-150x150.jpg"},"medium":{"file":"horizonti-i-ri-ulqin11-300x218.jpg","width":300,"height":218,"source_url":"https:\/\/www.visit-ulcinj.com\/blog\/wp-content\/uploads\/2008\/11\/horizonti-i-ri-ulqin11-300x218.jpg"},"full":{"file":"horizonti-i-ri-ulqin11.jpg","width":500,"height":364,"mime_type":"image\/jpeg","source_url":"https:\/\/www.visit-ulcinj.com\/blog\/wp-content\/uploads\/2008\/11\/horizonti-i-ri-ulqin11.jpg"}},"image_meta":{"aperture":0,"credit":"","camera":"","caption":"","created_timestamp":0,"copyright":"","focal_length":0,"iso":0,"shutter_speed":0,"title":""}},"post":6440,"source_url":"https:\/\/www.visit-ulcinj.com\/blog\/wp-content\/uploads\/2008\/11\/horizonti-i-ri-ulqin11.jpg","_links":{"self":[{"href":"https:\/\/www.visit-ulcinj.com\/blog\/wp-json\/wp\/v2\/media\/6453"}],"collection":[{"href":"https:\/\/www.visit-ulcinj.com\/blog\/wp-json\/wp\/v2\/media"}],"about":[{"href":"https:\/\/www.visit-ulcinj.com\/blog\/wp-json\/wp\/v2\/types\/attachment"}],"author":[{"embeddable":true,"href":"https:\/\/www.visit-ulcinj.com\/blog\/wp-json\/wp\/v2\/users\/1"}],"replies":[{"embeddable":true,"href":"https:\/\/www.visit-ulcinj.com\/blog\/wp-json\/wp\/v2\/comments?post=6453"}]}}

<!-- This site is optimized with the Yoast SEO plugin v19.1 - https://yoast.com/wordpress/plugins/seo/ -->
<title>horizonti-i-ri-ulqin11 - Lajme nga Ulqini</title>
<meta name="robots" content="index, follow, max-snippet:-1, max-image-preview:large, max-video-preview:-1" />
<link rel="canonical" href="https://www.visit-ulcinj.com/blog/wp-content/uploads/2008/11/horizonti-i-ri-ulqin11.jpg" />
<meta property="og:locale" content="en_US" />
<meta property="og:type" content="article" />
<meta property="og:title" content="horizonti-i-ri-ulqin11 - Lajme nga Ulqini" />
<meta property="og:description" content="NVO&#8221;Novi Horizont&#8221; Ulcinj,OJQ &#8220;HORIZONTI I RI&#8221; ulqin,ulqini" />
<meta property="og:url" content="https://www.visit-ulcinj.com/blog/wp-content/uploads/2008/11/horizonti-i-ri-ulqin11.jpg" />
<meta property="og:site_name" content="Lajme nga Ulqini" />
<meta property="og:image" content="https://www.visit-ulcinj.com/blog/wp-content/uploads/2008/11/horizonti-i-ri-ulqin11.jpg" />
	<meta property="og:image:width" content="500" />
	<meta property="og:image:height" content="364" />
	<meta property="og:image:type" content="image/jpeg" />
<script type="application/ld+json" class="yoast-schema-graph">{"@context":"https://schema.org","@graph":[{"@type":"WebSite","@id":"https://www.visit-ulcinj.com/blog/#website","url":"https://www.visit-ulcinj.com/blog/","name":"Lajme nga Ulqini","description":"Lajme,Vijesti,Ulqini,Ulqin,Crna Gora,Mali i Zi","potentialAction":[{"@type":"SearchAction","target":{"@type":"EntryPoint","urlTemplate":"https://www.visit-ulcinj.com/blog/?s={search_term_string}"},"query-input":"required name=search_term_string"}],"inLanguage":"en-US"},{"@type":"WebPage","@id":"https://www.visit-ulcinj.com/blog/wp-content/uploads/2008/11/horizonti-i-ri-ulqin11.jpg#webpage","url":"https://www.visit-ulcinj.com/blog/wp-content/uploads/2008/11/horizonti-i-ri-ulqin11.jpg","name":"horizonti-i-ri-ulqin11 - Lajme nga Ulqini","isPartOf":{"@id":"https://www.visit-ulcinj.com/blog/#website"},"datePublished":"2008-11-21T19:38:56+00:00","dateModified":"2008-11-21T19:38:56+00:00","breadcrumb":{"@id":"https://www.visit-ulcinj.com/blog/wp-content/uploads/2008/11/horizonti-i-ri-ulqin11.jpg#breadcrumb"},"inLanguage":"en-US","potentialAction":[{"@type":"ReadAction","target":["https://www.visit-ulcinj.com/blog/wp-content/uploads/2008/11/horizonti-i-ri-ulqin11.jpg"]}]},{"@type":"BreadcrumbList","@id":"https://www.visit-ulcinj.com/blog/wp-content/uploads/2008/11/horizonti-i-ri-ulqin11.jpg#breadcrumb","itemListElement":[{"@type":"ListItem","position":1,"name":"Ulqin &#8211; Organizata joqeveritare &#8220;Horizonti i ri&#8221; organizoi në fundjavë seminarin për të rinj","item":"https://www.visit-ulcinj.com/blog/2008/11/21/ulqin-organizata-joqeveritare-horizonti-i-ri-organizoi-ne-fundjave-seminarin-per-te-rinj/"},{"@type":"ListItem","position":2,"name":"horizonti-i-ri-ulqin11"}]}]}</script>
<!-- / Yoast SEO plugin. -->

Ulqin &#8211; Organizata joqeveritare &#8220;Horizonti i ri&#8221; organizoi në fundjavë seminarin për të rinj
