{"id":66336,"date":"2012-12-02T01:18:41","date_gmt":"2012-12-02T00:18:41","guid":{"rendered":"http:\/\/www.visit-ulcinj.com\/blog\/wp-content\/uploads\/2012\/12\/Koreodrama-Kalendari-i-historis-se-Ulqinit_ZANA.jpg"},"modified":"2012-12-02T01:18:41","modified_gmt":"2012-12-02T00:18:41","slug":"koreodrama-kalendari-i-historis-se-ulqinit_zana","status":"inherit","type":"attachment","link":"https:\/\/www.visit-ulcinj.com\/blog\/2012\/12\/02\/koreodrama-kalendari-nga-ulqini-ne-you-tube\/koreodrama-kalendari-i-historis-se-ulqinit_zana\/","title":{"rendered":"Koreodrama-Kalendari-i-historis-se-Ulqinit_ZANA"},"author":1,"comment_status":"open","ping_status":"closed","template":"","meta":{"spay_email":""},"yoast_head":"<!-- This site is optimized with the Yoast SEO plugin v19.1 - https:\/\/yoast.com\/wordpress\/plugins\/seo\/ -->\n<title>Koreodrama-Kalendari-i-historis-se-Ulqinit_ZANA - Lajme nga Ulqini<\/title>\n<meta name=\"robots\" content=\"index, follow, max-snippet:-1, max-image-preview:large, max-video-preview:-1\" \/>\n<link rel=\"canonical\" href=\"https:\/\/www.visit-ulcinj.com\/blog\/wp-content\/uploads\/2012\/12\/Koreodrama-Kalendari-i-historis-se-Ulqinit_ZANA.jpg\" \/>\n<meta property=\"og:locale\" content=\"en_US\" \/>\n<meta property=\"og:type\" content=\"article\" \/>\n<meta property=\"og:title\" content=\"Koreodrama-Kalendari-i-historis-se-Ulqinit_ZANA - Lajme nga Ulqini\" \/>\n<meta property=\"og:description\" content=\"Por k\u00ebshtu nuk nis koreodrama \u201cKalendari\u201d e trup\u00ebs nga Ulqini duke \u00e7faqur p\u00ebr festat e n\u00ebntorit n\u00eb Ulqin,Prishtin dhe Tiran. Pjesa e par\u00eb e saj \u00ebsht\u00eb e hareshme, e flet p\u00ebr nj\u00eb periudh\u00eb kur p\u00ebr shqiptar\u00ebt nuk ka pasur kufij. Pjes\u00ebtar\u00ebt e ansamblit \u201cZana\u201d dhe ata t\u00eb shkoll\u00ebs s\u00eb vall\u00ebzimit modern \u201cPorta di Danza\u201d kan\u00eb [&hellip;]\" \/>\n<meta property=\"og:url\" content=\"https:\/\/www.visit-ulcinj.com\/blog\/wp-content\/uploads\/2012\/12\/Koreodrama-Kalendari-i-historis-se-Ulqinit_ZANA.jpg\" \/>\n<meta property=\"og:site_name\" content=\"Lajme nga Ulqini\" \/>\n<meta property=\"og:image\" content=\"https:\/\/www.visit-ulcinj.com\/blog\/wp-content\/uploads\/2012\/12\/Koreodrama-Kalendari-i-historis-se-Ulqinit_ZANA.jpg\" \/>\n\t<meta property=\"og:image:width\" content=\"720\" \/>\n\t<meta property=\"og:image:height\" content=\"482\" \/>\n\t<meta property=\"og:image:type\" content=\"image\/jpeg\" \/>\n<meta name=\"twitter:label1\" content=\"Est. reading time\" \/>\n\t<meta name=\"twitter:data1\" content=\"1 minute\" \/>\n<script type=\"application\/ld+json\" class=\"yoast-schema-graph\">{\"@context\":\"https:\/\/schema.org\",\"@graph\":[{\"@type\":\"WebSite\",\"@id\":\"https:\/\/www.visit-ulcinj.com\/blog\/#website\",\"url\":\"https:\/\/www.visit-ulcinj.com\/blog\/\",\"name\":\"Lajme nga Ulqini\",\"description\":\"Lajme,Vijesti,Ulqini,Ulqin,Crna Gora,Mali i Zi\",\"potentialAction\":[{\"@type\":\"SearchAction\",\"target\":{\"@type\":\"EntryPoint\",\"urlTemplate\":\"https:\/\/www.visit-ulcinj.com\/blog\/?s={search_term_string}\"},\"query-input\":\"required name=search_term_string\"}],\"inLanguage\":\"en-US\"},{\"@type\":\"WebPage\",\"@id\":\"https:\/\/www.visit-ulcinj.com\/blog\/wp-content\/uploads\/2012\/12\/Koreodrama-Kalendari-i-historis-se-Ulqinit_ZANA.jpg#webpage\",\"url\":\"https:\/\/www.visit-ulcinj.com\/blog\/wp-content\/uploads\/2012\/12\/Koreodrama-Kalendari-i-historis-se-Ulqinit_ZANA.jpg\",\"name\":\"Koreodrama-Kalendari-i-historis-se-Ulqinit_ZANA - Lajme nga Ulqini\",\"isPartOf\":{\"@id\":\"https:\/\/www.visit-ulcinj.com\/blog\/#website\"},\"datePublished\":\"2012-12-02T00:18:41+00:00\",\"dateModified\":\"2012-12-02T00:18:41+00:00\",\"breadcrumb\":{\"@id\":\"https:\/\/www.visit-ulcinj.com\/blog\/wp-content\/uploads\/2012\/12\/Koreodrama-Kalendari-i-historis-se-Ulqinit_ZANA.jpg#breadcrumb\"},\"inLanguage\":\"en-US\",\"potentialAction\":[{\"@type\":\"ReadAction\",\"target\":[\"https:\/\/www.visit-ulcinj.com\/blog\/wp-content\/uploads\/2012\/12\/Koreodrama-Kalendari-i-historis-se-Ulqinit_ZANA.jpg\"]}]},{\"@type\":\"BreadcrumbList\",\"@id\":\"https:\/\/www.visit-ulcinj.com\/blog\/wp-content\/uploads\/2012\/12\/Koreodrama-Kalendari-i-historis-se-Ulqinit_ZANA.jpg#breadcrumb\",\"itemListElement\":[{\"@type\":\"ListItem\",\"position\":1,\"name\":\"Koreodrama &#8220;KALENDARI&#8221; nga Ulqini n\u00eb You Tube + Foto\",\"item\":\"https:\/\/www.visit-ulcinj.com\/blog\/2012\/12\/02\/koreodrama-kalendari-nga-ulqini-ne-you-tube\/\"},{\"@type\":\"ListItem\",\"position\":2,\"name\":\"Koreodrama-Kalendari-i-historis-se-Ulqinit_ZANA\"}]}]}<\/script>\n<!-- \/ Yoast SEO plugin. -->","yoast_head_json":{"title":"Koreodrama-Kalendari-i-historis-se-Ulqinit_ZANA - Lajme nga Ulqini","robots":{"index":"index","follow":"follow","max-snippet":"max-snippet:-1","max-image-preview":"max-image-preview:large","max-video-preview":"max-video-preview:-1"},"canonical":"https:\/\/www.visit-ulcinj.com\/blog\/wp-content\/uploads\/2012\/12\/Koreodrama-Kalendari-i-historis-se-Ulqinit_ZANA.jpg","og_locale":"en_US","og_type":"article","og_title":"Koreodrama-Kalendari-i-historis-se-Ulqinit_ZANA - Lajme nga Ulqini","og_description":"Por k\u00ebshtu nuk nis koreodrama \u201cKalendari\u201d e trup\u00ebs nga Ulqini duke \u00e7faqur p\u00ebr festat e n\u00ebntorit n\u00eb Ulqin,Prishtin dhe Tiran. Pjesa e par\u00eb e saj \u00ebsht\u00eb e hareshme, e flet p\u00ebr nj\u00eb periudh\u00eb kur p\u00ebr shqiptar\u00ebt nuk ka pasur kufij. Pjes\u00ebtar\u00ebt e ansamblit \u201cZana\u201d dhe ata t\u00eb shkoll\u00ebs s\u00eb vall\u00ebzimit modern \u201cPorta di Danza\u201d kan\u00eb [&hellip;]","og_url":"https:\/\/www.visit-ulcinj.com\/blog\/wp-content\/uploads\/2012\/12\/Koreodrama-Kalendari-i-historis-se-Ulqinit_ZANA.jpg","og_site_name":"Lajme nga Ulqini","og_image":[{"width":"720","height":"482","url":"https:\/\/www.visit-ulcinj.com\/blog\/wp-content\/uploads\/2012\/12\/Koreodrama-Kalendari-i-historis-se-Ulqinit_ZANA.jpg","type":"image\/jpeg"}],"twitter_misc":{"Est. reading time":"1 minute"},"schema":{"@context":"https:\/\/schema.org","@graph":[{"@type":"WebSite","@id":"https:\/\/www.visit-ulcinj.com\/blog\/#website","url":"https:\/\/www.visit-ulcinj.com\/blog\/","name":"Lajme nga Ulqini","description":"Lajme,Vijesti,Ulqini,Ulqin,Crna Gora,Mali i Zi","potentialAction":[{"@type":"SearchAction","target":{"@type":"EntryPoint","urlTemplate":"https:\/\/www.visit-ulcinj.com\/blog\/?s={search_term_string}"},"query-input":"required name=search_term_string"}],"inLanguage":"en-US"},{"@type":"WebPage","@id":"https:\/\/www.visit-ulcinj.com\/blog\/wp-content\/uploads\/2012\/12\/Koreodrama-Kalendari-i-historis-se-Ulqinit_ZANA.jpg#webpage","url":"https:\/\/www.visit-ulcinj.com\/blog\/wp-content\/uploads\/2012\/12\/Koreodrama-Kalendari-i-historis-se-Ulqinit_ZANA.jpg","name":"Koreodrama-Kalendari-i-historis-se-Ulqinit_ZANA - Lajme nga Ulqini","isPartOf":{"@id":"https:\/\/www.visit-ulcinj.com\/blog\/#website"},"datePublished":"2012-12-02T00:18:41+00:00","dateModified":"2012-12-02T00:18:41+00:00","breadcrumb":{"@id":"https:\/\/www.visit-ulcinj.com\/blog\/wp-content\/uploads\/2012\/12\/Koreodrama-Kalendari-i-historis-se-Ulqinit_ZANA.jpg#breadcrumb"},"inLanguage":"en-US","potentialAction":[{"@type":"ReadAction","target":["https:\/\/www.visit-ulcinj.com\/blog\/wp-content\/uploads\/2012\/12\/Koreodrama-Kalendari-i-historis-se-Ulqinit_ZANA.jpg"]}]},{"@type":"BreadcrumbList","@id":"https:\/\/www.visit-ulcinj.com\/blog\/wp-content\/uploads\/2012\/12\/Koreodrama-Kalendari-i-historis-se-Ulqinit_ZANA.jpg#breadcrumb","itemListElement":[{"@type":"ListItem","position":1,"name":"Koreodrama &#8220;KALENDARI&#8221; nga Ulqini n\u00eb You Tube + Foto","item":"https:\/\/www.visit-ulcinj.com\/blog\/2012\/12\/02\/koreodrama-kalendari-nga-ulqini-ne-you-tube\/"},{"@type":"ListItem","position":2,"name":"Koreodrama-Kalendari-i-historis-se-Ulqinit_ZANA"}]}]}},"jetpack_sharing_enabled":true,"jetpack_shortlink":"https:\/\/wp.me\/ae6lTn-hfW","description":{"rendered":"<p class=\"attachment\"><a href='https:\/\/www.visit-ulcinj.com\/blog\/wp-content\/uploads\/2012\/12\/Koreodrama-Kalendari-i-historis-se-Ulqinit_ZANA.jpg'><img width=\"300\" height=\"200\" src=\"https:\/\/www.visit-ulcinj.com\/blog\/wp-content\/uploads\/2012\/12\/Koreodrama-Kalendari-i-historis-se-Ulqinit_ZANA-300x200.jpg\" class=\"attachment-medium size-medium\" alt=\"\" loading=\"lazy\" srcset=\"https:\/\/www.visit-ulcinj.com\/blog\/wp-content\/uploads\/2012\/12\/Koreodrama-Kalendari-i-historis-se-Ulqinit_ZANA-300x200.jpg 300w, https:\/\/www.visit-ulcinj.com\/blog\/wp-content\/uploads\/2012\/12\/Koreodrama-Kalendari-i-historis-se-Ulqinit_ZANA.jpg 720w\" sizes=\"(max-width: 300px) 100vw, 300px\" \/><\/a><\/p>\n<p>Por k\u00ebshtu nuk nis koreodrama \u201cKalendari\u201d e trup\u00ebs nga Ulqini duke \u00e7faqur p\u00ebr festat e n\u00ebntorit n\u00eb Ulqin,Prishtin dhe Tiran. Pjesa e par\u00eb e saj \u00ebsht\u00eb e hareshme, e flet p\u00ebr nj\u00eb periudh\u00eb kur p\u00ebr shqiptar\u00ebt nuk ka pasur kufij.<br \/>\nPjes\u00ebtar\u00ebt e ansamblit \u201cZana\u201d dhe ata t\u00eb shkoll\u00ebs s\u00eb vall\u00ebzimit modern \u201cPorta di Danza\u201d kan\u00eb veshur veshje komb\u00ebtare nga t\u00eb gjitha viset shqiptare. E l\u00ebvizjet e tyre i kan\u00eb p\u00ebrcjell\u00eb tinguj t\u00eb folklorit shqiptar. N\u00eb prapavij\u00eb q\u00ebndron Kalaja e Ulqinit n\u00eb nj\u00ebr\u00ebn an\u00eb, e nj\u00eb shqiponj\u00eb gjigante si e flamurit n\u00eb an\u00ebn tjet\u00ebr, vep\u00ebr e skenografit Agron Ujkashi. Pjesa e par\u00eb sjell harmoni midis shqiptar\u00ebve. Tingujt e muzik\u00ebs p\u00ebrcjellin trishtim, teksa shqiponja ndahet p\u00ebrgjysm\u00eb p\u00ebr t\u00eb mos u rikthyer deri n\u00eb epilogun e saj. Ajo kthehet n\u00eb pjes\u00ebn e tret\u00eb, q\u00eb rikthen heqjen e kufirit mes Shqip\u00ebris\u00eb dhe ish-Jugosllavis\u00eb. N\u00eb mes t\u00eb saj \u00ebsht\u00eb numri 100, p\u00ebr t\u00eb treguar se kjo \u00ebsht\u00eb dhurata q\u00eb Ulqini i ka b\u00ebr\u00eb jubileut t\u00eb madh t\u00eb shtet\u00ebsis\u00eb s\u00eb Shqip\u00ebris\u00eb. E gjith\u00eb ngjarja rr\u00ebfehet p\u00ebrmes historis\u00eb s\u00eb nj\u00eb familjeje. N\u00ebn\u00eb e bij\u00eb mbesin n\u00eb Shkod\u00ebr, e bab\u00eb e bir n\u00eb Ulqin.<br \/>\nN\u00ebper mes k\u00ebsaj video in\u00e7izimi ju d\u00ebshirojm shikim t\u00eb k\u00ebnd\u00ebshem.<\/p>\n"},"caption":{"rendered":"<p>Por k\u00ebshtu nuk nis koreodrama \u201cKalendari\u201d e trup\u00ebs nga Ulqini duke \u00e7faqur p\u00ebr festat e n\u00ebntorit n\u00eb Ulqin,Prishtin dhe Tiran. Pjesa e par\u00eb e saj \u00ebsht\u00eb e hareshme, e flet p\u00ebr nj\u00eb periudh\u00eb kur p\u00ebr shqiptar\u00ebt nuk ka pasur kufij. Pjes\u00ebtar\u00ebt e ansamblit \u201cZana\u201d dhe ata t\u00eb shkoll\u00ebs s\u00eb vall\u00ebzimit modern \u201cPorta di Danza\u201d kan\u00eb [&hellip;]<\/p>\n"},"alt_text":"","media_type":"image","mime_type":"image\/jpeg","media_details":{"width":"720","height":"482","hwstring_small":"height='85' width='128'","file":"2012\/12\/Koreodrama-Kalendari-i-historis-se-Ulqinit_ZANA.jpg","sizes":{"thumbnail":{"file":"Koreodrama-Kalendari-i-historis-se-Ulqinit_ZANA-150x150.jpg","width":"150","height":"150","source_url":"https:\/\/www.visit-ulcinj.com\/blog\/wp-content\/uploads\/2012\/12\/Koreodrama-Kalendari-i-historis-se-Ulqinit_ZANA-150x150.jpg"},"medium":{"file":"Koreodrama-Kalendari-i-historis-se-Ulqinit_ZANA-300x200.jpg","width":"300","height":"200","source_url":"https:\/\/www.visit-ulcinj.com\/blog\/wp-content\/uploads\/2012\/12\/Koreodrama-Kalendari-i-historis-se-Ulqinit_ZANA-300x200.jpg"},"full":{"file":"Koreodrama-Kalendari-i-historis-se-Ulqinit_ZANA.jpg","width":720,"height":482,"mime_type":"image\/jpeg","source_url":"https:\/\/www.visit-ulcinj.com\/blog\/wp-content\/uploads\/2012\/12\/Koreodrama-Kalendari-i-historis-se-Ulqinit_ZANA.jpg"}},"image_meta":{"aperture":"0","credit":"","camera":"","caption":"","created_timestamp":"0","copyright":"","focal_length":"0","iso":"0","shutter_speed":"0","title":""}},"post":66335,"source_url":"https:\/\/www.visit-ulcinj.com\/blog\/wp-content\/uploads\/2012\/12\/Koreodrama-Kalendari-i-historis-se-Ulqinit_ZANA.jpg","_links":{"self":[{"href":"https:\/\/www.visit-ulcinj.com\/blog\/wp-json\/wp\/v2\/media\/66336"}],"collection":[{"href":"https:\/\/www.visit-ulcinj.com\/blog\/wp-json\/wp\/v2\/media"}],"about":[{"href":"https:\/\/www.visit-ulcinj.com\/blog\/wp-json\/wp\/v2\/types\/attachment"}],"author":[{"embeddable":true,"href":"https:\/\/www.visit-ulcinj.com\/blog\/wp-json\/wp\/v2\/users\/1"}],"replies":[{"embeddable":true,"href":"https:\/\/www.visit-ulcinj.com\/blog\/wp-json\/wp\/v2\/comments?post=66336"}]}}

<!-- This site is optimized with the Yoast SEO plugin v19.1 - https://yoast.com/wordpress/plugins/seo/ -->
<title>Koreodrama-Kalendari-i-historis-se-Ulqinit_ZANA - Lajme nga Ulqini</title>
<meta name="robots" content="index, follow, max-snippet:-1, max-image-preview:large, max-video-preview:-1" />
<link rel="canonical" href="https://www.visit-ulcinj.com/blog/wp-content/uploads/2012/12/Koreodrama-Kalendari-i-historis-se-Ulqinit_ZANA.jpg" />
<meta property="og:locale" content="en_US" />
<meta property="og:type" content="article" />
<meta property="og:title" content="Koreodrama-Kalendari-i-historis-se-Ulqinit_ZANA - Lajme nga Ulqini" />
<meta property="og:description" content="Por kështu nuk nis koreodrama “Kalendari” e trupës nga Ulqini duke çfaqur për festat e nëntorit në Ulqin,Prishtin dhe Tiran. Pjesa e parë e saj është e hareshme, e flet për një periudhë kur për shqiptarët nuk ka pasur kufij. Pjesëtarët e ansamblit “Zana” dhe ata të shkollës së vallëzimit modern “Porta di Danza” kanë [&hellip;]" />
<meta property="og:url" content="https://www.visit-ulcinj.com/blog/wp-content/uploads/2012/12/Koreodrama-Kalendari-i-historis-se-Ulqinit_ZANA.jpg" />
<meta property="og:site_name" content="Lajme nga Ulqini" />
<meta property="og:image" content="https://www.visit-ulcinj.com/blog/wp-content/uploads/2012/12/Koreodrama-Kalendari-i-historis-se-Ulqinit_ZANA.jpg" />
	<meta property="og:image:width" content="720" />
	<meta property="og:image:height" content="482" />
	<meta property="og:image:type" content="image/jpeg" />
<meta name="twitter:label1" content="Est. reading time" />
	<meta name="twitter:data1" content="1 minute" />
<script type="application/ld+json" class="yoast-schema-graph">{"@context":"https://schema.org","@graph":[{"@type":"WebSite","@id":"https://www.visit-ulcinj.com/blog/#website","url":"https://www.visit-ulcinj.com/blog/","name":"Lajme nga Ulqini","description":"Lajme,Vijesti,Ulqini,Ulqin,Crna Gora,Mali i Zi","potentialAction":[{"@type":"SearchAction","target":{"@type":"EntryPoint","urlTemplate":"https://www.visit-ulcinj.com/blog/?s={search_term_string}"},"query-input":"required name=search_term_string"}],"inLanguage":"en-US"},{"@type":"WebPage","@id":"https://www.visit-ulcinj.com/blog/wp-content/uploads/2012/12/Koreodrama-Kalendari-i-historis-se-Ulqinit_ZANA.jpg#webpage","url":"https://www.visit-ulcinj.com/blog/wp-content/uploads/2012/12/Koreodrama-Kalendari-i-historis-se-Ulqinit_ZANA.jpg","name":"Koreodrama-Kalendari-i-historis-se-Ulqinit_ZANA - Lajme nga Ulqini","isPartOf":{"@id":"https://www.visit-ulcinj.com/blog/#website"},"datePublished":"2012-12-02T00:18:41+00:00","dateModified":"2012-12-02T00:18:41+00:00","breadcrumb":{"@id":"https://www.visit-ulcinj.com/blog/wp-content/uploads/2012/12/Koreodrama-Kalendari-i-historis-se-Ulqinit_ZANA.jpg#breadcrumb"},"inLanguage":"en-US","potentialAction":[{"@type":"ReadAction","target":["https://www.visit-ulcinj.com/blog/wp-content/uploads/2012/12/Koreodrama-Kalendari-i-historis-se-Ulqinit_ZANA.jpg"]}]},{"@type":"BreadcrumbList","@id":"https://www.visit-ulcinj.com/blog/wp-content/uploads/2012/12/Koreodrama-Kalendari-i-historis-se-Ulqinit_ZANA.jpg#breadcrumb","itemListElement":[{"@type":"ListItem","position":1,"name":"Koreodrama &#8220;KALENDARI&#8221; nga Ulqini në You Tube + Foto","item":"https://www.visit-ulcinj.com/blog/2012/12/02/koreodrama-kalendari-nga-ulqini-ne-you-tube/"},{"@type":"ListItem","position":2,"name":"Koreodrama-Kalendari-i-historis-se-Ulqinit_ZANA"}]}]}</script>
<!-- / Yoast SEO plugin. -->

Por kështu nuk nis koreodrama “Kalendari” e trupës nga Ulqini duke çfaqur për festat e nëntorit në Ulqin,Prishtin dhe Tiran. Pjesa e parë e saj është e hareshme, e flet për një periudhë kur për shqiptarët nuk ka pasur kufij. Pjesëtarët e ansamblit “Zana” dhe ata të shkollës së vallëzimit modern “Porta di Danza” kanë [&hellip;]

Koreodrama &#8220;KALENDARI&#8221; nga Ulqini në You Tube + Foto

<p class="attachment"><a href='https://www.visit-ulcinj.com/blog/wp-content/uploads/2012/12/Koreodrama-Kalendari-i-historis-se-Ulqinit_ZANA.jpg'><img width="300" height="200" src="https://www.visit-ulcinj.com/blog/wp-content/uploads/2012/12/Koreodrama-Kalendari-i-historis-se-Ulqinit_ZANA-300x200.jpg" class="attachment-medium size-medium" alt="" loading="lazy" srcset="https://www.visit-ulcinj.com/blog/wp-content/uploads/2012/12/Koreodrama-Kalendari-i-historis-se-Ulqinit_ZANA-300x200.jpg 300w, https://www.visit-ulcinj.com/blog/wp-content/uploads/2012/12/Koreodrama-Kalendari-i-historis-se-Ulqinit_ZANA.jpg 720w" sizes="(max-width: 300px) 100vw, 300px" /></a></p>
<p>Por kështu nuk nis koreodrama “Kalendari” e trupës nga Ulqini duke çfaqur për festat e nëntorit në Ulqin,Prishtin dhe Tiran. Pjesa e parë e saj është e hareshme, e flet për një periudhë kur për shqiptarët nuk ka pasur kufij.<br />
Pjesëtarët e ansamblit “Zana” dhe ata të shkollës së vallëzimit modern “Porta di Danza” kanë veshur veshje kombëtare nga të gjitha viset shqiptare. E lëvizjet e tyre i kanë përcjellë tinguj të folklorit shqiptar. Në prapavijë qëndron Kalaja e Ulqinit në njërën anë, e një shqiponjë gjigante si e flamurit në anën tjetër, vepër e skenografit Agron Ujkashi. Pjesa e parë sjell harmoni midis shqiptarëve. Tingujt e muzikës përcjellin trishtim, teksa shqiponja ndahet përgjysmë për të mos u rikthyer deri në epilogun e saj. Ajo kthehet në pjesën e tretë, që rikthen heqjen e kufirit mes Shqipërisë dhe ish-Jugosllavisë. Në mes të saj është numri 100, për të treguar se kjo është dhurata që Ulqini i ka bërë jubileut të madh të shtetësisë së Shqipërisë. E gjithë ngjarja rrëfehet përmes historisë së një familjeje. Nënë e bijë mbesin në Shkodër, e babë e bir në Ulqin.<br />
Nëper mes kësaj video inçizimi ju dëshirojm shikim të këndëshem.</p>

<p>Por kështu nuk nis koreodrama “Kalendari” e trupës nga Ulqini duke çfaqur për festat e nëntorit në Ulqin,Prishtin dhe Tiran. Pjesa e parë e saj është e hareshme, e flet për një periudhë kur për shqiptarët nuk ka pasur kufij. Pjesëtarët e ansamblit “Zana” dhe ata të shkollës së vallëzimit modern “Porta di Danza” kanë [&hellip;]</p>
