{"id":67858,"date":"2013-01-23T19:27:35","date_gmt":"2013-01-23T18:27:35","guid":{"rendered":"http:\/\/www.visit-ulcinj.com\/blog\/wp-content\/uploads\/2013\/01\/GENCI-NIMANBEGU_ZA-SAOBRACAJ_USPORI.jpg"},"modified":"2013-01-23T19:27:35","modified_gmt":"2013-01-23T18:27:35","slug":"genci-nimanbegu_za-saobracaj_uspori","status":"inherit","type":"attachment","link":"https:\/\/www.visit-ulcinj.com\/blog\/2013\/01\/23\/nimanbegu-dijelio-flajere-za-vozace-foto\/genci-nimanbegu_za-saobracaj_uspori\/","title":{"rendered":"GENCI NIMANBEGU_ZA SAOBRACAJ_USPORI"},"author":1,"comment_status":"open","ping_status":"closed","template":"","meta":{"spay_email":""},"yoast_head":"<!-- This site is optimized with the Yoast SEO plugin v19.1 - https:\/\/yoast.com\/wordpress\/plugins\/seo\/ -->\n<title>GENCI NIMANBEGU_ZA SAOBRACAJ_USPORI - Lajme nga Ulqini<\/title>\n<meta name=\"robots\" content=\"index, follow, max-snippet:-1, max-image-preview:large, max-video-preview:-1\" \/>\n<link rel=\"canonical\" href=\"https:\/\/www.visit-ulcinj.com\/blog\/wp-content\/uploads\/2013\/01\/GENCI-NIMANBEGU_ZA-SAOBRACAJ_USPORI.jpg\" \/>\n<meta property=\"og:locale\" content=\"en_US\" \/>\n<meta property=\"og:type\" content=\"article\" \/>\n<meta property=\"og:title\" content=\"GENCI NIMANBEGU_ZA SAOBRACAJ_USPORI - Lajme nga Ulqini\" \/>\n<meta property=\"og:description\" content=\"Briga o voza\u010dima va\u017enija od kazni Po\u0161tovanje saobra\u0107ajnih propisa neophodno je kako bi broj nesre\u0107a, povrije\u0111enih i poginulih u saobra\u0107aju bio sveden na minimum, a brigu o ljudskim \u017eivotima treba postaviti ispred visine propisanih kazni, smatraju u nevladinoj organizaciji NVO Alfa centar. NVO je danas, na vi\u0161e lokacija u Podgorici, organizovala edukativnu akciju u cilju [&hellip;]\" \/>\n<meta property=\"og:url\" content=\"https:\/\/www.visit-ulcinj.com\/blog\/wp-content\/uploads\/2013\/01\/GENCI-NIMANBEGU_ZA-SAOBRACAJ_USPORI.jpg\" \/>\n<meta property=\"og:site_name\" content=\"Lajme nga Ulqini\" \/>\n<meta property=\"og:image\" content=\"https:\/\/www.visit-ulcinj.com\/blog\/wp-content\/uploads\/2013\/01\/GENCI-NIMANBEGU_ZA-SAOBRACAJ_USPORI.jpg\" \/>\n\t<meta property=\"og:image:width\" content=\"960\" \/>\n\t<meta property=\"og:image:height\" content=\"720\" \/>\n\t<meta property=\"og:image:type\" content=\"image\/jpeg\" \/>\n<meta name=\"twitter:label1\" content=\"Est. reading time\" \/>\n\t<meta name=\"twitter:data1\" content=\"2 minutes\" \/>\n<script type=\"application\/ld+json\" class=\"yoast-schema-graph\">{\"@context\":\"https:\/\/schema.org\",\"@graph\":[{\"@type\":\"WebSite\",\"@id\":\"https:\/\/www.visit-ulcinj.com\/blog\/#website\",\"url\":\"https:\/\/www.visit-ulcinj.com\/blog\/\",\"name\":\"Lajme nga Ulqini\",\"description\":\"Lajme,Vijesti,Ulqini,Ulqin,Crna Gora,Mali i Zi\",\"potentialAction\":[{\"@type\":\"SearchAction\",\"target\":{\"@type\":\"EntryPoint\",\"urlTemplate\":\"https:\/\/www.visit-ulcinj.com\/blog\/?s={search_term_string}\"},\"query-input\":\"required name=search_term_string\"}],\"inLanguage\":\"en-US\"},{\"@type\":\"WebPage\",\"@id\":\"https:\/\/www.visit-ulcinj.com\/blog\/wp-content\/uploads\/2013\/01\/GENCI-NIMANBEGU_ZA-SAOBRACAJ_USPORI.jpg#webpage\",\"url\":\"https:\/\/www.visit-ulcinj.com\/blog\/wp-content\/uploads\/2013\/01\/GENCI-NIMANBEGU_ZA-SAOBRACAJ_USPORI.jpg\",\"name\":\"GENCI NIMANBEGU_ZA SAOBRACAJ_USPORI - Lajme nga Ulqini\",\"isPartOf\":{\"@id\":\"https:\/\/www.visit-ulcinj.com\/blog\/#website\"},\"datePublished\":\"2013-01-23T18:27:35+00:00\",\"dateModified\":\"2013-01-23T18:27:35+00:00\",\"breadcrumb\":{\"@id\":\"https:\/\/www.visit-ulcinj.com\/blog\/wp-content\/uploads\/2013\/01\/GENCI-NIMANBEGU_ZA-SAOBRACAJ_USPORI.jpg#breadcrumb\"},\"inLanguage\":\"en-US\",\"potentialAction\":[{\"@type\":\"ReadAction\",\"target\":[\"https:\/\/www.visit-ulcinj.com\/blog\/wp-content\/uploads\/2013\/01\/GENCI-NIMANBEGU_ZA-SAOBRACAJ_USPORI.jpg\"]}]},{\"@type\":\"BreadcrumbList\",\"@id\":\"https:\/\/www.visit-ulcinj.com\/blog\/wp-content\/uploads\/2013\/01\/GENCI-NIMANBEGU_ZA-SAOBRACAJ_USPORI.jpg#breadcrumb\",\"itemListElement\":[{\"@type\":\"ListItem\",\"position\":1,\"name\":\"Nimanbegu dijelio flajere za voza\u010de + Foto\",\"item\":\"https:\/\/www.visit-ulcinj.com\/blog\/2013\/01\/23\/nimanbegu-dijelio-flajere-za-vozace-foto\/\"},{\"@type\":\"ListItem\",\"position\":2,\"name\":\"GENCI NIMANBEGU_ZA SAOBRACAJ_USPORI\"}]}]}<\/script>\n<!-- \/ Yoast SEO plugin. -->","yoast_head_json":{"title":"GENCI NIMANBEGU_ZA SAOBRACAJ_USPORI - Lajme nga Ulqini","robots":{"index":"index","follow":"follow","max-snippet":"max-snippet:-1","max-image-preview":"max-image-preview:large","max-video-preview":"max-video-preview:-1"},"canonical":"https:\/\/www.visit-ulcinj.com\/blog\/wp-content\/uploads\/2013\/01\/GENCI-NIMANBEGU_ZA-SAOBRACAJ_USPORI.jpg","og_locale":"en_US","og_type":"article","og_title":"GENCI NIMANBEGU_ZA SAOBRACAJ_USPORI - Lajme nga Ulqini","og_description":"Briga o voza\u010dima va\u017enija od kazni Po\u0161tovanje saobra\u0107ajnih propisa neophodno je kako bi broj nesre\u0107a, povrije\u0111enih i poginulih u saobra\u0107aju bio sveden na minimum, a brigu o ljudskim \u017eivotima treba postaviti ispred visine propisanih kazni, smatraju u nevladinoj organizaciji NVO Alfa centar. NVO je danas, na vi\u0161e lokacija u Podgorici, organizovala edukativnu akciju u cilju [&hellip;]","og_url":"https:\/\/www.visit-ulcinj.com\/blog\/wp-content\/uploads\/2013\/01\/GENCI-NIMANBEGU_ZA-SAOBRACAJ_USPORI.jpg","og_site_name":"Lajme nga Ulqini","og_image":[{"width":960,"height":720,"url":"https:\/\/www.visit-ulcinj.com\/blog\/wp-content\/uploads\/2013\/01\/GENCI-NIMANBEGU_ZA-SAOBRACAJ_USPORI.jpg","type":"image\/jpeg"}],"twitter_misc":{"Est. reading time":"2 minutes"},"schema":{"@context":"https:\/\/schema.org","@graph":[{"@type":"WebSite","@id":"https:\/\/www.visit-ulcinj.com\/blog\/#website","url":"https:\/\/www.visit-ulcinj.com\/blog\/","name":"Lajme nga Ulqini","description":"Lajme,Vijesti,Ulqini,Ulqin,Crna Gora,Mali i Zi","potentialAction":[{"@type":"SearchAction","target":{"@type":"EntryPoint","urlTemplate":"https:\/\/www.visit-ulcinj.com\/blog\/?s={search_term_string}"},"query-input":"required name=search_term_string"}],"inLanguage":"en-US"},{"@type":"WebPage","@id":"https:\/\/www.visit-ulcinj.com\/blog\/wp-content\/uploads\/2013\/01\/GENCI-NIMANBEGU_ZA-SAOBRACAJ_USPORI.jpg#webpage","url":"https:\/\/www.visit-ulcinj.com\/blog\/wp-content\/uploads\/2013\/01\/GENCI-NIMANBEGU_ZA-SAOBRACAJ_USPORI.jpg","name":"GENCI NIMANBEGU_ZA SAOBRACAJ_USPORI - Lajme nga Ulqini","isPartOf":{"@id":"https:\/\/www.visit-ulcinj.com\/blog\/#website"},"datePublished":"2013-01-23T18:27:35+00:00","dateModified":"2013-01-23T18:27:35+00:00","breadcrumb":{"@id":"https:\/\/www.visit-ulcinj.com\/blog\/wp-content\/uploads\/2013\/01\/GENCI-NIMANBEGU_ZA-SAOBRACAJ_USPORI.jpg#breadcrumb"},"inLanguage":"en-US","potentialAction":[{"@type":"ReadAction","target":["https:\/\/www.visit-ulcinj.com\/blog\/wp-content\/uploads\/2013\/01\/GENCI-NIMANBEGU_ZA-SAOBRACAJ_USPORI.jpg"]}]},{"@type":"BreadcrumbList","@id":"https:\/\/www.visit-ulcinj.com\/blog\/wp-content\/uploads\/2013\/01\/GENCI-NIMANBEGU_ZA-SAOBRACAJ_USPORI.jpg#breadcrumb","itemListElement":[{"@type":"ListItem","position":1,"name":"Nimanbegu dijelio flajere za voza\u010de + Foto","item":"https:\/\/www.visit-ulcinj.com\/blog\/2013\/01\/23\/nimanbegu-dijelio-flajere-za-vozace-foto\/"},{"@type":"ListItem","position":2,"name":"GENCI NIMANBEGU_ZA SAOBRACAJ_USPORI"}]}]}},"jetpack_sharing_enabled":true,"jetpack_shortlink":"https:\/\/wp.me\/ae6lTn-hEu","description":{"rendered":"<p class=\"attachment\"><a href='https:\/\/www.visit-ulcinj.com\/blog\/wp-content\/uploads\/2013\/01\/GENCI-NIMANBEGU_ZA-SAOBRACAJ_USPORI.jpg'><img width=\"300\" height=\"225\" src=\"https:\/\/www.visit-ulcinj.com\/blog\/wp-content\/uploads\/2013\/01\/GENCI-NIMANBEGU_ZA-SAOBRACAJ_USPORI-300x225.jpg\" class=\"attachment-medium size-medium\" alt=\"\" loading=\"lazy\" srcset=\"https:\/\/www.visit-ulcinj.com\/blog\/wp-content\/uploads\/2013\/01\/GENCI-NIMANBEGU_ZA-SAOBRACAJ_USPORI-300x225.jpg 300w, https:\/\/www.visit-ulcinj.com\/blog\/wp-content\/uploads\/2013\/01\/GENCI-NIMANBEGU_ZA-SAOBRACAJ_USPORI.jpg 960w\" sizes=\"(max-width: 300px) 100vw, 300px\" \/><\/a><\/p>\n<p>Briga o voza\u010dima va\u017enija od kazni<\/p>\n<p>Po\u0161tovanje saobra\u0107ajnih propisa neophodno je kako bi broj nesre\u0107a, povrije\u0111enih i poginulih u saobra\u0107aju bio sveden na minimum, a brigu o ljudskim \u017eivotima treba postaviti ispred visine propisanih kazni, smatraju u nevladinoj organizaciji NVO Alfa centar.<br \/>\nNVO je danas, na vi\u0161e lokacija u Podgorici, organizovala edukativnu akciju u cilju upoznavanja gra\u0111ana sa novim Zakonom o bezbjednosti saobra\u0107aja na putevima, tokom koje su dijelili flajere i fluoroscentne prsluke za voza\u010de.<\/p>\n<p>Kako je saop\u0161teno iz Alfa centra, njihovim folonterima su se u akciji pridru\u017eili i poslanici crnogorskog parlamenta, Genci Nimanbegu, Janko Vu\u010dini\u0107, Ana Pono\u0161, Zdenka Popovi\u0107, \u017dana Filipovi\u0107 i Nada Drobnjak, kao i pop pjeva\u010dice Nina \u017di\u017ei\u0107 i Anita Popovi\u0107.<\/p>\n<p>Tokom akcije podijeljeno je 500 flajera, 40 fluorescentnih prsluka i 800 naljepnica sa natpisom \u201euspori.<\/p>\n<p>Volonteri Alfa centra su savjesnim u\u010desnicima u saobra\u0107aju dijelili jabuke u znak zahvalnosti \u0161to po\u0161tuju Zakon, dok su prolaznici, odnosno voza\u010di koji su pravili gre\u0161ke, kao opomenu dobijali kivi.<br \/>\n\u201eTokom ove akcije podijeljeno je oko 40 jabuka i isto toliko kivija, pa se mo\u017ee zaklju\u010diti da gra\u0111ani polovi\u010dno po\u0161tuju saobra\u0107ajne propise\u201c, ka\u017ee se u saop\u0161tenju.<\/p>\n<p>Aktivisti Alfa centra zapazili su da znatan broj voza\u010da posjeduje prate\u0107u opremu koja je propisana novim Zakonom i koriste sigurnosni pojas, na osnovu \u010dega su ocijenili da je primjena novog Zakona po\u010dela i da je prihva\u0107ena me\u0111u gra\u0111anima.<\/p>\n<p>Koordinator akcije Branko \u010cupi\u0107 smatra da je primjena novog Zakona o bezbjednosti saobra\u0107aja na putevima, u samom po\u010detku, izazvala reakcije i dileme me\u0111u gra\u0111anima.<\/p>\n<p>Prema njegovim rije\u010dima, namjera Alfa centra je da planiranim aktivnostima taj Zakon pribli\u017ee gra\u0111anima.<\/p>\n<p>\u201eNa taj na\u010din \u017eelimo da brigu o \u017eivotima sugra\u0111ana postavimo ispred visina propisanih nov\u010danih kazni, i upozorimo na obavezu poznavanja i po\u0161tovanje saobra\u0107ajnih propisa, kako bi broj nesre\u0107a, povrije\u0111enih i tragi\u010dno stradalih gra\u0111ana Crne Gore bio sveden na minimum\u201c, pojasnio je \u010cupi\u0107.<\/p>\n<p>Izvor: CDM<\/p>\n"},"caption":{"rendered":"<p>Briga o voza\u010dima va\u017enija od kazni Po\u0161tovanje saobra\u0107ajnih propisa neophodno je kako bi broj nesre\u0107a, povrije\u0111enih i poginulih u saobra\u0107aju bio sveden na minimum, a brigu o ljudskim \u017eivotima treba postaviti ispred visine propisanih kazni, smatraju u nevladinoj organizaciji NVO Alfa centar. NVO je danas, na vi\u0161e lokacija u Podgorici, organizovala edukativnu akciju u cilju [&hellip;]<\/p>\n"},"alt_text":"","media_type":"image","mime_type":"image\/jpeg","media_details":{"width":960,"height":720,"file":"2013\/01\/GENCI-NIMANBEGU_ZA-SAOBRACAJ_USPORI.jpg","sizes":{"thumbnail":{"file":"GENCI-NIMANBEGU_ZA-SAOBRACAJ_USPORI-150x150.jpg","width":150,"height":150,"mime_type":"image\/jpeg","source_url":"https:\/\/www.visit-ulcinj.com\/blog\/wp-content\/uploads\/2013\/01\/GENCI-NIMANBEGU_ZA-SAOBRACAJ_USPORI-150x150.jpg"},"medium":{"file":"GENCI-NIMANBEGU_ZA-SAOBRACAJ_USPORI-300x225.jpg","width":300,"height":225,"mime_type":"image\/jpeg","source_url":"https:\/\/www.visit-ulcinj.com\/blog\/wp-content\/uploads\/2013\/01\/GENCI-NIMANBEGU_ZA-SAOBRACAJ_USPORI-300x225.jpg"},"full":{"file":"GENCI-NIMANBEGU_ZA-SAOBRACAJ_USPORI.jpg","width":960,"height":720,"mime_type":"image\/jpeg","source_url":"https:\/\/www.visit-ulcinj.com\/blog\/wp-content\/uploads\/2013\/01\/GENCI-NIMANBEGU_ZA-SAOBRACAJ_USPORI.jpg"}},"image_meta":{"aperture":0,"credit":"","camera":"","caption":"","created_timestamp":0,"copyright":"","focal_length":0,"iso":0,"shutter_speed":0,"title":""}},"post":67857,"source_url":"https:\/\/www.visit-ulcinj.com\/blog\/wp-content\/uploads\/2013\/01\/GENCI-NIMANBEGU_ZA-SAOBRACAJ_USPORI.jpg","_links":{"self":[{"href":"https:\/\/www.visit-ulcinj.com\/blog\/wp-json\/wp\/v2\/media\/67858"}],"collection":[{"href":"https:\/\/www.visit-ulcinj.com\/blog\/wp-json\/wp\/v2\/media"}],"about":[{"href":"https:\/\/www.visit-ulcinj.com\/blog\/wp-json\/wp\/v2\/types\/attachment"}],"author":[{"embeddable":true,"href":"https:\/\/www.visit-ulcinj.com\/blog\/wp-json\/wp\/v2\/users\/1"}],"replies":[{"embeddable":true,"href":"https:\/\/www.visit-ulcinj.com\/blog\/wp-json\/wp\/v2\/comments?post=67858"}]}}

<!-- This site is optimized with the Yoast SEO plugin v19.1 - https://yoast.com/wordpress/plugins/seo/ -->
<title>GENCI NIMANBEGU_ZA SAOBRACAJ_USPORI - Lajme nga Ulqini</title>
<meta name="robots" content="index, follow, max-snippet:-1, max-image-preview:large, max-video-preview:-1" />
<link rel="canonical" href="https://www.visit-ulcinj.com/blog/wp-content/uploads/2013/01/GENCI-NIMANBEGU_ZA-SAOBRACAJ_USPORI.jpg" />
<meta property="og:locale" content="en_US" />
<meta property="og:type" content="article" />
<meta property="og:title" content="GENCI NIMANBEGU_ZA SAOBRACAJ_USPORI - Lajme nga Ulqini" />
<meta property="og:description" content="Briga o vozačima važnija od kazni Poštovanje saobraćajnih propisa neophodno je kako bi broj nesreća, povrijeđenih i poginulih u saobraćaju bio sveden na minimum, a brigu o ljudskim životima treba postaviti ispred visine propisanih kazni, smatraju u nevladinoj organizaciji NVO Alfa centar. NVO je danas, na više lokacija u Podgorici, organizovala edukativnu akciju u cilju [&hellip;]" />
<meta property="og:url" content="https://www.visit-ulcinj.com/blog/wp-content/uploads/2013/01/GENCI-NIMANBEGU_ZA-SAOBRACAJ_USPORI.jpg" />
<meta property="og:site_name" content="Lajme nga Ulqini" />
<meta property="og:image" content="https://www.visit-ulcinj.com/blog/wp-content/uploads/2013/01/GENCI-NIMANBEGU_ZA-SAOBRACAJ_USPORI.jpg" />
	<meta property="og:image:width" content="960" />
	<meta property="og:image:height" content="720" />
	<meta property="og:image:type" content="image/jpeg" />
<meta name="twitter:label1" content="Est. reading time" />
	<meta name="twitter:data1" content="2 minutes" />
<script type="application/ld+json" class="yoast-schema-graph">{"@context":"https://schema.org","@graph":[{"@type":"WebSite","@id":"https://www.visit-ulcinj.com/blog/#website","url":"https://www.visit-ulcinj.com/blog/","name":"Lajme nga Ulqini","description":"Lajme,Vijesti,Ulqini,Ulqin,Crna Gora,Mali i Zi","potentialAction":[{"@type":"SearchAction","target":{"@type":"EntryPoint","urlTemplate":"https://www.visit-ulcinj.com/blog/?s={search_term_string}"},"query-input":"required name=search_term_string"}],"inLanguage":"en-US"},{"@type":"WebPage","@id":"https://www.visit-ulcinj.com/blog/wp-content/uploads/2013/01/GENCI-NIMANBEGU_ZA-SAOBRACAJ_USPORI.jpg#webpage","url":"https://www.visit-ulcinj.com/blog/wp-content/uploads/2013/01/GENCI-NIMANBEGU_ZA-SAOBRACAJ_USPORI.jpg","name":"GENCI NIMANBEGU_ZA SAOBRACAJ_USPORI - Lajme nga Ulqini","isPartOf":{"@id":"https://www.visit-ulcinj.com/blog/#website"},"datePublished":"2013-01-23T18:27:35+00:00","dateModified":"2013-01-23T18:27:35+00:00","breadcrumb":{"@id":"https://www.visit-ulcinj.com/blog/wp-content/uploads/2013/01/GENCI-NIMANBEGU_ZA-SAOBRACAJ_USPORI.jpg#breadcrumb"},"inLanguage":"en-US","potentialAction":[{"@type":"ReadAction","target":["https://www.visit-ulcinj.com/blog/wp-content/uploads/2013/01/GENCI-NIMANBEGU_ZA-SAOBRACAJ_USPORI.jpg"]}]},{"@type":"BreadcrumbList","@id":"https://www.visit-ulcinj.com/blog/wp-content/uploads/2013/01/GENCI-NIMANBEGU_ZA-SAOBRACAJ_USPORI.jpg#breadcrumb","itemListElement":[{"@type":"ListItem","position":1,"name":"Nimanbegu dijelio flajere za vozače + Foto","item":"https://www.visit-ulcinj.com/blog/2013/01/23/nimanbegu-dijelio-flajere-za-vozace-foto/"},{"@type":"ListItem","position":2,"name":"GENCI NIMANBEGU_ZA SAOBRACAJ_USPORI"}]}]}</script>
<!-- / Yoast SEO plugin. -->

Briga o vozačima važnija od kazni Poštovanje saobraćajnih propisa neophodno je kako bi broj nesreća, povrijeđenih i poginulih u saobraćaju bio sveden na minimum, a brigu o ljudskim životima treba postaviti ispred visine propisanih kazni, smatraju u nevladinoj organizaciji NVO Alfa centar. NVO je danas, na više lokacija u Podgorici, organizovala edukativnu akciju u cilju [&hellip;]

Nimanbegu dijelio flajere za vozače + Foto

<p class="attachment"><a href='https://www.visit-ulcinj.com/blog/wp-content/uploads/2013/01/GENCI-NIMANBEGU_ZA-SAOBRACAJ_USPORI.jpg'><img width="300" height="225" src="https://www.visit-ulcinj.com/blog/wp-content/uploads/2013/01/GENCI-NIMANBEGU_ZA-SAOBRACAJ_USPORI-300x225.jpg" class="attachment-medium size-medium" alt="" loading="lazy" srcset="https://www.visit-ulcinj.com/blog/wp-content/uploads/2013/01/GENCI-NIMANBEGU_ZA-SAOBRACAJ_USPORI-300x225.jpg 300w, https://www.visit-ulcinj.com/blog/wp-content/uploads/2013/01/GENCI-NIMANBEGU_ZA-SAOBRACAJ_USPORI.jpg 960w" sizes="(max-width: 300px) 100vw, 300px" /></a></p>
<p>Briga o vozačima važnija od kazni</p>
<p>Poštovanje saobraćajnih propisa neophodno je kako bi broj nesreća, povrijeđenih i poginulih u saobraćaju bio sveden na minimum, a brigu o ljudskim životima treba postaviti ispred visine propisanih kazni, smatraju u nevladinoj organizaciji NVO Alfa centar.<br />
NVO je danas, na više lokacija u Podgorici, organizovala edukativnu akciju u cilju upoznavanja građana sa novim Zakonom o bezbjednosti saobraćaja na putevima, tokom koje su dijelili flajere i fluoroscentne prsluke za vozače.</p>
<p>Kako je saopšteno iz Alfa centra, njihovim folonterima su se u akciji pridružili i poslanici crnogorskog parlamenta, Genci Nimanbegu, Janko Vučinić, Ana Ponoš, Zdenka Popović, Žana Filipović i Nada Drobnjak, kao i pop pjevačice Nina Žižić i Anita Popović.</p>
<p>Tokom akcije podijeljeno je 500 flajera, 40 fluorescentnih prsluka i 800 naljepnica sa natpisom „uspori.</p>
<p>Volonteri Alfa centra su savjesnim učesnicima u saobraćaju dijelili jabuke u znak zahvalnosti što poštuju Zakon, dok su prolaznici, odnosno vozači koji su pravili greške, kao opomenu dobijali kivi.<br />
„Tokom ove akcije podijeljeno je oko 40 jabuka i isto toliko kivija, pa se može zaključiti da građani polovično poštuju saobraćajne propise“, kaže se u saopštenju.</p>
<p>Aktivisti Alfa centra zapazili su da znatan broj vozača posjeduje prateću opremu koja je propisana novim Zakonom i koriste sigurnosni pojas, na osnovu čega su ocijenili da je primjena novog Zakona počela i da je prihvaćena među građanima.</p>
<p>Koordinator akcije Branko Čupić smatra da je primjena novog Zakona o bezbjednosti saobraćaja na putevima, u samom početku, izazvala reakcije i dileme među građanima.</p>
<p>Prema njegovim riječima, namjera Alfa centra je da planiranim aktivnostima taj Zakon približe građanima.</p>
<p>„Na taj način želimo da brigu o životima sugrađana postavimo ispred visina propisanih novčanih kazni, i upozorimo na obavezu poznavanja i poštovanje saobraćajnih propisa, kako bi broj nesreća, povrijeđenih i tragično stradalih građana Crne Gore bio sveden na minimum“, pojasnio je Čupić.</p>
<p>Izvor: CDM</p>

<p>Briga o vozačima važnija od kazni Poštovanje saobraćajnih propisa neophodno je kako bi broj nesreća, povrijeđenih i poginulih u saobraćaju bio sveden na minimum, a brigu o ljudskim životima treba postaviti ispred visine propisanih kazni, smatraju u nevladinoj organizaciji NVO Alfa centar. NVO je danas, na više lokacija u Podgorici, organizovala edukativnu akciju u cilju [&hellip;]</p>
