{"id":67959,"date":"2013-01-24T15:38:57","date_gmt":"2013-01-24T14:38:57","guid":{"rendered":"http:\/\/www.visit-ulcinj.com\/blog\/wp-content\/uploads\/2013\/01\/Permbytje-ne-Shtoje-te-Ulqinit.3.jpg"},"modified":"2013-01-24T15:38:57","modified_gmt":"2013-01-24T14:38:57","slug":"permbytje-ne-shtoje-te-ulqinit-3","status":"inherit","type":"attachment","link":"https:\/\/www.visit-ulcinj.com\/blog\/2013\/01\/24\/permbytje-nga-reshjet-e-dendura-ne-shtoje-te-ulqinit-foto\/permbytje-ne-shtoje-te-ulqinit-3\/","title":{"rendered":"Permbytje ne Shtoje te Ulqinit.3"},"author":1,"comment_status":"open","ping_status":"closed","template":"","meta":{"spay_email":""},"yoast_head":"<!-- This site is optimized with the Yoast SEO plugin v19.1 - https:\/\/yoast.com\/wordpress\/plugins\/seo\/ -->\n<title>Permbytje ne Shtoje te Ulqinit.3 - Lajme nga Ulqini<\/title>\n<meta name=\"robots\" content=\"index, follow, max-snippet:-1, max-image-preview:large, max-video-preview:-1\" \/>\n<link rel=\"canonical\" href=\"https:\/\/www.visit-ulcinj.com\/blog\/wp-content\/uploads\/2013\/01\/Permbytje-ne-Shtoje-te-Ulqinit.3.jpg\" \/>\n<meta property=\"og:locale\" content=\"en_US\" \/>\n<meta property=\"og:type\" content=\"article\" \/>\n<meta property=\"og:title\" content=\"Permbytje ne Shtoje te Ulqinit.3 - Lajme nga Ulqini\" \/>\n<meta property=\"og:description\" content=\"Situate hidroologjike n\u00eb komun\u00ebn e Ulqinit ende nuk ka dalur nga kontrolla, madje n\u00eb muajt\u00eb e fundit nuk kishte p\u00ebrmbytje t\u00eb k\u00ebsaj p\u00ebrmase n\u00eb rrug\u00ebt dhe lagjen Shtoj\u00eb te Ulqinit.Kan\u00eb mjaftuar vet\u00ebm disa or\u00eb shi, q\u00eb livadet e shtojit t\u00eb grumbullohet kjo sasi e dendur uji. Gjat\u00eb mesdites s\u00eb sotme, rrug\u00ebt dhe livadet e lagjes [&hellip;]\" \/>\n<meta property=\"og:url\" content=\"https:\/\/www.visit-ulcinj.com\/blog\/wp-content\/uploads\/2013\/01\/Permbytje-ne-Shtoje-te-Ulqinit.3.jpg\" \/>\n<meta property=\"og:site_name\" content=\"Lajme nga Ulqini\" \/>\n<meta property=\"og:image\" content=\"https:\/\/www.visit-ulcinj.com\/blog\/wp-content\/uploads\/2013\/01\/Permbytje-ne-Shtoje-te-Ulqinit.3.jpg\" \/>\n\t<meta property=\"og:image:width\" content=\"960\" \/>\n\t<meta property=\"og:image:height\" content=\"720\" \/>\n\t<meta property=\"og:image:type\" content=\"image\/jpeg\" \/>\n<meta name=\"twitter:label1\" content=\"Est. reading time\" \/>\n\t<meta name=\"twitter:data1\" content=\"1 minute\" \/>\n<script type=\"application\/ld+json\" class=\"yoast-schema-graph\">{\"@context\":\"https:\/\/schema.org\",\"@graph\":[{\"@type\":\"WebSite\",\"@id\":\"https:\/\/www.visit-ulcinj.com\/blog\/#website\",\"url\":\"https:\/\/www.visit-ulcinj.com\/blog\/\",\"name\":\"Lajme nga Ulqini\",\"description\":\"Lajme,Vijesti,Ulqini,Ulqin,Crna Gora,Mali i Zi\",\"potentialAction\":[{\"@type\":\"SearchAction\",\"target\":{\"@type\":\"EntryPoint\",\"urlTemplate\":\"https:\/\/www.visit-ulcinj.com\/blog\/?s={search_term_string}\"},\"query-input\":\"required name=search_term_string\"}],\"inLanguage\":\"en-US\"},{\"@type\":\"WebPage\",\"@id\":\"https:\/\/www.visit-ulcinj.com\/blog\/wp-content\/uploads\/2013\/01\/Permbytje-ne-Shtoje-te-Ulqinit.3.jpg#webpage\",\"url\":\"https:\/\/www.visit-ulcinj.com\/blog\/wp-content\/uploads\/2013\/01\/Permbytje-ne-Shtoje-te-Ulqinit.3.jpg\",\"name\":\"Permbytje ne Shtoje te Ulqinit.3 - Lajme nga Ulqini\",\"isPartOf\":{\"@id\":\"https:\/\/www.visit-ulcinj.com\/blog\/#website\"},\"datePublished\":\"2013-01-24T14:38:57+00:00\",\"dateModified\":\"2013-01-24T14:38:57+00:00\",\"breadcrumb\":{\"@id\":\"https:\/\/www.visit-ulcinj.com\/blog\/wp-content\/uploads\/2013\/01\/Permbytje-ne-Shtoje-te-Ulqinit.3.jpg#breadcrumb\"},\"inLanguage\":\"en-US\",\"potentialAction\":[{\"@type\":\"ReadAction\",\"target\":[\"https:\/\/www.visit-ulcinj.com\/blog\/wp-content\/uploads\/2013\/01\/Permbytje-ne-Shtoje-te-Ulqinit.3.jpg\"]}]},{\"@type\":\"BreadcrumbList\",\"@id\":\"https:\/\/www.visit-ulcinj.com\/blog\/wp-content\/uploads\/2013\/01\/Permbytje-ne-Shtoje-te-Ulqinit.3.jpg#breadcrumb\",\"itemListElement\":[{\"@type\":\"ListItem\",\"position\":1,\"name\":\"P\u00ebrmbytje nga reshjet e dendura ne Shtoj\u00eb t\u00eb Ulqinit + Foto\",\"item\":\"https:\/\/www.visit-ulcinj.com\/blog\/2013\/01\/24\/permbytje-nga-reshjet-e-dendura-ne-shtoje-te-ulqinit-foto\/\"},{\"@type\":\"ListItem\",\"position\":2,\"name\":\"Permbytje ne Shtoje te Ulqinit.3\"}]}]}<\/script>\n<!-- \/ Yoast SEO plugin. -->","yoast_head_json":{"title":"Permbytje ne Shtoje te Ulqinit.3 - Lajme nga Ulqini","robots":{"index":"index","follow":"follow","max-snippet":"max-snippet:-1","max-image-preview":"max-image-preview:large","max-video-preview":"max-video-preview:-1"},"canonical":"https:\/\/www.visit-ulcinj.com\/blog\/wp-content\/uploads\/2013\/01\/Permbytje-ne-Shtoje-te-Ulqinit.3.jpg","og_locale":"en_US","og_type":"article","og_title":"Permbytje ne Shtoje te Ulqinit.3 - Lajme nga Ulqini","og_description":"Situate hidroologjike n\u00eb komun\u00ebn e Ulqinit ende nuk ka dalur nga kontrolla, madje n\u00eb muajt\u00eb e fundit nuk kishte p\u00ebrmbytje t\u00eb k\u00ebsaj p\u00ebrmase n\u00eb rrug\u00ebt dhe lagjen Shtoj\u00eb te Ulqinit.Kan\u00eb mjaftuar vet\u00ebm disa or\u00eb shi, q\u00eb livadet e shtojit t\u00eb grumbullohet kjo sasi e dendur uji. Gjat\u00eb mesdites s\u00eb sotme, rrug\u00ebt dhe livadet e lagjes [&hellip;]","og_url":"https:\/\/www.visit-ulcinj.com\/blog\/wp-content\/uploads\/2013\/01\/Permbytje-ne-Shtoje-te-Ulqinit.3.jpg","og_site_name":"Lajme nga Ulqini","og_image":[{"width":960,"height":720,"url":"https:\/\/www.visit-ulcinj.com\/blog\/wp-content\/uploads\/2013\/01\/Permbytje-ne-Shtoje-te-Ulqinit.3.jpg","type":"image\/jpeg"}],"twitter_misc":{"Est. reading time":"1 minute"},"schema":{"@context":"https:\/\/schema.org","@graph":[{"@type":"WebSite","@id":"https:\/\/www.visit-ulcinj.com\/blog\/#website","url":"https:\/\/www.visit-ulcinj.com\/blog\/","name":"Lajme nga Ulqini","description":"Lajme,Vijesti,Ulqini,Ulqin,Crna Gora,Mali i Zi","potentialAction":[{"@type":"SearchAction","target":{"@type":"EntryPoint","urlTemplate":"https:\/\/www.visit-ulcinj.com\/blog\/?s={search_term_string}"},"query-input":"required name=search_term_string"}],"inLanguage":"en-US"},{"@type":"WebPage","@id":"https:\/\/www.visit-ulcinj.com\/blog\/wp-content\/uploads\/2013\/01\/Permbytje-ne-Shtoje-te-Ulqinit.3.jpg#webpage","url":"https:\/\/www.visit-ulcinj.com\/blog\/wp-content\/uploads\/2013\/01\/Permbytje-ne-Shtoje-te-Ulqinit.3.jpg","name":"Permbytje ne Shtoje te Ulqinit.3 - Lajme nga Ulqini","isPartOf":{"@id":"https:\/\/www.visit-ulcinj.com\/blog\/#website"},"datePublished":"2013-01-24T14:38:57+00:00","dateModified":"2013-01-24T14:38:57+00:00","breadcrumb":{"@id":"https:\/\/www.visit-ulcinj.com\/blog\/wp-content\/uploads\/2013\/01\/Permbytje-ne-Shtoje-te-Ulqinit.3.jpg#breadcrumb"},"inLanguage":"en-US","potentialAction":[{"@type":"ReadAction","target":["https:\/\/www.visit-ulcinj.com\/blog\/wp-content\/uploads\/2013\/01\/Permbytje-ne-Shtoje-te-Ulqinit.3.jpg"]}]},{"@type":"BreadcrumbList","@id":"https:\/\/www.visit-ulcinj.com\/blog\/wp-content\/uploads\/2013\/01\/Permbytje-ne-Shtoje-te-Ulqinit.3.jpg#breadcrumb","itemListElement":[{"@type":"ListItem","position":1,"name":"P\u00ebrmbytje nga reshjet e dendura ne Shtoj\u00eb t\u00eb Ulqinit + Foto","item":"https:\/\/www.visit-ulcinj.com\/blog\/2013\/01\/24\/permbytje-nga-reshjet-e-dendura-ne-shtoje-te-ulqinit-foto\/"},{"@type":"ListItem","position":2,"name":"Permbytje ne Shtoje te Ulqinit.3"}]}]}},"jetpack_sharing_enabled":true,"jetpack_shortlink":"https:\/\/wp.me\/ae6lTn-hG7","description":{"rendered":"<p class=\"attachment\"><a href='https:\/\/www.visit-ulcinj.com\/blog\/wp-content\/uploads\/2013\/01\/Permbytje-ne-Shtoje-te-Ulqinit.3.jpg'><img width=\"300\" height=\"225\" src=\"https:\/\/www.visit-ulcinj.com\/blog\/wp-content\/uploads\/2013\/01\/Permbytje-ne-Shtoje-te-Ulqinit.3-300x225.jpg\" class=\"attachment-medium size-medium\" alt=\"\" loading=\"lazy\" srcset=\"https:\/\/www.visit-ulcinj.com\/blog\/wp-content\/uploads\/2013\/01\/Permbytje-ne-Shtoje-te-Ulqinit.3-300x225.jpg 300w, https:\/\/www.visit-ulcinj.com\/blog\/wp-content\/uploads\/2013\/01\/Permbytje-ne-Shtoje-te-Ulqinit.3.jpg 960w\" sizes=\"(max-width: 300px) 100vw, 300px\" \/><\/a><\/p>\n<p>Situate hidroologjike n\u00eb komun\u00ebn e Ulqinit ende nuk ka dalur nga kontrolla, madje n\u00eb muajt\u00eb e fundit nuk kishte p\u00ebrmbytje t\u00eb k\u00ebsaj p\u00ebrmase n\u00eb rrug\u00ebt dhe lagjen Shtoj\u00eb  te Ulqinit.Kan\u00eb mjaftuar vet\u00ebm disa or\u00eb shi, q\u00eb livadet e shtojit t\u00eb grumbullohet kjo sasi e dendur uji. Gjat\u00eb mesdites s\u00eb sotme, rrug\u00ebt dhe livadet e lagjes Shtoj\u00eb jan\u00eb p\u00ebrmbytur nga uj\u00ebrat e shiut, duke e v\u00ebshtir\u00ebsuar s\u00eb tep\u00ebrmi kalimin e qytetar\u00ebve dhe t\u00eb automjeteve n\u00eb keto zona.<\/p>\n<p>Ndersa bllokimi i kanalit t\u00eb Bratices ka sjell edhe permbytjen e te dyja kraheve te rruges,ku pastrimi i ketyre te fundit duket se ka kohe qe nuk eshte bere.<\/p>\n<p>Nga t\u00eb dh\u00ebnat q\u00eb i kemi nga terreni situata sa vjen e v\u00ebshtirsohet,dhe niveli i ujit \u00e7do or\u00eb \u00ebsht\u00eb n\u00eb rritje,si\u00e7 pahet situata aktuale e fotografiave t\u00eb marrura n\u00eb or\u00ebn 15h00 n\u00eb faqen e Facebookut &#8221; Don Gabriel Grabanica&#8221;,ku mundeni ti shikoni dhe t\u00eb bindeni ju vet\u00eb.<\/p>\n<p>Fshatrat m\u00eb t\u00eb rrezikuar n\u00eb rast\u00eb t\u00eb p\u00ebrmbytjes s\u00eb lumit Buna jan\u00eb :  Fraskanjeli, Lisna Bore,  Shtore, Re\u00e7i, Sh\u00ebn Gjergji, Sh\u00ebnkotolli, Shtoji  dhe pjes\u00eb s\u00eb poshtme t\u00eb Sukobin\u00ebs. Ekipet e sherbimit t\u00eb brojtjes dhe shpetimit kan intervenu ne disa shtepija dhe jan\u00eb n\u00eb gjendje gatishm\u00ebrie  dhe n\u00eb kontakt t\u00eb vazhduesh\u00ebm n\u00eb banor\u00ebt e fshatrave n\u00eb fjal\u00eb.<\/p>\n<p>Nd\u00ebrkoh\u00eb organet kompetente shtet\u00ebrore dhe komunale kan\u00eb nd\u00ebrmarr\u00eb t\u00eb gjitha masat e duhura p\u00ebr zvog\u00eblimin e pasojave nga p\u00ebrmbytjet n\u00eb komun\u00ebn e Ulqinit.<\/p>\n"},"caption":{"rendered":"<p>Situate hidroologjike n\u00eb komun\u00ebn e Ulqinit ende nuk ka dalur nga kontrolla, madje n\u00eb muajt\u00eb e fundit nuk kishte p\u00ebrmbytje t\u00eb k\u00ebsaj p\u00ebrmase n\u00eb rrug\u00ebt dhe lagjen Shtoj\u00eb te Ulqinit.Kan\u00eb mjaftuar vet\u00ebm disa or\u00eb shi, q\u00eb livadet e shtojit t\u00eb grumbullohet kjo sasi e dendur uji. Gjat\u00eb mesdites s\u00eb sotme, rrug\u00ebt dhe livadet e lagjes [&hellip;]<\/p>\n"},"alt_text":"","media_type":"image","mime_type":"image\/jpeg","media_details":{"width":960,"height":720,"file":"2013\/01\/Permbytje-ne-Shtoje-te-Ulqinit.3.jpg","sizes":{"thumbnail":{"file":"Permbytje-ne-Shtoje-te-Ulqinit.3-150x150.jpg","width":150,"height":150,"mime_type":"image\/jpeg","source_url":"https:\/\/www.visit-ulcinj.com\/blog\/wp-content\/uploads\/2013\/01\/Permbytje-ne-Shtoje-te-Ulqinit.3-150x150.jpg"},"medium":{"file":"Permbytje-ne-Shtoje-te-Ulqinit.3-300x225.jpg","width":300,"height":225,"mime_type":"image\/jpeg","source_url":"https:\/\/www.visit-ulcinj.com\/blog\/wp-content\/uploads\/2013\/01\/Permbytje-ne-Shtoje-te-Ulqinit.3-300x225.jpg"},"full":{"file":"Permbytje-ne-Shtoje-te-Ulqinit.3.jpg","width":960,"height":720,"mime_type":"image\/jpeg","source_url":"https:\/\/www.visit-ulcinj.com\/blog\/wp-content\/uploads\/2013\/01\/Permbytje-ne-Shtoje-te-Ulqinit.3.jpg"}},"image_meta":{"aperture":0,"credit":"","camera":"","caption":"","created_timestamp":0,"copyright":"","focal_length":0,"iso":0,"shutter_speed":0,"title":""}},"post":67956,"source_url":"https:\/\/www.visit-ulcinj.com\/blog\/wp-content\/uploads\/2013\/01\/Permbytje-ne-Shtoje-te-Ulqinit.3.jpg","_links":{"self":[{"href":"https:\/\/www.visit-ulcinj.com\/blog\/wp-json\/wp\/v2\/media\/67959"}],"collection":[{"href":"https:\/\/www.visit-ulcinj.com\/blog\/wp-json\/wp\/v2\/media"}],"about":[{"href":"https:\/\/www.visit-ulcinj.com\/blog\/wp-json\/wp\/v2\/types\/attachment"}],"author":[{"embeddable":true,"href":"https:\/\/www.visit-ulcinj.com\/blog\/wp-json\/wp\/v2\/users\/1"}],"replies":[{"embeddable":true,"href":"https:\/\/www.visit-ulcinj.com\/blog\/wp-json\/wp\/v2\/comments?post=67959"}]}}

<!-- This site is optimized with the Yoast SEO plugin v19.1 - https://yoast.com/wordpress/plugins/seo/ -->
<title>Permbytje ne Shtoje te Ulqinit.3 - Lajme nga Ulqini</title>
<meta name="robots" content="index, follow, max-snippet:-1, max-image-preview:large, max-video-preview:-1" />
<link rel="canonical" href="https://www.visit-ulcinj.com/blog/wp-content/uploads/2013/01/Permbytje-ne-Shtoje-te-Ulqinit.3.jpg" />
<meta property="og:locale" content="en_US" />
<meta property="og:type" content="article" />
<meta property="og:title" content="Permbytje ne Shtoje te Ulqinit.3 - Lajme nga Ulqini" />
<meta property="og:description" content="Situate hidroologjike në komunën e Ulqinit ende nuk ka dalur nga kontrolla, madje në muajtë e fundit nuk kishte përmbytje të kësaj përmase në rrugët dhe lagjen Shtojë te Ulqinit.Kanë mjaftuar vetëm disa orë shi, që livadet e shtojit të grumbullohet kjo sasi e dendur uji. Gjatë mesdites së sotme, rrugët dhe livadet e lagjes [&hellip;]" />
<meta property="og:url" content="https://www.visit-ulcinj.com/blog/wp-content/uploads/2013/01/Permbytje-ne-Shtoje-te-Ulqinit.3.jpg" />
<meta property="og:site_name" content="Lajme nga Ulqini" />
<meta property="og:image" content="https://www.visit-ulcinj.com/blog/wp-content/uploads/2013/01/Permbytje-ne-Shtoje-te-Ulqinit.3.jpg" />
	<meta property="og:image:width" content="960" />
	<meta property="og:image:height" content="720" />
	<meta property="og:image:type" content="image/jpeg" />
<meta name="twitter:label1" content="Est. reading time" />
	<meta name="twitter:data1" content="1 minute" />
<script type="application/ld+json" class="yoast-schema-graph">{"@context":"https://schema.org","@graph":[{"@type":"WebSite","@id":"https://www.visit-ulcinj.com/blog/#website","url":"https://www.visit-ulcinj.com/blog/","name":"Lajme nga Ulqini","description":"Lajme,Vijesti,Ulqini,Ulqin,Crna Gora,Mali i Zi","potentialAction":[{"@type":"SearchAction","target":{"@type":"EntryPoint","urlTemplate":"https://www.visit-ulcinj.com/blog/?s={search_term_string}"},"query-input":"required name=search_term_string"}],"inLanguage":"en-US"},{"@type":"WebPage","@id":"https://www.visit-ulcinj.com/blog/wp-content/uploads/2013/01/Permbytje-ne-Shtoje-te-Ulqinit.3.jpg#webpage","url":"https://www.visit-ulcinj.com/blog/wp-content/uploads/2013/01/Permbytje-ne-Shtoje-te-Ulqinit.3.jpg","name":"Permbytje ne Shtoje te Ulqinit.3 - Lajme nga Ulqini","isPartOf":{"@id":"https://www.visit-ulcinj.com/blog/#website"},"datePublished":"2013-01-24T14:38:57+00:00","dateModified":"2013-01-24T14:38:57+00:00","breadcrumb":{"@id":"https://www.visit-ulcinj.com/blog/wp-content/uploads/2013/01/Permbytje-ne-Shtoje-te-Ulqinit.3.jpg#breadcrumb"},"inLanguage":"en-US","potentialAction":[{"@type":"ReadAction","target":["https://www.visit-ulcinj.com/blog/wp-content/uploads/2013/01/Permbytje-ne-Shtoje-te-Ulqinit.3.jpg"]}]},{"@type":"BreadcrumbList","@id":"https://www.visit-ulcinj.com/blog/wp-content/uploads/2013/01/Permbytje-ne-Shtoje-te-Ulqinit.3.jpg#breadcrumb","itemListElement":[{"@type":"ListItem","position":1,"name":"Përmbytje nga reshjet e dendura ne Shtojë të Ulqinit + Foto","item":"https://www.visit-ulcinj.com/blog/2013/01/24/permbytje-nga-reshjet-e-dendura-ne-shtoje-te-ulqinit-foto/"},{"@type":"ListItem","position":2,"name":"Permbytje ne Shtoje te Ulqinit.3"}]}]}</script>
<!-- / Yoast SEO plugin. -->

Situate hidroologjike në komunën e Ulqinit ende nuk ka dalur nga kontrolla, madje në muajtë e fundit nuk kishte përmbytje të kësaj përmase në rrugët dhe lagjen Shtojë te Ulqinit.Kanë mjaftuar vetëm disa orë shi, që livadet e shtojit të grumbullohet kjo sasi e dendur uji. Gjatë mesdites së sotme, rrugët dhe livadet e lagjes [&hellip;]

Përmbytje nga reshjet e dendura ne Shtojë të Ulqinit + Foto

<p class="attachment"><a href='https://www.visit-ulcinj.com/blog/wp-content/uploads/2013/01/Permbytje-ne-Shtoje-te-Ulqinit.3.jpg'><img width="300" height="225" src="https://www.visit-ulcinj.com/blog/wp-content/uploads/2013/01/Permbytje-ne-Shtoje-te-Ulqinit.3-300x225.jpg" class="attachment-medium size-medium" alt="" loading="lazy" srcset="https://www.visit-ulcinj.com/blog/wp-content/uploads/2013/01/Permbytje-ne-Shtoje-te-Ulqinit.3-300x225.jpg 300w, https://www.visit-ulcinj.com/blog/wp-content/uploads/2013/01/Permbytje-ne-Shtoje-te-Ulqinit.3.jpg 960w" sizes="(max-width: 300px) 100vw, 300px" /></a></p>
<p>Situate hidroologjike në komunën e Ulqinit ende nuk ka dalur nga kontrolla, madje në muajtë e fundit nuk kishte përmbytje të kësaj përmase në rrugët dhe lagjen Shtojë  te Ulqinit.Kanë mjaftuar vetëm disa orë shi, që livadet e shtojit të grumbullohet kjo sasi e dendur uji. Gjatë mesdites së sotme, rrugët dhe livadet e lagjes Shtojë janë përmbytur nga ujërat e shiut, duke e vështirësuar së tepërmi kalimin e qytetarëve dhe të automjeteve në keto zona.</p>
<p>Ndersa bllokimi i kanalit të Bratices ka sjell edhe permbytjen e te dyja kraheve te rruges,ku pastrimi i ketyre te fundit duket se ka kohe qe nuk eshte bere.</p>
<p>Nga të dhënat që i kemi nga terreni situata sa vjen e vështirsohet,dhe niveli i ujit çdo orë është në rritje,siç pahet situata aktuale e fotografiave të marrura në orën 15h00 në faqen e Facebookut &#8221; Don Gabriel Grabanica&#8221;,ku mundeni ti shikoni dhe të bindeni ju vetë.</p>
<p>Fshatrat më të rrezikuar në rastë të përmbytjes së lumit Buna janë :  Fraskanjeli, Lisna Bore,  Shtore, Reçi, Shën Gjergji, Shënkotolli, Shtoji  dhe pjesë së poshtme të Sukobinës. Ekipet e sherbimit të brojtjes dhe shpetimit kan intervenu ne disa shtepija dhe janë në gjendje gatishmërie  dhe në kontakt të vazhdueshëm në banorët e fshatrave në fjalë.</p>
<p>Ndërkohë organet kompetente shtetërore dhe komunale kanë ndërmarrë të gjitha masat e duhura për zvogëlimin e pasojave nga përmbytjet në komunën e Ulqinit.</p>

<p>Situate hidroologjike në komunën e Ulqinit ende nuk ka dalur nga kontrolla, madje në muajtë e fundit nuk kishte përmbytje të kësaj përmase në rrugët dhe lagjen Shtojë te Ulqinit.Kanë mjaftuar vetëm disa orë shi, që livadet e shtojit të grumbullohet kjo sasi e dendur uji. Gjatë mesdites së sotme, rrugët dhe livadet e lagjes [&hellip;]</p>
