{"id":69511,"date":"2013-03-15T18:23:09","date_gmt":"2013-03-15T17:23:09","guid":{"rendered":"http:\/\/www.visit-ulcinj.com\/blog\/wp-content\/uploads\/2013\/03\/Reshjet-e-shiut-ne-Ulqin.jpg"},"modified":"2013-03-15T18:23:09","modified_gmt":"2013-03-15T17:23:09","slug":"reshjet-e-shiut-ne-ulqin","status":"inherit","type":"attachment","link":"https:\/\/www.visit-ulcinj.com\/blog\/2013\/03\/15\/reshje-dhe-ere-probleme-ne-rruge-te-ulqinit-video\/reshjet-e-shiut-ne-ulqin\/","title":{"rendered":"Reshjet e shiut ne Ulqin"},"author":1,"comment_status":"open","ping_status":"closed","template":"","meta":{"spay_email":""},"yoast_head":"<!-- This site is optimized with the Yoast SEO plugin v19.1 - https:\/\/yoast.com\/wordpress\/plugins\/seo\/ -->\n<title>Reshjet e shiut ne Ulqin - Lajme nga Ulqini<\/title>\n<meta name=\"robots\" content=\"index, follow, max-snippet:-1, max-image-preview:large, max-video-preview:-1\" \/>\n<link rel=\"canonical\" href=\"https:\/\/www.visit-ulcinj.com\/blog\/wp-content\/uploads\/2013\/03\/Reshjet-e-shiut-ne-Ulqin.jpg\" \/>\n<meta property=\"og:locale\" content=\"en_US\" \/>\n<meta property=\"og:type\" content=\"article\" \/>\n<meta property=\"og:title\" content=\"Reshjet e shiut ne Ulqin - Lajme nga Ulqini\" \/>\n<meta property=\"og:description\" content=\"Reshjet e shiut dhe era e forte ka shkaktuar probleme ne rrug\u00ebt e Ulqinit. Pamvarsisht investimeve te realizuara ne komunen e Ulqinit edhe kete vjesht\u00eb permbytjet nga disa milimetra shi do te jen te pa shmangshme. Kan mjaftuar pak centimetra shi qe sot\u00eb ne lagjet kryesore te qytetit te permbyten nga uji. Problematike jan ato [&hellip;]\" \/>\n<meta property=\"og:url\" content=\"https:\/\/www.visit-ulcinj.com\/blog\/wp-content\/uploads\/2013\/03\/Reshjet-e-shiut-ne-Ulqin.jpg\" \/>\n<meta property=\"og:site_name\" content=\"Lajme nga Ulqini\" \/>\n<meta property=\"og:image\" content=\"https:\/\/www.visit-ulcinj.com\/blog\/wp-content\/uploads\/2013\/03\/Reshjet-e-shiut-ne-Ulqin.jpg\" \/>\n\t<meta property=\"og:image:width\" content=\"960\" \/>\n\t<meta property=\"og:image:height\" content=\"640\" \/>\n\t<meta property=\"og:image:type\" content=\"image\/jpeg\" \/>\n<meta name=\"twitter:label1\" content=\"Est. reading time\" \/>\n\t<meta name=\"twitter:data1\" content=\"1 minute\" \/>\n<script type=\"application\/ld+json\" class=\"yoast-schema-graph\">{\"@context\":\"https:\/\/schema.org\",\"@graph\":[{\"@type\":\"WebSite\",\"@id\":\"https:\/\/www.visit-ulcinj.com\/blog\/#website\",\"url\":\"https:\/\/www.visit-ulcinj.com\/blog\/\",\"name\":\"Lajme nga Ulqini\",\"description\":\"Lajme,Vijesti,Ulqini,Ulqin,Crna Gora,Mali i Zi\",\"potentialAction\":[{\"@type\":\"SearchAction\",\"target\":{\"@type\":\"EntryPoint\",\"urlTemplate\":\"https:\/\/www.visit-ulcinj.com\/blog\/?s={search_term_string}\"},\"query-input\":\"required name=search_term_string\"}],\"inLanguage\":\"en-US\"},{\"@type\":\"WebPage\",\"@id\":\"https:\/\/www.visit-ulcinj.com\/blog\/wp-content\/uploads\/2013\/03\/Reshjet-e-shiut-ne-Ulqin.jpg#webpage\",\"url\":\"https:\/\/www.visit-ulcinj.com\/blog\/wp-content\/uploads\/2013\/03\/Reshjet-e-shiut-ne-Ulqin.jpg\",\"name\":\"Reshjet e shiut ne Ulqin - Lajme nga Ulqini\",\"isPartOf\":{\"@id\":\"https:\/\/www.visit-ulcinj.com\/blog\/#website\"},\"datePublished\":\"2013-03-15T17:23:09+00:00\",\"dateModified\":\"2013-03-15T17:23:09+00:00\",\"breadcrumb\":{\"@id\":\"https:\/\/www.visit-ulcinj.com\/blog\/wp-content\/uploads\/2013\/03\/Reshjet-e-shiut-ne-Ulqin.jpg#breadcrumb\"},\"inLanguage\":\"en-US\",\"potentialAction\":[{\"@type\":\"ReadAction\",\"target\":[\"https:\/\/www.visit-ulcinj.com\/blog\/wp-content\/uploads\/2013\/03\/Reshjet-e-shiut-ne-Ulqin.jpg\"]}]},{\"@type\":\"BreadcrumbList\",\"@id\":\"https:\/\/www.visit-ulcinj.com\/blog\/wp-content\/uploads\/2013\/03\/Reshjet-e-shiut-ne-Ulqin.jpg#breadcrumb\",\"itemListElement\":[{\"@type\":\"ListItem\",\"position\":1,\"name\":\"Reshje dhe er\u00eb, probleme ne rrug\u00eb te Ulqinit \u2013 Video\",\"item\":\"https:\/\/www.visit-ulcinj.com\/blog\/2013\/03\/15\/reshje-dhe-ere-probleme-ne-rruge-te-ulqinit-video\/\"},{\"@type\":\"ListItem\",\"position\":2,\"name\":\"Reshjet e shiut ne Ulqin\"}]}]}<\/script>\n<!-- \/ Yoast SEO plugin. -->","yoast_head_json":{"title":"Reshjet e shiut ne Ulqin - Lajme nga Ulqini","robots":{"index":"index","follow":"follow","max-snippet":"max-snippet:-1","max-image-preview":"max-image-preview:large","max-video-preview":"max-video-preview:-1"},"canonical":"https:\/\/www.visit-ulcinj.com\/blog\/wp-content\/uploads\/2013\/03\/Reshjet-e-shiut-ne-Ulqin.jpg","og_locale":"en_US","og_type":"article","og_title":"Reshjet e shiut ne Ulqin - Lajme nga Ulqini","og_description":"Reshjet e shiut dhe era e forte ka shkaktuar probleme ne rrug\u00ebt e Ulqinit. Pamvarsisht investimeve te realizuara ne komunen e Ulqinit edhe kete vjesht\u00eb permbytjet nga disa milimetra shi do te jen te pa shmangshme. Kan mjaftuar pak centimetra shi qe sot\u00eb ne lagjet kryesore te qytetit te permbyten nga uji. Problematike jan ato [&hellip;]","og_url":"https:\/\/www.visit-ulcinj.com\/blog\/wp-content\/uploads\/2013\/03\/Reshjet-e-shiut-ne-Ulqin.jpg","og_site_name":"Lajme nga Ulqini","og_image":[{"width":960,"height":640,"url":"https:\/\/www.visit-ulcinj.com\/blog\/wp-content\/uploads\/2013\/03\/Reshjet-e-shiut-ne-Ulqin.jpg","type":"image\/jpeg"}],"twitter_misc":{"Est. reading time":"1 minute"},"schema":{"@context":"https:\/\/schema.org","@graph":[{"@type":"WebSite","@id":"https:\/\/www.visit-ulcinj.com\/blog\/#website","url":"https:\/\/www.visit-ulcinj.com\/blog\/","name":"Lajme nga Ulqini","description":"Lajme,Vijesti,Ulqini,Ulqin,Crna Gora,Mali i Zi","potentialAction":[{"@type":"SearchAction","target":{"@type":"EntryPoint","urlTemplate":"https:\/\/www.visit-ulcinj.com\/blog\/?s={search_term_string}"},"query-input":"required name=search_term_string"}],"inLanguage":"en-US"},{"@type":"WebPage","@id":"https:\/\/www.visit-ulcinj.com\/blog\/wp-content\/uploads\/2013\/03\/Reshjet-e-shiut-ne-Ulqin.jpg#webpage","url":"https:\/\/www.visit-ulcinj.com\/blog\/wp-content\/uploads\/2013\/03\/Reshjet-e-shiut-ne-Ulqin.jpg","name":"Reshjet e shiut ne Ulqin - Lajme nga Ulqini","isPartOf":{"@id":"https:\/\/www.visit-ulcinj.com\/blog\/#website"},"datePublished":"2013-03-15T17:23:09+00:00","dateModified":"2013-03-15T17:23:09+00:00","breadcrumb":{"@id":"https:\/\/www.visit-ulcinj.com\/blog\/wp-content\/uploads\/2013\/03\/Reshjet-e-shiut-ne-Ulqin.jpg#breadcrumb"},"inLanguage":"en-US","potentialAction":[{"@type":"ReadAction","target":["https:\/\/www.visit-ulcinj.com\/blog\/wp-content\/uploads\/2013\/03\/Reshjet-e-shiut-ne-Ulqin.jpg"]}]},{"@type":"BreadcrumbList","@id":"https:\/\/www.visit-ulcinj.com\/blog\/wp-content\/uploads\/2013\/03\/Reshjet-e-shiut-ne-Ulqin.jpg#breadcrumb","itemListElement":[{"@type":"ListItem","position":1,"name":"Reshje dhe er\u00eb, probleme ne rrug\u00eb te Ulqinit \u2013 Video","item":"https:\/\/www.visit-ulcinj.com\/blog\/2013\/03\/15\/reshje-dhe-ere-probleme-ne-rruge-te-ulqinit-video\/"},{"@type":"ListItem","position":2,"name":"Reshjet e shiut ne Ulqin"}]}]}},"jetpack_sharing_enabled":true,"jetpack_shortlink":"https:\/\/wp.me\/ae6lTn-i59","description":{"rendered":"<p class=\"attachment\"><a href='https:\/\/www.visit-ulcinj.com\/blog\/wp-content\/uploads\/2013\/03\/Reshjet-e-shiut-ne-Ulqin.jpg'><img width=\"300\" height=\"200\" src=\"https:\/\/www.visit-ulcinj.com\/blog\/wp-content\/uploads\/2013\/03\/Reshjet-e-shiut-ne-Ulqin-300x200.jpg\" class=\"attachment-medium size-medium\" alt=\"\" loading=\"lazy\" srcset=\"https:\/\/www.visit-ulcinj.com\/blog\/wp-content\/uploads\/2013\/03\/Reshjet-e-shiut-ne-Ulqin-300x200.jpg 300w, https:\/\/www.visit-ulcinj.com\/blog\/wp-content\/uploads\/2013\/03\/Reshjet-e-shiut-ne-Ulqin.jpg 960w\" sizes=\"(max-width: 300px) 100vw, 300px\" \/><\/a><\/p>\n<p>Reshjet e shiut dhe era e forte ka shkaktuar probleme ne rrug\u00ebt e Ulqinit. Pamvarsisht investimeve te realizuara ne komunen e Ulqinit edhe kete vjesht\u00eb permbytjet nga disa milimetra shi do te jen te pa shmangshme. Kan mjaftuar pak centimetra shi qe sot\u00eb ne lagjet kryesore te qytetit te permbyten nga uji. Problematike jan ato zona ku mungon infrastuktura,dhe ku me shqetesuese edhe hyrja perpara disa shkolave, postes s\u00eb si dhe shume rrugeve tjera te Ulqinit. Bllokimi i kanalit t\u00eb Bratices ka sjell edhe permbytjen e te dyja kraheve te rruges,ku pastrimi i ketyre te fundit duket se ka koh qe nuk eshte bere,ndersa fat\u00ebkeqsisht edhe qendra e qytetit duket se e ka kaluar keto problem me shum\u00eb veshter\u00ebsi.Ju ftojm\u00eb t\u00eb ndiqni 12 sekonda Video nga perbytja e Ulqinit sot\u00eb.<\/p>\n<p>Lajme Nga Ulqini<\/p>\n"},"caption":{"rendered":"<p>Reshjet e shiut dhe era e forte ka shkaktuar probleme ne rrug\u00ebt e Ulqinit. Pamvarsisht investimeve te realizuara ne komunen e Ulqinit edhe kete vjesht\u00eb permbytjet nga disa milimetra shi do te jen te pa shmangshme. Kan mjaftuar pak centimetra shi qe sot\u00eb ne lagjet kryesore te qytetit te permbyten nga uji. Problematike jan ato [&hellip;]<\/p>\n"},"alt_text":"","media_type":"image","mime_type":"image\/jpeg","media_details":{"width":960,"height":640,"file":"2013\/03\/Reshjet-e-shiut-ne-Ulqin.jpg","sizes":{"thumbnail":{"file":"Reshjet-e-shiut-ne-Ulqin-150x150.jpg","width":150,"height":150,"mime_type":"image\/jpeg","source_url":"https:\/\/www.visit-ulcinj.com\/blog\/wp-content\/uploads\/2013\/03\/Reshjet-e-shiut-ne-Ulqin-150x150.jpg"},"medium":{"file":"Reshjet-e-shiut-ne-Ulqin-300x200.jpg","width":300,"height":200,"mime_type":"image\/jpeg","source_url":"https:\/\/www.visit-ulcinj.com\/blog\/wp-content\/uploads\/2013\/03\/Reshjet-e-shiut-ne-Ulqin-300x200.jpg"},"full":{"file":"Reshjet-e-shiut-ne-Ulqin.jpg","width":960,"height":640,"mime_type":"image\/jpeg","source_url":"https:\/\/www.visit-ulcinj.com\/blog\/wp-content\/uploads\/2013\/03\/Reshjet-e-shiut-ne-Ulqin.jpg"}},"image_meta":{"aperture":0,"credit":"","camera":"","caption":"","created_timestamp":0,"copyright":"","focal_length":0,"iso":0,"shutter_speed":0,"title":""}},"post":69510,"source_url":"https:\/\/www.visit-ulcinj.com\/blog\/wp-content\/uploads\/2013\/03\/Reshjet-e-shiut-ne-Ulqin.jpg","_links":{"self":[{"href":"https:\/\/www.visit-ulcinj.com\/blog\/wp-json\/wp\/v2\/media\/69511"}],"collection":[{"href":"https:\/\/www.visit-ulcinj.com\/blog\/wp-json\/wp\/v2\/media"}],"about":[{"href":"https:\/\/www.visit-ulcinj.com\/blog\/wp-json\/wp\/v2\/types\/attachment"}],"author":[{"embeddable":true,"href":"https:\/\/www.visit-ulcinj.com\/blog\/wp-json\/wp\/v2\/users\/1"}],"replies":[{"embeddable":true,"href":"https:\/\/www.visit-ulcinj.com\/blog\/wp-json\/wp\/v2\/comments?post=69511"}]}}

<!-- This site is optimized with the Yoast SEO plugin v19.1 - https://yoast.com/wordpress/plugins/seo/ -->
<title>Reshjet e shiut ne Ulqin - Lajme nga Ulqini</title>
<meta name="robots" content="index, follow, max-snippet:-1, max-image-preview:large, max-video-preview:-1" />
<link rel="canonical" href="https://www.visit-ulcinj.com/blog/wp-content/uploads/2013/03/Reshjet-e-shiut-ne-Ulqin.jpg" />
<meta property="og:locale" content="en_US" />
<meta property="og:type" content="article" />
<meta property="og:title" content="Reshjet e shiut ne Ulqin - Lajme nga Ulqini" />
<meta property="og:description" content="Reshjet e shiut dhe era e forte ka shkaktuar probleme ne rrugët e Ulqinit. Pamvarsisht investimeve te realizuara ne komunen e Ulqinit edhe kete vjeshtë permbytjet nga disa milimetra shi do te jen te pa shmangshme. Kan mjaftuar pak centimetra shi qe sotë ne lagjet kryesore te qytetit te permbyten nga uji. Problematike jan ato [&hellip;]" />
<meta property="og:url" content="https://www.visit-ulcinj.com/blog/wp-content/uploads/2013/03/Reshjet-e-shiut-ne-Ulqin.jpg" />
<meta property="og:site_name" content="Lajme nga Ulqini" />
<meta property="og:image" content="https://www.visit-ulcinj.com/blog/wp-content/uploads/2013/03/Reshjet-e-shiut-ne-Ulqin.jpg" />
	<meta property="og:image:width" content="960" />
	<meta property="og:image:height" content="640" />
	<meta property="og:image:type" content="image/jpeg" />
<meta name="twitter:label1" content="Est. reading time" />
	<meta name="twitter:data1" content="1 minute" />
<script type="application/ld+json" class="yoast-schema-graph">{"@context":"https://schema.org","@graph":[{"@type":"WebSite","@id":"https://www.visit-ulcinj.com/blog/#website","url":"https://www.visit-ulcinj.com/blog/","name":"Lajme nga Ulqini","description":"Lajme,Vijesti,Ulqini,Ulqin,Crna Gora,Mali i Zi","potentialAction":[{"@type":"SearchAction","target":{"@type":"EntryPoint","urlTemplate":"https://www.visit-ulcinj.com/blog/?s={search_term_string}"},"query-input":"required name=search_term_string"}],"inLanguage":"en-US"},{"@type":"WebPage","@id":"https://www.visit-ulcinj.com/blog/wp-content/uploads/2013/03/Reshjet-e-shiut-ne-Ulqin.jpg#webpage","url":"https://www.visit-ulcinj.com/blog/wp-content/uploads/2013/03/Reshjet-e-shiut-ne-Ulqin.jpg","name":"Reshjet e shiut ne Ulqin - Lajme nga Ulqini","isPartOf":{"@id":"https://www.visit-ulcinj.com/blog/#website"},"datePublished":"2013-03-15T17:23:09+00:00","dateModified":"2013-03-15T17:23:09+00:00","breadcrumb":{"@id":"https://www.visit-ulcinj.com/blog/wp-content/uploads/2013/03/Reshjet-e-shiut-ne-Ulqin.jpg#breadcrumb"},"inLanguage":"en-US","potentialAction":[{"@type":"ReadAction","target":["https://www.visit-ulcinj.com/blog/wp-content/uploads/2013/03/Reshjet-e-shiut-ne-Ulqin.jpg"]}]},{"@type":"BreadcrumbList","@id":"https://www.visit-ulcinj.com/blog/wp-content/uploads/2013/03/Reshjet-e-shiut-ne-Ulqin.jpg#breadcrumb","itemListElement":[{"@type":"ListItem","position":1,"name":"Reshje dhe erë, probleme ne rrugë te Ulqinit – Video","item":"https://www.visit-ulcinj.com/blog/2013/03/15/reshje-dhe-ere-probleme-ne-rruge-te-ulqinit-video/"},{"@type":"ListItem","position":2,"name":"Reshjet e shiut ne Ulqin"}]}]}</script>
<!-- / Yoast SEO plugin. -->

Reshjet e shiut dhe era e forte ka shkaktuar probleme ne rrugët e Ulqinit. Pamvarsisht investimeve te realizuara ne komunen e Ulqinit edhe kete vjeshtë permbytjet nga disa milimetra shi do te jen te pa shmangshme. Kan mjaftuar pak centimetra shi qe sotë ne lagjet kryesore te qytetit te permbyten nga uji. Problematike jan ato [&hellip;]

Reshje dhe erë, probleme ne rrugë te Ulqinit – Video

<p class="attachment"><a href='https://www.visit-ulcinj.com/blog/wp-content/uploads/2013/03/Reshjet-e-shiut-ne-Ulqin.jpg'><img width="300" height="200" src="https://www.visit-ulcinj.com/blog/wp-content/uploads/2013/03/Reshjet-e-shiut-ne-Ulqin-300x200.jpg" class="attachment-medium size-medium" alt="" loading="lazy" srcset="https://www.visit-ulcinj.com/blog/wp-content/uploads/2013/03/Reshjet-e-shiut-ne-Ulqin-300x200.jpg 300w, https://www.visit-ulcinj.com/blog/wp-content/uploads/2013/03/Reshjet-e-shiut-ne-Ulqin.jpg 960w" sizes="(max-width: 300px) 100vw, 300px" /></a></p>
<p>Reshjet e shiut dhe era e forte ka shkaktuar probleme ne rrugët e Ulqinit. Pamvarsisht investimeve te realizuara ne komunen e Ulqinit edhe kete vjeshtë permbytjet nga disa milimetra shi do te jen te pa shmangshme. Kan mjaftuar pak centimetra shi qe sotë ne lagjet kryesore te qytetit te permbyten nga uji. Problematike jan ato zona ku mungon infrastuktura,dhe ku me shqetesuese edhe hyrja perpara disa shkolave, postes së si dhe shume rrugeve tjera te Ulqinit. Bllokimi i kanalit të Bratices ka sjell edhe permbytjen e te dyja kraheve te rruges,ku pastrimi i ketyre te fundit duket se ka koh qe nuk eshte bere,ndersa fatëkeqsisht edhe qendra e qytetit duket se e ka kaluar keto problem me shumë veshterësi.Ju ftojmë të ndiqni 12 sekonda Video nga perbytja e Ulqinit sotë.</p>
<p>Lajme Nga Ulqini</p>

<p>Reshjet e shiut dhe era e forte ka shkaktuar probleme ne rrugët e Ulqinit. Pamvarsisht investimeve te realizuara ne komunen e Ulqinit edhe kete vjeshtë permbytjet nga disa milimetra shi do te jen te pa shmangshme. Kan mjaftuar pak centimetra shi qe sotë ne lagjet kryesore te qytetit te permbyten nga uji. Problematike jan ato [&hellip;]</p>
