{"id":70542,"date":"2013-04-12T14:18:33","date_gmt":"2013-04-12T13:18:33","guid":{"rendered":"http:\/\/www.visit-ulcinj.com\/blog\/wp-content\/uploads\/2013\/04\/Alert-te-shpetojm-Valdanosin.jpg"},"modified":"2013-04-12T14:18:33","modified_gmt":"2013-04-12T13:18:33","slug":"alert-te-shpetojm-valdanosin","status":"inherit","type":"attachment","link":"https:\/\/www.visit-ulcinj.com\/blog\/2013\/04\/12\/karamanaga-asgje-e-re-per-valdanos-foto\/alert-te-shpetojm-valdanosin\/","title":{"rendered":"Alert te shpetojm Valdanosin"},"author":1,"comment_status":"open","ping_status":"closed","template":"","meta":{"spay_email":""},"yoast_head":"<!-- This site is optimized with the Yoast SEO plugin v19.1 - https:\/\/yoast.com\/wordpress\/plugins\/seo\/ -->\n<title>Alert te shpetojm Valdanosin - Lajme nga Ulqini<\/title>\n<meta name=\"robots\" content=\"index, follow, max-snippet:-1, max-image-preview:large, max-video-preview:-1\" \/>\n<link rel=\"canonical\" href=\"https:\/\/www.visit-ulcinj.com\/blog\/wp-content\/uploads\/2013\/04\/Alert-te-shpetojm-Valdanosin.jpg\" \/>\n<meta property=\"og:locale\" content=\"en_US\" \/>\n<meta property=\"og:type\" content=\"article\" \/>\n<meta property=\"og:title\" content=\"Alert te shpetojm Valdanosin - Lajme nga Ulqini\" \/>\n<meta property=\"og:description\" content=\"ULCINJ \u2013 NVO Mogul organizovao je u \u010detvrtak u sali Centra za kulturu panel-diskusiju na temu \u201eSpasimo Valdanos \u2013 alert\u201c. Okupio se veliki broj predstavnika NVO i gra\u0111ana. Prikazan je sedmominutni film o stanju u maslinadi. Mustafa Canka je, u ime organizacije Mogul, rekao da je u interesu svih da Valdanos postane me\u0111unarodni ekolo\u0161ki centar, [&hellip;]\" \/>\n<meta property=\"og:url\" content=\"https:\/\/www.visit-ulcinj.com\/blog\/wp-content\/uploads\/2013\/04\/Alert-te-shpetojm-Valdanosin.jpg\" \/>\n<meta property=\"og:site_name\" content=\"Lajme nga Ulqini\" \/>\n<meta property=\"og:image\" content=\"https:\/\/www.visit-ulcinj.com\/blog\/wp-content\/uploads\/2013\/04\/Alert-te-shpetojm-Valdanosin.jpg\" \/>\n\t<meta property=\"og:image:width\" content=\"640\" \/>\n\t<meta property=\"og:image:height\" content=\"480\" \/>\n\t<meta property=\"og:image:type\" content=\"image\/jpeg\" \/>\n<meta name=\"twitter:label1\" content=\"Est. reading time\" \/>\n\t<meta name=\"twitter:data1\" content=\"1 minute\" \/>\n<script type=\"application\/ld+json\" class=\"yoast-schema-graph\">{\"@context\":\"https:\/\/schema.org\",\"@graph\":[{\"@type\":\"WebSite\",\"@id\":\"https:\/\/www.visit-ulcinj.com\/blog\/#website\",\"url\":\"https:\/\/www.visit-ulcinj.com\/blog\/\",\"name\":\"Lajme nga Ulqini\",\"description\":\"Lajme,Vijesti,Ulqini,Ulqin,Crna Gora,Mali i Zi\",\"potentialAction\":[{\"@type\":\"SearchAction\",\"target\":{\"@type\":\"EntryPoint\",\"urlTemplate\":\"https:\/\/www.visit-ulcinj.com\/blog\/?s={search_term_string}\"},\"query-input\":\"required name=search_term_string\"}],\"inLanguage\":\"en-US\"},{\"@type\":\"WebPage\",\"@id\":\"https:\/\/www.visit-ulcinj.com\/blog\/wp-content\/uploads\/2013\/04\/Alert-te-shpetojm-Valdanosin.jpg#webpage\",\"url\":\"https:\/\/www.visit-ulcinj.com\/blog\/wp-content\/uploads\/2013\/04\/Alert-te-shpetojm-Valdanosin.jpg\",\"name\":\"Alert te shpetojm Valdanosin - Lajme nga Ulqini\",\"isPartOf\":{\"@id\":\"https:\/\/www.visit-ulcinj.com\/blog\/#website\"},\"datePublished\":\"2013-04-12T13:18:33+00:00\",\"dateModified\":\"2013-04-12T13:18:33+00:00\",\"breadcrumb\":{\"@id\":\"https:\/\/www.visit-ulcinj.com\/blog\/wp-content\/uploads\/2013\/04\/Alert-te-shpetojm-Valdanosin.jpg#breadcrumb\"},\"inLanguage\":\"en-US\",\"potentialAction\":[{\"@type\":\"ReadAction\",\"target\":[\"https:\/\/www.visit-ulcinj.com\/blog\/wp-content\/uploads\/2013\/04\/Alert-te-shpetojm-Valdanosin.jpg\"]}]},{\"@type\":\"BreadcrumbList\",\"@id\":\"https:\/\/www.visit-ulcinj.com\/blog\/wp-content\/uploads\/2013\/04\/Alert-te-shpetojm-Valdanosin.jpg#breadcrumb\",\"itemListElement\":[{\"@type\":\"ListItem\",\"position\":1,\"name\":\"Karamanaga: Asgj\u00eb e re p\u00ebr Valdanos + Foto\",\"item\":\"https:\/\/www.visit-ulcinj.com\/blog\/2013\/04\/12\/karamanaga-asgje-e-re-per-valdanos-foto\/\"},{\"@type\":\"ListItem\",\"position\":2,\"name\":\"Alert te shpetojm Valdanosin\"}]}]}<\/script>\n<!-- \/ Yoast SEO plugin. -->","yoast_head_json":{"title":"Alert te shpetojm Valdanosin - Lajme nga Ulqini","robots":{"index":"index","follow":"follow","max-snippet":"max-snippet:-1","max-image-preview":"max-image-preview:large","max-video-preview":"max-video-preview:-1"},"canonical":"https:\/\/www.visit-ulcinj.com\/blog\/wp-content\/uploads\/2013\/04\/Alert-te-shpetojm-Valdanosin.jpg","og_locale":"en_US","og_type":"article","og_title":"Alert te shpetojm Valdanosin - Lajme nga Ulqini","og_description":"ULCINJ \u2013 NVO Mogul organizovao je u \u010detvrtak u sali Centra za kulturu panel-diskusiju na temu \u201eSpasimo Valdanos \u2013 alert\u201c. Okupio se veliki broj predstavnika NVO i gra\u0111ana. Prikazan je sedmominutni film o stanju u maslinadi. Mustafa Canka je, u ime organizacije Mogul, rekao da je u interesu svih da Valdanos postane me\u0111unarodni ekolo\u0161ki centar, [&hellip;]","og_url":"https:\/\/www.visit-ulcinj.com\/blog\/wp-content\/uploads\/2013\/04\/Alert-te-shpetojm-Valdanosin.jpg","og_site_name":"Lajme nga Ulqini","og_image":[{"width":640,"height":480,"url":"https:\/\/www.visit-ulcinj.com\/blog\/wp-content\/uploads\/2013\/04\/Alert-te-shpetojm-Valdanosin.jpg","type":"image\/jpeg"}],"twitter_misc":{"Est. reading time":"1 minute"},"schema":{"@context":"https:\/\/schema.org","@graph":[{"@type":"WebSite","@id":"https:\/\/www.visit-ulcinj.com\/blog\/#website","url":"https:\/\/www.visit-ulcinj.com\/blog\/","name":"Lajme nga Ulqini","description":"Lajme,Vijesti,Ulqini,Ulqin,Crna Gora,Mali i Zi","potentialAction":[{"@type":"SearchAction","target":{"@type":"EntryPoint","urlTemplate":"https:\/\/www.visit-ulcinj.com\/blog\/?s={search_term_string}"},"query-input":"required name=search_term_string"}],"inLanguage":"en-US"},{"@type":"WebPage","@id":"https:\/\/www.visit-ulcinj.com\/blog\/wp-content\/uploads\/2013\/04\/Alert-te-shpetojm-Valdanosin.jpg#webpage","url":"https:\/\/www.visit-ulcinj.com\/blog\/wp-content\/uploads\/2013\/04\/Alert-te-shpetojm-Valdanosin.jpg","name":"Alert te shpetojm Valdanosin - Lajme nga Ulqini","isPartOf":{"@id":"https:\/\/www.visit-ulcinj.com\/blog\/#website"},"datePublished":"2013-04-12T13:18:33+00:00","dateModified":"2013-04-12T13:18:33+00:00","breadcrumb":{"@id":"https:\/\/www.visit-ulcinj.com\/blog\/wp-content\/uploads\/2013\/04\/Alert-te-shpetojm-Valdanosin.jpg#breadcrumb"},"inLanguage":"en-US","potentialAction":[{"@type":"ReadAction","target":["https:\/\/www.visit-ulcinj.com\/blog\/wp-content\/uploads\/2013\/04\/Alert-te-shpetojm-Valdanosin.jpg"]}]},{"@type":"BreadcrumbList","@id":"https:\/\/www.visit-ulcinj.com\/blog\/wp-content\/uploads\/2013\/04\/Alert-te-shpetojm-Valdanosin.jpg#breadcrumb","itemListElement":[{"@type":"ListItem","position":1,"name":"Karamanaga: Asgj\u00eb e re p\u00ebr Valdanos + Foto","item":"https:\/\/www.visit-ulcinj.com\/blog\/2013\/04\/12\/karamanaga-asgje-e-re-per-valdanos-foto\/"},{"@type":"ListItem","position":2,"name":"Alert te shpetojm Valdanosin"}]}]}},"jetpack_sharing_enabled":true,"jetpack_shortlink":"https:\/\/wp.me\/ae6lTn-ilM","description":{"rendered":"<p class=\"attachment\"><a href='https:\/\/www.visit-ulcinj.com\/blog\/wp-content\/uploads\/2013\/04\/Alert-te-shpetojm-Valdanosin.jpg'><img width=\"300\" height=\"225\" src=\"https:\/\/www.visit-ulcinj.com\/blog\/wp-content\/uploads\/2013\/04\/Alert-te-shpetojm-Valdanosin-300x225.jpg\" class=\"attachment-medium size-medium\" alt=\"\" loading=\"lazy\" srcset=\"https:\/\/www.visit-ulcinj.com\/blog\/wp-content\/uploads\/2013\/04\/Alert-te-shpetojm-Valdanosin-300x225.jpg 300w, https:\/\/www.visit-ulcinj.com\/blog\/wp-content\/uploads\/2013\/04\/Alert-te-shpetojm-Valdanosin.jpg 640w\" sizes=\"(max-width: 300px) 100vw, 300px\" \/><\/a><\/p>\n<p>ULCINJ \u2013 NVO Mogul organizovao je u \u010detvrtak u sali Centra za kulturu panel-diskusiju na temu \u201eSpasimo Valdanos \u2013 alert\u201c. Okupio se veliki broj predstavnika NVO i gra\u0111ana. Prikazan je sedmominutni film o stanju u maslinadi.<\/p>\n<p>Mustafa Canka je, u ime organizacije Mogul, rekao da je u interesu svih da Valdanos postane me\u0111unarodni ekolo\u0161ki centar, da bude uvr\u0161t\u0107en u za\u0161ti\u0107ena podru\u010dja Mediterana i u mre\u017eu \u201eNatura 2000\u201c.<\/p>\n<p>&#8211; S obzirom na zapu\u0161tenost maslinjaka i budu\u0107u viziju, kao i saznanje da je potro\u0161nja maslinovog ulja u stalnom porastu, nu\u017eno je da se taj kompleks \u0161to prije revitalizuje. To jedino mogu obaviti stvarni vlasnici! Oni za to imaju volje, znanja i spremnosti. Svi im moramo pomo\u0107i u nastavljanju vjekovne porodi\u010dne tradicije, a za to je mogu\u0107e obezbijediti znatna sredstva iz posebnih fondova EU i me\u0111unarodnih organizacija i institucija \u2013 rekao je Canka.<\/p>\n<p>Iz Mogula su na skupu poru\u010dili da ne prihvataju bilo kakvu mogu\u0107nost gradnje kompleksa u Valdanosu.<\/p>\n<p>A. \u017d.<\/p>\n<p>Izvor: Pobjeda<\/p>\n"},"caption":{"rendered":"<p>ULCINJ \u2013 NVO Mogul organizovao je u \u010detvrtak u sali Centra za kulturu panel-diskusiju na temu \u201eSpasimo Valdanos \u2013 alert\u201c. Okupio se veliki broj predstavnika NVO i gra\u0111ana. Prikazan je sedmominutni film o stanju u maslinadi. Mustafa Canka je, u ime organizacije Mogul, rekao da je u interesu svih da Valdanos postane me\u0111unarodni ekolo\u0161ki centar, [&hellip;]<\/p>\n"},"alt_text":"","media_type":"image","mime_type":"image\/jpeg","media_details":{"width":640,"height":480,"file":"2013\/04\/Alert-te-shpetojm-Valdanosin.jpg","sizes":{"thumbnail":{"file":"Alert-te-shpetojm-Valdanosin-150x150.jpg","width":150,"height":150,"mime_type":"image\/jpeg","source_url":"https:\/\/www.visit-ulcinj.com\/blog\/wp-content\/uploads\/2013\/04\/Alert-te-shpetojm-Valdanosin-150x150.jpg"},"medium":{"file":"Alert-te-shpetojm-Valdanosin-300x225.jpg","width":300,"height":225,"mime_type":"image\/jpeg","source_url":"https:\/\/www.visit-ulcinj.com\/blog\/wp-content\/uploads\/2013\/04\/Alert-te-shpetojm-Valdanosin-300x225.jpg"},"full":{"file":"Alert-te-shpetojm-Valdanosin.jpg","width":640,"height":480,"mime_type":"image\/jpeg","source_url":"https:\/\/www.visit-ulcinj.com\/blog\/wp-content\/uploads\/2013\/04\/Alert-te-shpetojm-Valdanosin.jpg"}},"image_meta":{"aperture":0,"credit":"","camera":"","caption":"","created_timestamp":0,"copyright":"","focal_length":0,"iso":0,"shutter_speed":0,"title":""}},"post":70539,"source_url":"https:\/\/www.visit-ulcinj.com\/blog\/wp-content\/uploads\/2013\/04\/Alert-te-shpetojm-Valdanosin.jpg","_links":{"self":[{"href":"https:\/\/www.visit-ulcinj.com\/blog\/wp-json\/wp\/v2\/media\/70542"}],"collection":[{"href":"https:\/\/www.visit-ulcinj.com\/blog\/wp-json\/wp\/v2\/media"}],"about":[{"href":"https:\/\/www.visit-ulcinj.com\/blog\/wp-json\/wp\/v2\/types\/attachment"}],"author":[{"embeddable":true,"href":"https:\/\/www.visit-ulcinj.com\/blog\/wp-json\/wp\/v2\/users\/1"}],"replies":[{"embeddable":true,"href":"https:\/\/www.visit-ulcinj.com\/blog\/wp-json\/wp\/v2\/comments?post=70542"}]}}

<!-- This site is optimized with the Yoast SEO plugin v19.1 - https://yoast.com/wordpress/plugins/seo/ -->
<title>Alert te shpetojm Valdanosin - Lajme nga Ulqini</title>
<meta name="robots" content="index, follow, max-snippet:-1, max-image-preview:large, max-video-preview:-1" />
<link rel="canonical" href="https://www.visit-ulcinj.com/blog/wp-content/uploads/2013/04/Alert-te-shpetojm-Valdanosin.jpg" />
<meta property="og:locale" content="en_US" />
<meta property="og:type" content="article" />
<meta property="og:title" content="Alert te shpetojm Valdanosin - Lajme nga Ulqini" />
<meta property="og:description" content="ULCINJ – NVO Mogul organizovao je u četvrtak u sali Centra za kulturu panel-diskusiju na temu „Spasimo Valdanos – alert“. Okupio se veliki broj predstavnika NVO i građana. Prikazan je sedmominutni film o stanju u maslinadi. Mustafa Canka je, u ime organizacije Mogul, rekao da je u interesu svih da Valdanos postane međunarodni ekološki centar, [&hellip;]" />
<meta property="og:url" content="https://www.visit-ulcinj.com/blog/wp-content/uploads/2013/04/Alert-te-shpetojm-Valdanosin.jpg" />
<meta property="og:site_name" content="Lajme nga Ulqini" />
<meta property="og:image" content="https://www.visit-ulcinj.com/blog/wp-content/uploads/2013/04/Alert-te-shpetojm-Valdanosin.jpg" />
	<meta property="og:image:width" content="640" />
	<meta property="og:image:height" content="480" />
	<meta property="og:image:type" content="image/jpeg" />
<meta name="twitter:label1" content="Est. reading time" />
	<meta name="twitter:data1" content="1 minute" />
<script type="application/ld+json" class="yoast-schema-graph">{"@context":"https://schema.org","@graph":[{"@type":"WebSite","@id":"https://www.visit-ulcinj.com/blog/#website","url":"https://www.visit-ulcinj.com/blog/","name":"Lajme nga Ulqini","description":"Lajme,Vijesti,Ulqini,Ulqin,Crna Gora,Mali i Zi","potentialAction":[{"@type":"SearchAction","target":{"@type":"EntryPoint","urlTemplate":"https://www.visit-ulcinj.com/blog/?s={search_term_string}"},"query-input":"required name=search_term_string"}],"inLanguage":"en-US"},{"@type":"WebPage","@id":"https://www.visit-ulcinj.com/blog/wp-content/uploads/2013/04/Alert-te-shpetojm-Valdanosin.jpg#webpage","url":"https://www.visit-ulcinj.com/blog/wp-content/uploads/2013/04/Alert-te-shpetojm-Valdanosin.jpg","name":"Alert te shpetojm Valdanosin - Lajme nga Ulqini","isPartOf":{"@id":"https://www.visit-ulcinj.com/blog/#website"},"datePublished":"2013-04-12T13:18:33+00:00","dateModified":"2013-04-12T13:18:33+00:00","breadcrumb":{"@id":"https://www.visit-ulcinj.com/blog/wp-content/uploads/2013/04/Alert-te-shpetojm-Valdanosin.jpg#breadcrumb"},"inLanguage":"en-US","potentialAction":[{"@type":"ReadAction","target":["https://www.visit-ulcinj.com/blog/wp-content/uploads/2013/04/Alert-te-shpetojm-Valdanosin.jpg"]}]},{"@type":"BreadcrumbList","@id":"https://www.visit-ulcinj.com/blog/wp-content/uploads/2013/04/Alert-te-shpetojm-Valdanosin.jpg#breadcrumb","itemListElement":[{"@type":"ListItem","position":1,"name":"Karamanaga: Asgjë e re për Valdanos + Foto","item":"https://www.visit-ulcinj.com/blog/2013/04/12/karamanaga-asgje-e-re-per-valdanos-foto/"},{"@type":"ListItem","position":2,"name":"Alert te shpetojm Valdanosin"}]}]}</script>
<!-- / Yoast SEO plugin. -->

ULCINJ – NVO Mogul organizovao je u četvrtak u sali Centra za kulturu panel-diskusiju na temu „Spasimo Valdanos – alert“. Okupio se veliki broj predstavnika NVO i građana. Prikazan je sedmominutni film o stanju u maslinadi. Mustafa Canka je, u ime organizacije Mogul, rekao da je u interesu svih da Valdanos postane međunarodni ekološki centar, [&hellip;]

Karamanaga: Asgjë e re për Valdanos + Foto

<p class="attachment"><a href='https://www.visit-ulcinj.com/blog/wp-content/uploads/2013/04/Alert-te-shpetojm-Valdanosin.jpg'><img width="300" height="225" src="https://www.visit-ulcinj.com/blog/wp-content/uploads/2013/04/Alert-te-shpetojm-Valdanosin-300x225.jpg" class="attachment-medium size-medium" alt="" loading="lazy" srcset="https://www.visit-ulcinj.com/blog/wp-content/uploads/2013/04/Alert-te-shpetojm-Valdanosin-300x225.jpg 300w, https://www.visit-ulcinj.com/blog/wp-content/uploads/2013/04/Alert-te-shpetojm-Valdanosin.jpg 640w" sizes="(max-width: 300px) 100vw, 300px" /></a></p>
<p>ULCINJ – NVO Mogul organizovao je u četvrtak u sali Centra za kulturu panel-diskusiju na temu „Spasimo Valdanos – alert“. Okupio se veliki broj predstavnika NVO i građana. Prikazan je sedmominutni film o stanju u maslinadi.</p>
<p>Mustafa Canka je, u ime organizacije Mogul, rekao da je u interesu svih da Valdanos postane međunarodni ekološki centar, da bude uvrštćen u zaštićena područja Mediterana i u mrežu „Natura 2000“.</p>
<p>&#8211; S obzirom na zapuštenost maslinjaka i buduću viziju, kao i saznanje da je potrošnja maslinovog ulja u stalnom porastu, nužno je da se taj kompleks što prije revitalizuje. To jedino mogu obaviti stvarni vlasnici! Oni za to imaju volje, znanja i spremnosti. Svi im moramo pomoći u nastavljanju vjekovne porodične tradicije, a za to je moguće obezbijediti znatna sredstva iz posebnih fondova EU i međunarodnih organizacija i institucija – rekao je Canka.</p>
<p>Iz Mogula su na skupu poručili da ne prihvataju bilo kakvu mogućnost gradnje kompleksa u Valdanosu.</p>
<p>A. Ž.</p>
<p>Izvor: Pobjeda</p>

<p>ULCINJ – NVO Mogul organizovao je u četvrtak u sali Centra za kulturu panel-diskusiju na temu „Spasimo Valdanos – alert“. Okupio se veliki broj predstavnika NVO i građana. Prikazan je sedmominutni film o stanju u maslinadi. Mustafa Canka je, u ime organizacije Mogul, rekao da je u interesu svih da Valdanos postane međunarodni ekološki centar, [&hellip;]</p>
