{"id":71109,"date":"2013-05-06T19:23:30","date_gmt":"2013-05-06T18:23:30","guid":{"rendered":"http:\/\/www.visit-ulcinj.com\/blog\/wp-content\/uploads\/2013\/05\/Kanjoni-i-Megjurecit.5.jpg"},"modified":"2013-05-06T19:23:30","modified_gmt":"2013-05-06T18:23:30","slug":"kanjoni-i-megjurecit-5","status":"inherit","type":"attachment","link":"https:\/\/www.visit-ulcinj.com\/blog\/2013\/05\/06\/shoqata-e-bjeshkatareve-rumia-organizon-viziten-ne-kanjonin-e-megjurecit-video\/kanjoni-i-megjurecit-5\/","title":{"rendered":"Kanjoni i Megjurecit.5"},"author":1,"comment_status":"open","ping_status":"closed","template":"","meta":{"spay_email":""},"yoast_head":"<!-- This site is optimized with the Yoast SEO plugin v19.1 - https:\/\/yoast.com\/wordpress\/plugins\/seo\/ -->\n<title>Kanjoni i Megjurecit.5 - Lajme nga Ulqini<\/title>\n<meta name=\"robots\" content=\"index, follow, max-snippet:-1, max-image-preview:large, max-video-preview:-1\" \/>\n<link rel=\"canonical\" href=\"https:\/\/www.visit-ulcinj.com\/blog\/wp-content\/uploads\/2013\/05\/Kanjoni-i-Megjurecit.5.jpg\" \/>\n<meta property=\"og:locale\" content=\"en_US\" \/>\n<meta property=\"og:type\" content=\"article\" \/>\n<meta property=\"og:title\" content=\"Kanjoni i Megjurecit.5 - Lajme nga Ulqini\" \/>\n<meta property=\"og:url\" content=\"https:\/\/www.visit-ulcinj.com\/blog\/wp-content\/uploads\/2013\/05\/Kanjoni-i-Megjurecit.5.jpg\" \/>\n<meta property=\"og:site_name\" content=\"Lajme nga Ulqini\" \/>\n<meta property=\"og:image\" content=\"https:\/\/www.visit-ulcinj.com\/blog\/wp-content\/uploads\/2013\/05\/Kanjoni-i-Megjurecit.5.jpg\" \/>\n\t<meta property=\"og:image:width\" content=\"768\" \/>\n\t<meta property=\"og:image:height\" content=\"1024\" \/>\n\t<meta property=\"og:image:type\" content=\"image\/jpeg\" \/>\n<script type=\"application\/ld+json\" class=\"yoast-schema-graph\">{\"@context\":\"https:\/\/schema.org\",\"@graph\":[{\"@type\":\"WebSite\",\"@id\":\"https:\/\/www.visit-ulcinj.com\/blog\/#website\",\"url\":\"https:\/\/www.visit-ulcinj.com\/blog\/\",\"name\":\"Lajme nga Ulqini\",\"description\":\"Lajme,Vijesti,Ulqini,Ulqin,Crna Gora,Mali i Zi\",\"potentialAction\":[{\"@type\":\"SearchAction\",\"target\":{\"@type\":\"EntryPoint\",\"urlTemplate\":\"https:\/\/www.visit-ulcinj.com\/blog\/?s={search_term_string}\"},\"query-input\":\"required name=search_term_string\"}],\"inLanguage\":\"en-US\"},{\"@type\":\"WebPage\",\"@id\":\"https:\/\/www.visit-ulcinj.com\/blog\/wp-content\/uploads\/2013\/05\/Kanjoni-i-Megjurecit.5.jpg#webpage\",\"url\":\"https:\/\/www.visit-ulcinj.com\/blog\/wp-content\/uploads\/2013\/05\/Kanjoni-i-Megjurecit.5.jpg\",\"name\":\"Kanjoni i Megjurecit.5 - Lajme nga Ulqini\",\"isPartOf\":{\"@id\":\"https:\/\/www.visit-ulcinj.com\/blog\/#website\"},\"datePublished\":\"2013-05-06T18:23:30+00:00\",\"dateModified\":\"2013-05-06T18:23:30+00:00\",\"breadcrumb\":{\"@id\":\"https:\/\/www.visit-ulcinj.com\/blog\/wp-content\/uploads\/2013\/05\/Kanjoni-i-Megjurecit.5.jpg#breadcrumb\"},\"inLanguage\":\"en-US\",\"potentialAction\":[{\"@type\":\"ReadAction\",\"target\":[\"https:\/\/www.visit-ulcinj.com\/blog\/wp-content\/uploads\/2013\/05\/Kanjoni-i-Megjurecit.5.jpg\"]}]},{\"@type\":\"BreadcrumbList\",\"@id\":\"https:\/\/www.visit-ulcinj.com\/blog\/wp-content\/uploads\/2013\/05\/Kanjoni-i-Megjurecit.5.jpg#breadcrumb\",\"itemListElement\":[{\"@type\":\"ListItem\",\"position\":1,\"name\":\"Shoqata e bjeshkatar\u00ebve &#8220;RUMIA&#8221; organizon vizit\u00ebn n\u00eb Kanjonin e Megjure\u00e7it &#8211; Video\",\"item\":\"https:\/\/www.visit-ulcinj.com\/blog\/2013\/05\/06\/shoqata-e-bjeshkatareve-rumia-organizon-viziten-ne-kanjonin-e-megjurecit-video\/\"},{\"@type\":\"ListItem\",\"position\":2,\"name\":\"Kanjoni i Megjurecit.5\"}]}]}<\/script>\n<!-- \/ Yoast SEO plugin. -->","yoast_head_json":{"title":"Kanjoni i Megjurecit.5 - Lajme nga Ulqini","robots":{"index":"index","follow":"follow","max-snippet":"max-snippet:-1","max-image-preview":"max-image-preview:large","max-video-preview":"max-video-preview:-1"},"canonical":"https:\/\/www.visit-ulcinj.com\/blog\/wp-content\/uploads\/2013\/05\/Kanjoni-i-Megjurecit.5.jpg","og_locale":"en_US","og_type":"article","og_title":"Kanjoni i Megjurecit.5 - Lajme nga Ulqini","og_url":"https:\/\/www.visit-ulcinj.com\/blog\/wp-content\/uploads\/2013\/05\/Kanjoni-i-Megjurecit.5.jpg","og_site_name":"Lajme nga Ulqini","og_image":[{"width":768,"height":1024,"url":"https:\/\/www.visit-ulcinj.com\/blog\/wp-content\/uploads\/2013\/05\/Kanjoni-i-Megjurecit.5.jpg","type":"image\/jpeg"}],"schema":{"@context":"https:\/\/schema.org","@graph":[{"@type":"WebSite","@id":"https:\/\/www.visit-ulcinj.com\/blog\/#website","url":"https:\/\/www.visit-ulcinj.com\/blog\/","name":"Lajme nga Ulqini","description":"Lajme,Vijesti,Ulqini,Ulqin,Crna Gora,Mali i Zi","potentialAction":[{"@type":"SearchAction","target":{"@type":"EntryPoint","urlTemplate":"https:\/\/www.visit-ulcinj.com\/blog\/?s={search_term_string}"},"query-input":"required name=search_term_string"}],"inLanguage":"en-US"},{"@type":"WebPage","@id":"https:\/\/www.visit-ulcinj.com\/blog\/wp-content\/uploads\/2013\/05\/Kanjoni-i-Megjurecit.5.jpg#webpage","url":"https:\/\/www.visit-ulcinj.com\/blog\/wp-content\/uploads\/2013\/05\/Kanjoni-i-Megjurecit.5.jpg","name":"Kanjoni i Megjurecit.5 - Lajme nga Ulqini","isPartOf":{"@id":"https:\/\/www.visit-ulcinj.com\/blog\/#website"},"datePublished":"2013-05-06T18:23:30+00:00","dateModified":"2013-05-06T18:23:30+00:00","breadcrumb":{"@id":"https:\/\/www.visit-ulcinj.com\/blog\/wp-content\/uploads\/2013\/05\/Kanjoni-i-Megjurecit.5.jpg#breadcrumb"},"inLanguage":"en-US","potentialAction":[{"@type":"ReadAction","target":["https:\/\/www.visit-ulcinj.com\/blog\/wp-content\/uploads\/2013\/05\/Kanjoni-i-Megjurecit.5.jpg"]}]},{"@type":"BreadcrumbList","@id":"https:\/\/www.visit-ulcinj.com\/blog\/wp-content\/uploads\/2013\/05\/Kanjoni-i-Megjurecit.5.jpg#breadcrumb","itemListElement":[{"@type":"ListItem","position":1,"name":"Shoqata e bjeshkatar\u00ebve &#8220;RUMIA&#8221; organizon vizit\u00ebn n\u00eb Kanjonin e Megjure\u00e7it &#8211; Video","item":"https:\/\/www.visit-ulcinj.com\/blog\/2013\/05\/06\/shoqata-e-bjeshkatareve-rumia-organizon-viziten-ne-kanjonin-e-megjurecit-video\/"},{"@type":"ListItem","position":2,"name":"Kanjoni i Megjurecit.5"}]}]}},"jetpack_sharing_enabled":true,"jetpack_shortlink":"https:\/\/wp.me\/ae6lTn-iuV","description":{"rendered":"<p class=\"attachment\"><a href='https:\/\/www.visit-ulcinj.com\/blog\/wp-content\/uploads\/2013\/05\/Kanjoni-i-Megjurecit.5.jpg'><img width=\"225\" height=\"300\" src=\"https:\/\/www.visit-ulcinj.com\/blog\/wp-content\/uploads\/2013\/05\/Kanjoni-i-Megjurecit.5-225x300.jpg\" class=\"attachment-medium size-medium\" alt=\"\" loading=\"lazy\" srcset=\"https:\/\/www.visit-ulcinj.com\/blog\/wp-content\/uploads\/2013\/05\/Kanjoni-i-Megjurecit.5-225x300.jpg 225w, https:\/\/www.visit-ulcinj.com\/blog\/wp-content\/uploads\/2013\/05\/Kanjoni-i-Megjurecit.5.jpg 768w\" sizes=\"(max-width: 225px) 100vw, 225px\" \/><\/a><\/p>\n"},"caption":{"rendered":""},"alt_text":"","media_type":"image","mime_type":"image\/jpeg","media_details":{"width":768,"height":1024,"file":"2013\/05\/Kanjoni-i-Megjurecit.5.jpg","sizes":{"thumbnail":{"file":"Kanjoni-i-Megjurecit.5-150x150.jpg","width":150,"height":150,"mime_type":"image\/jpeg","source_url":"https:\/\/www.visit-ulcinj.com\/blog\/wp-content\/uploads\/2013\/05\/Kanjoni-i-Megjurecit.5-150x150.jpg"},"medium":{"file":"Kanjoni-i-Megjurecit.5-225x300.jpg","width":225,"height":300,"mime_type":"image\/jpeg","source_url":"https:\/\/www.visit-ulcinj.com\/blog\/wp-content\/uploads\/2013\/05\/Kanjoni-i-Megjurecit.5-225x300.jpg"},"full":{"file":"Kanjoni-i-Megjurecit.5.jpg","width":768,"height":1024,"mime_type":"image\/jpeg","source_url":"https:\/\/www.visit-ulcinj.com\/blog\/wp-content\/uploads\/2013\/05\/Kanjoni-i-Megjurecit.5.jpg"}},"image_meta":{"aperture":0,"credit":"","camera":"","caption":"","created_timestamp":0,"copyright":"","focal_length":0,"iso":0,"shutter_speed":0,"title":""}},"post":71105,"source_url":"https:\/\/www.visit-ulcinj.com\/blog\/wp-content\/uploads\/2013\/05\/Kanjoni-i-Megjurecit.5.jpg","_links":{"self":[{"href":"https:\/\/www.visit-ulcinj.com\/blog\/wp-json\/wp\/v2\/media\/71109"}],"collection":[{"href":"https:\/\/www.visit-ulcinj.com\/blog\/wp-json\/wp\/v2\/media"}],"about":[{"href":"https:\/\/www.visit-ulcinj.com\/blog\/wp-json\/wp\/v2\/types\/attachment"}],"author":[{"embeddable":true,"href":"https:\/\/www.visit-ulcinj.com\/blog\/wp-json\/wp\/v2\/users\/1"}],"replies":[{"embeddable":true,"href":"https:\/\/www.visit-ulcinj.com\/blog\/wp-json\/wp\/v2\/comments?post=71109"}]}}

<!-- This site is optimized with the Yoast SEO plugin v19.1 - https://yoast.com/wordpress/plugins/seo/ -->
<title>Kanjoni i Megjurecit.5 - Lajme nga Ulqini</title>
<meta name="robots" content="index, follow, max-snippet:-1, max-image-preview:large, max-video-preview:-1" />
<link rel="canonical" href="https://www.visit-ulcinj.com/blog/wp-content/uploads/2013/05/Kanjoni-i-Megjurecit.5.jpg" />
<meta property="og:locale" content="en_US" />
<meta property="og:type" content="article" />
<meta property="og:title" content="Kanjoni i Megjurecit.5 - Lajme nga Ulqini" />
<meta property="og:url" content="https://www.visit-ulcinj.com/blog/wp-content/uploads/2013/05/Kanjoni-i-Megjurecit.5.jpg" />
<meta property="og:site_name" content="Lajme nga Ulqini" />
<meta property="og:image" content="https://www.visit-ulcinj.com/blog/wp-content/uploads/2013/05/Kanjoni-i-Megjurecit.5.jpg" />
	<meta property="og:image:width" content="768" />
	<meta property="og:image:height" content="1024" />
	<meta property="og:image:type" content="image/jpeg" />
<script type="application/ld+json" class="yoast-schema-graph">{"@context":"https://schema.org","@graph":[{"@type":"WebSite","@id":"https://www.visit-ulcinj.com/blog/#website","url":"https://www.visit-ulcinj.com/blog/","name":"Lajme nga Ulqini","description":"Lajme,Vijesti,Ulqini,Ulqin,Crna Gora,Mali i Zi","potentialAction":[{"@type":"SearchAction","target":{"@type":"EntryPoint","urlTemplate":"https://www.visit-ulcinj.com/blog/?s={search_term_string}"},"query-input":"required name=search_term_string"}],"inLanguage":"en-US"},{"@type":"WebPage","@id":"https://www.visit-ulcinj.com/blog/wp-content/uploads/2013/05/Kanjoni-i-Megjurecit.5.jpg#webpage","url":"https://www.visit-ulcinj.com/blog/wp-content/uploads/2013/05/Kanjoni-i-Megjurecit.5.jpg","name":"Kanjoni i Megjurecit.5 - Lajme nga Ulqini","isPartOf":{"@id":"https://www.visit-ulcinj.com/blog/#website"},"datePublished":"2013-05-06T18:23:30+00:00","dateModified":"2013-05-06T18:23:30+00:00","breadcrumb":{"@id":"https://www.visit-ulcinj.com/blog/wp-content/uploads/2013/05/Kanjoni-i-Megjurecit.5.jpg#breadcrumb"},"inLanguage":"en-US","potentialAction":[{"@type":"ReadAction","target":["https://www.visit-ulcinj.com/blog/wp-content/uploads/2013/05/Kanjoni-i-Megjurecit.5.jpg"]}]},{"@type":"BreadcrumbList","@id":"https://www.visit-ulcinj.com/blog/wp-content/uploads/2013/05/Kanjoni-i-Megjurecit.5.jpg#breadcrumb","itemListElement":[{"@type":"ListItem","position":1,"name":"Shoqata e bjeshkatarëve &#8220;RUMIA&#8221; organizon vizitën në Kanjonin e Megjureçit &#8211; Video","item":"https://www.visit-ulcinj.com/blog/2013/05/06/shoqata-e-bjeshkatareve-rumia-organizon-viziten-ne-kanjonin-e-megjurecit-video/"},{"@type":"ListItem","position":2,"name":"Kanjoni i Megjurecit.5"}]}]}</script>
<!-- / Yoast SEO plugin. -->

Shoqata e bjeshkatarëve &#8220;RUMIA&#8221; organizon vizitën në Kanjonin e Megjureçit &#8211; Video
