{"id":76146,"date":"2013-11-13T08:35:37","date_gmt":"2013-11-13T07:35:37","guid":{"rendered":"http:\/\/www.visit-ulcinj.com\/blog\/wp-content\/uploads\/2013\/11\/Paula-D.-Royster-Africans-of-Ulcinj-1.jpg"},"modified":"2013-11-13T08:35:37","modified_gmt":"2013-11-13T07:35:37","slug":"paula-d-royster-africans-of-ulcinj-1","status":"inherit","type":"attachment","link":"https:\/\/www.visit-ulcinj.com\/blog\/2013\/11\/13\/paula-d-royster-takohet-anetaret-e-familjeve-afrikane-ne-ulqin\/paula-d-royster-africans-of-ulcinj-1\/","title":{"rendered":"Paula D. Royster-Africans of Ulcinj-1"},"author":1,"comment_status":"closed","ping_status":"closed","template":"","meta":{"spay_email":""},"yoast_head":"<!-- This site is optimized with the Yoast SEO plugin v19.1 - https:\/\/yoast.com\/wordpress\/plugins\/seo\/ -->\n<title>Paula D. Royster-Africans of Ulcinj-1 - Lajme nga Ulqini<\/title>\n<meta name=\"robots\" content=\"index, follow, max-snippet:-1, max-image-preview:large, max-video-preview:-1\" \/>\n<link rel=\"canonical\" href=\"https:\/\/www.visit-ulcinj.com\/blog\/wp-content\/uploads\/2013\/11\/Paula-D.-Royster-Africans-of-Ulcinj-1.jpg\" \/>\n<meta property=\"og:locale\" content=\"en_US\" \/>\n<meta property=\"og:type\" content=\"article\" \/>\n<meta property=\"og:title\" content=\"Paula D. Royster-Africans of Ulcinj-1 - Lajme nga Ulqini\" \/>\n<meta property=\"og:url\" content=\"https:\/\/www.visit-ulcinj.com\/blog\/wp-content\/uploads\/2013\/11\/Paula-D.-Royster-Africans-of-Ulcinj-1.jpg\" \/>\n<meta property=\"og:site_name\" content=\"Lajme nga Ulqini\" \/>\n<meta property=\"og:image\" content=\"https:\/\/www.visit-ulcinj.com\/blog\/wp-content\/uploads\/2013\/11\/Paula-D.-Royster-Africans-of-Ulcinj-1.jpg\" \/>\n\t<meta property=\"og:image:width\" content=\"960\" \/>\n\t<meta property=\"og:image:height\" content=\"575\" \/>\n\t<meta property=\"og:image:type\" content=\"image\/jpeg\" \/>\n<script type=\"application\/ld+json\" class=\"yoast-schema-graph\">{\"@context\":\"https:\/\/schema.org\",\"@graph\":[{\"@type\":\"WebSite\",\"@id\":\"https:\/\/www.visit-ulcinj.com\/blog\/#website\",\"url\":\"https:\/\/www.visit-ulcinj.com\/blog\/\",\"name\":\"Lajme nga Ulqini\",\"description\":\"Lajme,Vijesti,Ulqini,Ulqin,Crna Gora,Mali i Zi\",\"potentialAction\":[{\"@type\":\"SearchAction\",\"target\":{\"@type\":\"EntryPoint\",\"urlTemplate\":\"https:\/\/www.visit-ulcinj.com\/blog\/?s={search_term_string}\"},\"query-input\":\"required name=search_term_string\"}],\"inLanguage\":\"en-US\"},{\"@type\":\"WebPage\",\"@id\":\"https:\/\/www.visit-ulcinj.com\/blog\/wp-content\/uploads\/2013\/11\/Paula-D.-Royster-Africans-of-Ulcinj-1.jpg#webpage\",\"url\":\"https:\/\/www.visit-ulcinj.com\/blog\/wp-content\/uploads\/2013\/11\/Paula-D.-Royster-Africans-of-Ulcinj-1.jpg\",\"name\":\"Paula D. Royster-Africans of Ulcinj-1 - Lajme nga Ulqini\",\"isPartOf\":{\"@id\":\"https:\/\/www.visit-ulcinj.com\/blog\/#website\"},\"datePublished\":\"2013-11-13T07:35:37+00:00\",\"dateModified\":\"2013-11-13T07:35:37+00:00\",\"breadcrumb\":{\"@id\":\"https:\/\/www.visit-ulcinj.com\/blog\/wp-content\/uploads\/2013\/11\/Paula-D.-Royster-Africans-of-Ulcinj-1.jpg#breadcrumb\"},\"inLanguage\":\"en-US\",\"potentialAction\":[{\"@type\":\"ReadAction\",\"target\":[\"https:\/\/www.visit-ulcinj.com\/blog\/wp-content\/uploads\/2013\/11\/Paula-D.-Royster-Africans-of-Ulcinj-1.jpg\"]}]},{\"@type\":\"BreadcrumbList\",\"@id\":\"https:\/\/www.visit-ulcinj.com\/blog\/wp-content\/uploads\/2013\/11\/Paula-D.-Royster-Africans-of-Ulcinj-1.jpg#breadcrumb\",\"itemListElement\":[{\"@type\":\"ListItem\",\"position\":1,\"name\":\"Paula D. Royster takohet me an\u00ebtar\u00ebt e familjeve afrikane n\u00eb Ulqin + Foto\",\"item\":\"https:\/\/www.visit-ulcinj.com\/blog\/2013\/11\/13\/paula-d-royster-takohet-anetaret-e-familjeve-afrikane-ne-ulqin\/\"},{\"@type\":\"ListItem\",\"position\":2,\"name\":\"Paula D. Royster-Africans of Ulcinj-1\"}]}]}<\/script>\n<!-- \/ Yoast SEO plugin. -->","yoast_head_json":{"title":"Paula D. Royster-Africans of Ulcinj-1 - Lajme nga Ulqini","robots":{"index":"index","follow":"follow","max-snippet":"max-snippet:-1","max-image-preview":"max-image-preview:large","max-video-preview":"max-video-preview:-1"},"canonical":"https:\/\/www.visit-ulcinj.com\/blog\/wp-content\/uploads\/2013\/11\/Paula-D.-Royster-Africans-of-Ulcinj-1.jpg","og_locale":"en_US","og_type":"article","og_title":"Paula D. Royster-Africans of Ulcinj-1 - Lajme nga Ulqini","og_url":"https:\/\/www.visit-ulcinj.com\/blog\/wp-content\/uploads\/2013\/11\/Paula-D.-Royster-Africans-of-Ulcinj-1.jpg","og_site_name":"Lajme nga Ulqini","og_image":[{"width":960,"height":575,"url":"https:\/\/www.visit-ulcinj.com\/blog\/wp-content\/uploads\/2013\/11\/Paula-D.-Royster-Africans-of-Ulcinj-1.jpg","type":"image\/jpeg"}],"schema":{"@context":"https:\/\/schema.org","@graph":[{"@type":"WebSite","@id":"https:\/\/www.visit-ulcinj.com\/blog\/#website","url":"https:\/\/www.visit-ulcinj.com\/blog\/","name":"Lajme nga Ulqini","description":"Lajme,Vijesti,Ulqini,Ulqin,Crna Gora,Mali i Zi","potentialAction":[{"@type":"SearchAction","target":{"@type":"EntryPoint","urlTemplate":"https:\/\/www.visit-ulcinj.com\/blog\/?s={search_term_string}"},"query-input":"required name=search_term_string"}],"inLanguage":"en-US"},{"@type":"WebPage","@id":"https:\/\/www.visit-ulcinj.com\/blog\/wp-content\/uploads\/2013\/11\/Paula-D.-Royster-Africans-of-Ulcinj-1.jpg#webpage","url":"https:\/\/www.visit-ulcinj.com\/blog\/wp-content\/uploads\/2013\/11\/Paula-D.-Royster-Africans-of-Ulcinj-1.jpg","name":"Paula D. Royster-Africans of Ulcinj-1 - Lajme nga Ulqini","isPartOf":{"@id":"https:\/\/www.visit-ulcinj.com\/blog\/#website"},"datePublished":"2013-11-13T07:35:37+00:00","dateModified":"2013-11-13T07:35:37+00:00","breadcrumb":{"@id":"https:\/\/www.visit-ulcinj.com\/blog\/wp-content\/uploads\/2013\/11\/Paula-D.-Royster-Africans-of-Ulcinj-1.jpg#breadcrumb"},"inLanguage":"en-US","potentialAction":[{"@type":"ReadAction","target":["https:\/\/www.visit-ulcinj.com\/blog\/wp-content\/uploads\/2013\/11\/Paula-D.-Royster-Africans-of-Ulcinj-1.jpg"]}]},{"@type":"BreadcrumbList","@id":"https:\/\/www.visit-ulcinj.com\/blog\/wp-content\/uploads\/2013\/11\/Paula-D.-Royster-Africans-of-Ulcinj-1.jpg#breadcrumb","itemListElement":[{"@type":"ListItem","position":1,"name":"Paula D. Royster takohet me an\u00ebtar\u00ebt e familjeve afrikane n\u00eb Ulqin + Foto","item":"https:\/\/www.visit-ulcinj.com\/blog\/2013\/11\/13\/paula-d-royster-takohet-anetaret-e-familjeve-afrikane-ne-ulqin\/"},{"@type":"ListItem","position":2,"name":"Paula D. Royster-Africans of Ulcinj-1"}]}]}},"jetpack_sharing_enabled":true,"jetpack_shortlink":"https:\/\/wp.me\/ae6lTn-jOa","description":{"rendered":"<p class=\"attachment\"><a href='https:\/\/www.visit-ulcinj.com\/blog\/wp-content\/uploads\/2013\/11\/Paula-D.-Royster-Africans-of-Ulcinj-1.jpg'><img width=\"300\" height=\"179\" src=\"https:\/\/www.visit-ulcinj.com\/blog\/wp-content\/uploads\/2013\/11\/Paula-D.-Royster-Africans-of-Ulcinj-1-300x179.jpg\" class=\"attachment-medium size-medium\" alt=\"\" loading=\"lazy\" srcset=\"https:\/\/www.visit-ulcinj.com\/blog\/wp-content\/uploads\/2013\/11\/Paula-D.-Royster-Africans-of-Ulcinj-1-300x179.jpg 300w, https:\/\/www.visit-ulcinj.com\/blog\/wp-content\/uploads\/2013\/11\/Paula-D.-Royster-Africans-of-Ulcinj-1.jpg 960w\" sizes=\"(max-width: 300px) 100vw, 300px\" \/><\/a><\/p>\n"},"caption":{"rendered":""},"alt_text":"","media_type":"image","mime_type":"image\/jpeg","media_details":{"width":960,"height":575,"file":"2013\/11\/Paula-D.-Royster-Africans-of-Ulcinj-1.jpg","sizes":{"thumbnail":{"file":"Paula-D.-Royster-Africans-of-Ulcinj-1-150x150.jpg","width":150,"height":150,"mime_type":"image\/jpeg","source_url":"https:\/\/www.visit-ulcinj.com\/blog\/wp-content\/uploads\/2013\/11\/Paula-D.-Royster-Africans-of-Ulcinj-1-150x150.jpg"},"medium":{"file":"Paula-D.-Royster-Africans-of-Ulcinj-1-300x179.jpg","width":300,"height":179,"mime_type":"image\/jpeg","source_url":"https:\/\/www.visit-ulcinj.com\/blog\/wp-content\/uploads\/2013\/11\/Paula-D.-Royster-Africans-of-Ulcinj-1-300x179.jpg"},"wp_rp_thumbnail":{"file":"Paula-D.-Royster-Africans-of-Ulcinj-1-150x150.jpg","width":150,"height":150,"mime_type":"image\/jpeg","source_url":"https:\/\/www.visit-ulcinj.com\/blog\/wp-content\/uploads\/2013\/11\/Paula-D.-Royster-Africans-of-Ulcinj-1-150x150.jpg"},"full":{"file":"Paula-D.-Royster-Africans-of-Ulcinj-1.jpg","width":960,"height":575,"mime_type":"image\/jpeg","source_url":"https:\/\/www.visit-ulcinj.com\/blog\/wp-content\/uploads\/2013\/11\/Paula-D.-Royster-Africans-of-Ulcinj-1.jpg"}},"image_meta":{"aperture":0,"credit":"","camera":"","caption":"","created_timestamp":0,"copyright":"","focal_length":0,"iso":0,"shutter_speed":0,"title":""}},"post":76143,"source_url":"https:\/\/www.visit-ulcinj.com\/blog\/wp-content\/uploads\/2013\/11\/Paula-D.-Royster-Africans-of-Ulcinj-1.jpg","_links":{"self":[{"href":"https:\/\/www.visit-ulcinj.com\/blog\/wp-json\/wp\/v2\/media\/76146"}],"collection":[{"href":"https:\/\/www.visit-ulcinj.com\/blog\/wp-json\/wp\/v2\/media"}],"about":[{"href":"https:\/\/www.visit-ulcinj.com\/blog\/wp-json\/wp\/v2\/types\/attachment"}],"author":[{"embeddable":true,"href":"https:\/\/www.visit-ulcinj.com\/blog\/wp-json\/wp\/v2\/users\/1"}],"replies":[{"embeddable":true,"href":"https:\/\/www.visit-ulcinj.com\/blog\/wp-json\/wp\/v2\/comments?post=76146"}]}}

<!-- This site is optimized with the Yoast SEO plugin v19.1 - https://yoast.com/wordpress/plugins/seo/ -->
<title>Paula D. Royster-Africans of Ulcinj-1 - Lajme nga Ulqini</title>
<meta name="robots" content="index, follow, max-snippet:-1, max-image-preview:large, max-video-preview:-1" />
<link rel="canonical" href="https://www.visit-ulcinj.com/blog/wp-content/uploads/2013/11/Paula-D.-Royster-Africans-of-Ulcinj-1.jpg" />
<meta property="og:locale" content="en_US" />
<meta property="og:type" content="article" />
<meta property="og:title" content="Paula D. Royster-Africans of Ulcinj-1 - Lajme nga Ulqini" />
<meta property="og:url" content="https://www.visit-ulcinj.com/blog/wp-content/uploads/2013/11/Paula-D.-Royster-Africans-of-Ulcinj-1.jpg" />
<meta property="og:site_name" content="Lajme nga Ulqini" />
<meta property="og:image" content="https://www.visit-ulcinj.com/blog/wp-content/uploads/2013/11/Paula-D.-Royster-Africans-of-Ulcinj-1.jpg" />
	<meta property="og:image:width" content="960" />
	<meta property="og:image:height" content="575" />
	<meta property="og:image:type" content="image/jpeg" />
<script type="application/ld+json" class="yoast-schema-graph">{"@context":"https://schema.org","@graph":[{"@type":"WebSite","@id":"https://www.visit-ulcinj.com/blog/#website","url":"https://www.visit-ulcinj.com/blog/","name":"Lajme nga Ulqini","description":"Lajme,Vijesti,Ulqini,Ulqin,Crna Gora,Mali i Zi","potentialAction":[{"@type":"SearchAction","target":{"@type":"EntryPoint","urlTemplate":"https://www.visit-ulcinj.com/blog/?s={search_term_string}"},"query-input":"required name=search_term_string"}],"inLanguage":"en-US"},{"@type":"WebPage","@id":"https://www.visit-ulcinj.com/blog/wp-content/uploads/2013/11/Paula-D.-Royster-Africans-of-Ulcinj-1.jpg#webpage","url":"https://www.visit-ulcinj.com/blog/wp-content/uploads/2013/11/Paula-D.-Royster-Africans-of-Ulcinj-1.jpg","name":"Paula D. Royster-Africans of Ulcinj-1 - Lajme nga Ulqini","isPartOf":{"@id":"https://www.visit-ulcinj.com/blog/#website"},"datePublished":"2013-11-13T07:35:37+00:00","dateModified":"2013-11-13T07:35:37+00:00","breadcrumb":{"@id":"https://www.visit-ulcinj.com/blog/wp-content/uploads/2013/11/Paula-D.-Royster-Africans-of-Ulcinj-1.jpg#breadcrumb"},"inLanguage":"en-US","potentialAction":[{"@type":"ReadAction","target":["https://www.visit-ulcinj.com/blog/wp-content/uploads/2013/11/Paula-D.-Royster-Africans-of-Ulcinj-1.jpg"]}]},{"@type":"BreadcrumbList","@id":"https://www.visit-ulcinj.com/blog/wp-content/uploads/2013/11/Paula-D.-Royster-Africans-of-Ulcinj-1.jpg#breadcrumb","itemListElement":[{"@type":"ListItem","position":1,"name":"Paula D. Royster takohet me anëtarët e familjeve afrikane në Ulqin + Foto","item":"https://www.visit-ulcinj.com/blog/2013/11/13/paula-d-royster-takohet-anetaret-e-familjeve-afrikane-ne-ulqin/"},{"@type":"ListItem","position":2,"name":"Paula D. Royster-Africans of Ulcinj-1"}]}]}</script>
<!-- / Yoast SEO plugin. -->

Paula D. Royster takohet me anëtarët e familjeve afrikane në Ulqin + Foto
