{"id":89479,"date":"2015-03-20T07:04:24","date_gmt":"2015-03-20T06:04:24","guid":{"rendered":"http:\/\/www.visit-ulcinj.com\/blog\/wp-content\/uploads\/2015\/03\/Aksion-humanitar-Bereqetit-familja-Islami-Mille-.jpg"},"modified":"2015-03-20T07:04:24","modified_gmt":"2015-03-20T06:04:24","slug":"aksion-humanitar-bereqetit-familja-islami-mille","status":"inherit","type":"attachment","link":"https:\/\/www.visit-ulcinj.com\/blog\/2015\/03\/20\/aksion-humanitar-i-bereqetit-ne-rinovimin-e-shtepis-familjes-islami-mille\/aksion-humanitar-bereqetit-familja-islami-mille\/","title":{"rendered":"Aksion-humanitar-Bereqetit-familja-Islami-Mille-"},"author":1,"comment_status":"closed","ping_status":"closed","template":"","meta":{"spay_email":""},"yoast_head":"<!-- This site is optimized with the Yoast SEO plugin v19.1 - https:\/\/yoast.com\/wordpress\/plugins\/seo\/ -->\n<title>Aksion-humanitar-Bereqetit-familja-Islami-Mille- Lajme nga Ulqini<\/title>\n<meta name=\"robots\" content=\"index, follow, max-snippet:-1, max-image-preview:large, max-video-preview:-1\" \/>\n<link rel=\"canonical\" href=\"https:\/\/www.visit-ulcinj.com\/blog\/wp-content\/uploads\/2015\/03\/Aksion-humanitar-Bereqetit-familja-Islami-Mille-.jpg\" \/>\n<meta property=\"og:locale\" content=\"en_US\" \/>\n<meta property=\"og:type\" content=\"article\" \/>\n<meta property=\"og:title\" content=\"Aksion-humanitar-Bereqetit-familja-Islami-Mille- Lajme nga Ulqini\" \/>\n<meta property=\"og:url\" content=\"https:\/\/www.visit-ulcinj.com\/blog\/wp-content\/uploads\/2015\/03\/Aksion-humanitar-Bereqetit-familja-Islami-Mille-.jpg\" \/>\n<meta property=\"og:site_name\" content=\"Lajme nga Ulqini\" \/>\n<meta property=\"og:image\" content=\"https:\/\/www.visit-ulcinj.com\/blog\/wp-content\/uploads\/2015\/03\/Aksion-humanitar-Bereqetit-familja-Islami-Mille-.jpg\" \/>\n\t<meta property=\"og:image:width\" content=\"640\" \/>\n\t<meta property=\"og:image:height\" content=\"480\" \/>\n\t<meta property=\"og:image:type\" content=\"image\/jpeg\" \/>\n<script type=\"application\/ld+json\" class=\"yoast-schema-graph\">{\"@context\":\"https:\/\/schema.org\",\"@graph\":[{\"@type\":\"WebSite\",\"@id\":\"https:\/\/www.visit-ulcinj.com\/blog\/#website\",\"url\":\"https:\/\/www.visit-ulcinj.com\/blog\/\",\"name\":\"Lajme nga Ulqini\",\"description\":\"Lajme,Vijesti,Ulqini,Ulqin,Crna Gora,Mali i Zi\",\"potentialAction\":[{\"@type\":\"SearchAction\",\"target\":{\"@type\":\"EntryPoint\",\"urlTemplate\":\"https:\/\/www.visit-ulcinj.com\/blog\/?s={search_term_string}\"},\"query-input\":\"required name=search_term_string\"}],\"inLanguage\":\"en-US\"},{\"@type\":\"WebPage\",\"@id\":\"https:\/\/www.visit-ulcinj.com\/blog\/wp-content\/uploads\/2015\/03\/Aksion-humanitar-Bereqetit-familja-Islami-Mille-.jpg#webpage\",\"url\":\"https:\/\/www.visit-ulcinj.com\/blog\/wp-content\/uploads\/2015\/03\/Aksion-humanitar-Bereqetit-familja-Islami-Mille-.jpg\",\"name\":\"Aksion-humanitar-Bereqetit-familja-Islami-Mille- Lajme nga Ulqini\",\"isPartOf\":{\"@id\":\"https:\/\/www.visit-ulcinj.com\/blog\/#website\"},\"datePublished\":\"2015-03-20T06:04:24+00:00\",\"dateModified\":\"2015-03-20T06:04:24+00:00\",\"breadcrumb\":{\"@id\":\"https:\/\/www.visit-ulcinj.com\/blog\/wp-content\/uploads\/2015\/03\/Aksion-humanitar-Bereqetit-familja-Islami-Mille-.jpg#breadcrumb\"},\"inLanguage\":\"en-US\",\"potentialAction\":[{\"@type\":\"ReadAction\",\"target\":[\"https:\/\/www.visit-ulcinj.com\/blog\/wp-content\/uploads\/2015\/03\/Aksion-humanitar-Bereqetit-familja-Islami-Mille-.jpg\"]}]},{\"@type\":\"BreadcrumbList\",\"@id\":\"https:\/\/www.visit-ulcinj.com\/blog\/wp-content\/uploads\/2015\/03\/Aksion-humanitar-Bereqetit-familja-Islami-Mille-.jpg#breadcrumb\",\"itemListElement\":[{\"@type\":\"ListItem\",\"position\":1,\"name\":\"Aksion humanitar i \u201cBereqetit\u201d n\u00eb rinovimin e sht\u00ebpis familjes Islami &#8211; Mill\u00eb\",\"item\":\"https:\/\/www.visit-ulcinj.com\/blog\/2015\/03\/20\/aksion-humanitar-i-bereqetit-ne-rinovimin-e-shtepis-familjes-islami-mille\/\"},{\"@type\":\"ListItem\",\"position\":2,\"name\":\"Aksion-humanitar-Bereqetit-familja-Islami-Mille-\"}]}]}<\/script>\n<!-- \/ Yoast SEO plugin. -->","yoast_head_json":{"title":"Aksion-humanitar-Bereqetit-familja-Islami-Mille- Lajme nga Ulqini","robots":{"index":"index","follow":"follow","max-snippet":"max-snippet:-1","max-image-preview":"max-image-preview:large","max-video-preview":"max-video-preview:-1"},"canonical":"https:\/\/www.visit-ulcinj.com\/blog\/wp-content\/uploads\/2015\/03\/Aksion-humanitar-Bereqetit-familja-Islami-Mille-.jpg","og_locale":"en_US","og_type":"article","og_title":"Aksion-humanitar-Bereqetit-familja-Islami-Mille- Lajme nga Ulqini","og_url":"https:\/\/www.visit-ulcinj.com\/blog\/wp-content\/uploads\/2015\/03\/Aksion-humanitar-Bereqetit-familja-Islami-Mille-.jpg","og_site_name":"Lajme nga Ulqini","og_image":[{"width":640,"height":480,"url":"https:\/\/www.visit-ulcinj.com\/blog\/wp-content\/uploads\/2015\/03\/Aksion-humanitar-Bereqetit-familja-Islami-Mille-.jpg","type":"image\/jpeg"}],"schema":{"@context":"https:\/\/schema.org","@graph":[{"@type":"WebSite","@id":"https:\/\/www.visit-ulcinj.com\/blog\/#website","url":"https:\/\/www.visit-ulcinj.com\/blog\/","name":"Lajme nga Ulqini","description":"Lajme,Vijesti,Ulqini,Ulqin,Crna Gora,Mali i Zi","potentialAction":[{"@type":"SearchAction","target":{"@type":"EntryPoint","urlTemplate":"https:\/\/www.visit-ulcinj.com\/blog\/?s={search_term_string}"},"query-input":"required name=search_term_string"}],"inLanguage":"en-US"},{"@type":"WebPage","@id":"https:\/\/www.visit-ulcinj.com\/blog\/wp-content\/uploads\/2015\/03\/Aksion-humanitar-Bereqetit-familja-Islami-Mille-.jpg#webpage","url":"https:\/\/www.visit-ulcinj.com\/blog\/wp-content\/uploads\/2015\/03\/Aksion-humanitar-Bereqetit-familja-Islami-Mille-.jpg","name":"Aksion-humanitar-Bereqetit-familja-Islami-Mille- Lajme nga Ulqini","isPartOf":{"@id":"https:\/\/www.visit-ulcinj.com\/blog\/#website"},"datePublished":"2015-03-20T06:04:24+00:00","dateModified":"2015-03-20T06:04:24+00:00","breadcrumb":{"@id":"https:\/\/www.visit-ulcinj.com\/blog\/wp-content\/uploads\/2015\/03\/Aksion-humanitar-Bereqetit-familja-Islami-Mille-.jpg#breadcrumb"},"inLanguage":"en-US","potentialAction":[{"@type":"ReadAction","target":["https:\/\/www.visit-ulcinj.com\/blog\/wp-content\/uploads\/2015\/03\/Aksion-humanitar-Bereqetit-familja-Islami-Mille-.jpg"]}]},{"@type":"BreadcrumbList","@id":"https:\/\/www.visit-ulcinj.com\/blog\/wp-content\/uploads\/2015\/03\/Aksion-humanitar-Bereqetit-familja-Islami-Mille-.jpg#breadcrumb","itemListElement":[{"@type":"ListItem","position":1,"name":"Aksion humanitar i \u201cBereqetit\u201d n\u00eb rinovimin e sht\u00ebpis familjes Islami &#8211; Mill\u00eb","item":"https:\/\/www.visit-ulcinj.com\/blog\/2015\/03\/20\/aksion-humanitar-i-bereqetit-ne-rinovimin-e-shtepis-familjes-islami-mille\/"},{"@type":"ListItem","position":2,"name":"Aksion-humanitar-Bereqetit-familja-Islami-Mille-"}]}]}},"jetpack_sharing_enabled":true,"jetpack_shortlink":"https:\/\/wp.me\/ae6lTn-nhd","description":{"rendered":"<p class=\"attachment\"><a href='https:\/\/www.visit-ulcinj.com\/blog\/wp-content\/uploads\/2015\/03\/Aksion-humanitar-Bereqetit-familja-Islami-Mille-.jpg'><img width=\"300\" height=\"225\" src=\"https:\/\/www.visit-ulcinj.com\/blog\/wp-content\/uploads\/2015\/03\/Aksion-humanitar-Bereqetit-familja-Islami-Mille--300x225.jpg\" class=\"attachment-medium size-medium\" alt=\"\" loading=\"lazy\" srcset=\"https:\/\/www.visit-ulcinj.com\/blog\/wp-content\/uploads\/2015\/03\/Aksion-humanitar-Bereqetit-familja-Islami-Mille--300x225.jpg 300w, https:\/\/www.visit-ulcinj.com\/blog\/wp-content\/uploads\/2015\/03\/Aksion-humanitar-Bereqetit-familja-Islami-Mille-.jpg 640w\" sizes=\"(max-width: 300px) 100vw, 300px\" \/><\/a><\/p>\n"},"caption":{"rendered":""},"alt_text":"","media_type":"image","mime_type":"image\/jpeg","media_details":{"width":640,"height":480,"file":"2015\/03\/Aksion-humanitar-Bereqetit-familja-Islami-Mille-.jpg","sizes":{"thumbnail":{"file":"Aksion-humanitar-Bereqetit-familja-Islami-Mille--150x150.jpg","width":150,"height":150,"mime_type":"image\/jpeg","source_url":"https:\/\/www.visit-ulcinj.com\/blog\/wp-content\/uploads\/2015\/03\/Aksion-humanitar-Bereqetit-familja-Islami-Mille--150x150.jpg"},"medium":{"file":"Aksion-humanitar-Bereqetit-familja-Islami-Mille--300x225.jpg","width":300,"height":225,"mime_type":"image\/jpeg","source_url":"https:\/\/www.visit-ulcinj.com\/blog\/wp-content\/uploads\/2015\/03\/Aksion-humanitar-Bereqetit-familja-Islami-Mille--300x225.jpg"},"full":{"file":"Aksion-humanitar-Bereqetit-familja-Islami-Mille-.jpg","width":640,"height":480,"mime_type":"image\/jpeg","source_url":"https:\/\/www.visit-ulcinj.com\/blog\/wp-content\/uploads\/2015\/03\/Aksion-humanitar-Bereqetit-familja-Islami-Mille-.jpg"}},"image_meta":{"aperture":0,"credit":"","camera":"","caption":"","created_timestamp":0,"copyright":"","focal_length":0,"iso":0,"shutter_speed":0,"title":"","orientation":0}},"post":89476,"source_url":"https:\/\/www.visit-ulcinj.com\/blog\/wp-content\/uploads\/2015\/03\/Aksion-humanitar-Bereqetit-familja-Islami-Mille-.jpg","_links":{"self":[{"href":"https:\/\/www.visit-ulcinj.com\/blog\/wp-json\/wp\/v2\/media\/89479"}],"collection":[{"href":"https:\/\/www.visit-ulcinj.com\/blog\/wp-json\/wp\/v2\/media"}],"about":[{"href":"https:\/\/www.visit-ulcinj.com\/blog\/wp-json\/wp\/v2\/types\/attachment"}],"author":[{"embeddable":true,"href":"https:\/\/www.visit-ulcinj.com\/blog\/wp-json\/wp\/v2\/users\/1"}],"replies":[{"embeddable":true,"href":"https:\/\/www.visit-ulcinj.com\/blog\/wp-json\/wp\/v2\/comments?post=89479"}]}}

<!-- This site is optimized with the Yoast SEO plugin v19.1 - https://yoast.com/wordpress/plugins/seo/ -->
<title>Aksion-humanitar-Bereqetit-familja-Islami-Mille- Lajme nga Ulqini</title>
<meta name="robots" content="index, follow, max-snippet:-1, max-image-preview:large, max-video-preview:-1" />
<link rel="canonical" href="https://www.visit-ulcinj.com/blog/wp-content/uploads/2015/03/Aksion-humanitar-Bereqetit-familja-Islami-Mille-.jpg" />
<meta property="og:locale" content="en_US" />
<meta property="og:type" content="article" />
<meta property="og:title" content="Aksion-humanitar-Bereqetit-familja-Islami-Mille- Lajme nga Ulqini" />
<meta property="og:url" content="https://www.visit-ulcinj.com/blog/wp-content/uploads/2015/03/Aksion-humanitar-Bereqetit-familja-Islami-Mille-.jpg" />
<meta property="og:site_name" content="Lajme nga Ulqini" />
<meta property="og:image" content="https://www.visit-ulcinj.com/blog/wp-content/uploads/2015/03/Aksion-humanitar-Bereqetit-familja-Islami-Mille-.jpg" />
	<meta property="og:image:width" content="640" />
	<meta property="og:image:height" content="480" />
	<meta property="og:image:type" content="image/jpeg" />
<script type="application/ld+json" class="yoast-schema-graph">{"@context":"https://schema.org","@graph":[{"@type":"WebSite","@id":"https://www.visit-ulcinj.com/blog/#website","url":"https://www.visit-ulcinj.com/blog/","name":"Lajme nga Ulqini","description":"Lajme,Vijesti,Ulqini,Ulqin,Crna Gora,Mali i Zi","potentialAction":[{"@type":"SearchAction","target":{"@type":"EntryPoint","urlTemplate":"https://www.visit-ulcinj.com/blog/?s={search_term_string}"},"query-input":"required name=search_term_string"}],"inLanguage":"en-US"},{"@type":"WebPage","@id":"https://www.visit-ulcinj.com/blog/wp-content/uploads/2015/03/Aksion-humanitar-Bereqetit-familja-Islami-Mille-.jpg#webpage","url":"https://www.visit-ulcinj.com/blog/wp-content/uploads/2015/03/Aksion-humanitar-Bereqetit-familja-Islami-Mille-.jpg","name":"Aksion-humanitar-Bereqetit-familja-Islami-Mille- Lajme nga Ulqini","isPartOf":{"@id":"https://www.visit-ulcinj.com/blog/#website"},"datePublished":"2015-03-20T06:04:24+00:00","dateModified":"2015-03-20T06:04:24+00:00","breadcrumb":{"@id":"https://www.visit-ulcinj.com/blog/wp-content/uploads/2015/03/Aksion-humanitar-Bereqetit-familja-Islami-Mille-.jpg#breadcrumb"},"inLanguage":"en-US","potentialAction":[{"@type":"ReadAction","target":["https://www.visit-ulcinj.com/blog/wp-content/uploads/2015/03/Aksion-humanitar-Bereqetit-familja-Islami-Mille-.jpg"]}]},{"@type":"BreadcrumbList","@id":"https://www.visit-ulcinj.com/blog/wp-content/uploads/2015/03/Aksion-humanitar-Bereqetit-familja-Islami-Mille-.jpg#breadcrumb","itemListElement":[{"@type":"ListItem","position":1,"name":"Aksion humanitar i “Bereqetit” në rinovimin e shtëpis familjes Islami &#8211; Millë","item":"https://www.visit-ulcinj.com/blog/2015/03/20/aksion-humanitar-i-bereqetit-ne-rinovimin-e-shtepis-familjes-islami-mille/"},{"@type":"ListItem","position":2,"name":"Aksion-humanitar-Bereqetit-familja-Islami-Mille-"}]}]}</script>
<!-- / Yoast SEO plugin. -->

Aksion humanitar i “Bereqetit” në rinovimin e shtëpis familjes Islami &#8211; Millë
